{"id":9548,"date":"2024-09-09T14:43:40","date_gmt":"2024-09-09T18:43:40","guid":{"rendered":"https:\/\/www.teleclub.com.py\/?post_type=product&#038;p=9548"},"modified":"2025-10-20T14:32:32","modified_gmt":"2025-10-20T17:32:32","slug":"mixer-philips-hr2531-50-400w-1vturbo-c-vaso","status":"publish","type":"product","link":"https:\/\/www.teleclub.com.py\/index.php\/product\/mixer-philips-hr2531-50-400w-1vturbo-c-vaso\/","title":{"rendered":"MIXER PHILIPS HR2531\/50 400W 1V+TURBO C\/VASO"},"content":{"rendered":"","protected":false},"excerpt":{"rendered":"<ul>\n<li><span style=\"font-family: Arial\">Protector de hoja antisalpicaduras: La forma ondulada especial en la parte inferior de la varilla mezcladora de la licuadora manual garantiza que no habr\u00e1 salpicaduras ni derrames mientras lic\u00faa.<\/span><\/li>\n<li><span style=\"font-family: Arial\">Dise\u00f1o ergon\u00f3mico: El dise\u00f1o resistente y ergon\u00f3mico ofrece comodidad y facilidad de uso para los consumidores.<\/span><\/li>\n<li><span style=\"font-family: Arial\">Sistema de liberaci\u00f3n con un solo bot\u00f3n: Acople y desacople accesorios f\u00e1cilmente para diversas funciones con solo presionar un bot\u00f3n.<\/span><\/li>\n<\/ul>\n","protected":false},"featured_media":9549,"template":"","meta":{"om_disable_all_campaigns":false},"product_cat":[374],"product_tag":[],"class_list":{"0":"post-9548","1":"product","2":"type-product","3":"status-publish","4":"has-post-thumbnail","6":"product_cat-electrodomesticos-2","8":"first","9":"outofstock","10":"shipping-taxable","11":"purchasable","12":"product-type-simple"},"yoast_head":"<!-- This site is optimized with the Yoast SEO plugin v23.6 - https:\/\/yoast.com\/wordpress\/plugins\/seo\/ -->\n<title>MIXER PHILIPS HR2531\/50 400W 1V+TURBO C\/VASO - Teleclub<\/title>\n<meta name=\"robots\" content=\"index, follow, max-snippet:-1, max-image-preview:large, max-video-preview:-1\" \/>\n<link rel=\"canonical\" href=\"https:\/\/www.teleclub.com.py\/index.php\/product\/mixer-philips-hr2531-50-400w-1vturbo-c-vaso\/\" \/>\n<meta property=\"og:locale\" content=\"es_ES\" \/>\n<meta property=\"og:type\" content=\"article\" \/>\n<meta property=\"og:title\" content=\"MIXER PHILIPS HR2531\/50 400W 1V+TURBO C\/VASO - Teleclub\" \/>\n<meta property=\"og:description\" content=\"Protector de hoja antisalpicaduras: La forma ondulada especial en la parte inferior de la varilla mezcladora de la licuadora manual garantiza que no habr\u00e1 salpicaduras ni derrames mientras lic\u00faa.  Dise\u00f1o ergon\u00f3mico: El dise\u00f1o resistente y ergon\u00f3mico ofrece comodidad y facilidad de uso para los consumidores.  Sistema de liberaci\u00f3n con un solo bot\u00f3n: Acople y desacople accesorios f\u00e1cilmente para diversas funciones con solo presionar un bot\u00f3n.\" \/>\n<meta property=\"og:url\" content=\"https:\/\/www.teleclub.com.py\/index.php\/product\/mixer-philips-hr2531-50-400w-1vturbo-c-vaso\/\" \/>\n<meta property=\"og:site_name\" content=\"Teleclub\" \/>\n<meta property=\"article:publisher\" content=\"https:\/\/www.facebook.com\/teleclubpy\" \/>\n<meta property=\"article:modified_time\" content=\"2025-10-20T17:32:32+00:00\" \/>\n<meta property=\"og:image\" content=\"https:\/\/www.teleclub.com.py\/wp-content\/uploads\/2024\/09\/a-234.png\" \/>\n\t<meta property=\"og:image:width\" content=\"500\" \/>\n\t<meta property=\"og:image:height\" content=\"500\" \/>\n\t<meta property=\"og:image:type\" content=\"image\/png\" \/>\n<meta name=\"twitter:card\" content=\"summary_large_image\" \/>\n<script type=\"application\/ld+json\" class=\"yoast-schema-graph\">{\"@context\":\"https:\/\/schema.org\",\"@graph\":[{\"@type\":\"WebPage\",\"@id\":\"https:\/\/www.teleclub.com.py\/index.php\/product\/mixer-philips-hr2531-50-400w-1vturbo-c-vaso\/\",\"url\":\"https:\/\/www.teleclub.com.py\/index.php\/product\/mixer-philips-hr2531-50-400w-1vturbo-c-vaso\/\",\"name\":\"MIXER PHILIPS HR2531\/50 400W 1V+TURBO C\/VASO - Teleclub\",\"isPartOf\":{\"@id\":\"https:\/\/www.teleclub.com.py\/#website\"},\"primaryImageOfPage\":{\"@id\":\"https:\/\/www.teleclub.com.py\/index.php\/product\/mixer-philips-hr2531-50-400w-1vturbo-c-vaso\/#primaryimage\"},\"image\":{\"@id\":\"https:\/\/www.teleclub.com.py\/index.php\/product\/mixer-philips-hr2531-50-400w-1vturbo-c-vaso\/#primaryimage\"},\"thumbnailUrl\":\"https:\/\/www.teleclub.com.py\/wp-content\/uploads\/2024\/09\/a-234.png\",\"datePublished\":\"2024-09-09T18:43:40+00:00\",\"dateModified\":\"2025-10-20T17:32:32+00:00\",\"breadcrumb\":{\"@id\":\"https:\/\/www.teleclub.com.py\/index.php\/product\/mixer-philips-hr2531-50-400w-1vturbo-c-vaso\/#breadcrumb\"},\"inLanguage\":\"es\",\"potentialAction\":[{\"@type\":\"ReadAction\",\"target\":[\"https:\/\/www.teleclub.com.py\/index.php\/product\/mixer-philips-hr2531-50-400w-1vturbo-c-vaso\/\"]}]},{\"@type\":\"ImageObject\",\"inLanguage\":\"es\",\"@id\":\"https:\/\/www.teleclub.com.py\/index.php\/product\/mixer-philips-hr2531-50-400w-1vturbo-c-vaso\/#primaryimage\",\"url\":\"https:\/\/www.teleclub.com.py\/wp-content\/uploads\/2024\/09\/a-234.png\",\"contentUrl\":\"https:\/\/www.teleclub.com.py\/wp-content\/uploads\/2024\/09\/a-234.png\",\"width\":500,\"height\":500},{\"@type\":\"BreadcrumbList\",\"@id\":\"https:\/\/www.teleclub.com.py\/index.php\/product\/mixer-philips-hr2531-50-400w-1vturbo-c-vaso\/#breadcrumb\",\"itemListElement\":[{\"@type\":\"ListItem\",\"position\":1,\"name\":\"Portada\",\"item\":\"https:\/\/www.teleclub.com.py\/\"},{\"@type\":\"ListItem\",\"position\":2,\"name\":\"Shop\",\"item\":\"https:\/\/www.teleclub.com.py\/index.php\/shop-2\/\"},{\"@type\":\"ListItem\",\"position\":3,\"name\":\"MIXER PHILIPS HR2531\/50 400W 1V+TURBO C\/VASO\"}]},{\"@type\":\"WebSite\",\"@id\":\"https:\/\/www.teleclub.com.py\/#website\",\"url\":\"https:\/\/www.teleclub.com.py\/\",\"name\":\"Teleclub\",\"description\":\"Tu tienda online\",\"publisher\":{\"@id\":\"https:\/\/www.teleclub.com.py\/#organization\"},\"potentialAction\":[{\"@type\":\"SearchAction\",\"target\":{\"@type\":\"EntryPoint\",\"urlTemplate\":\"https:\/\/www.teleclub.com.py\/?s={search_term_string}\"},\"query-input\":{\"@type\":\"PropertyValueSpecification\",\"valueRequired\":true,\"valueName\":\"search_term_string\"}}],\"inLanguage\":\"es\"},{\"@type\":\"Organization\",\"@id\":\"https:\/\/www.teleclub.com.py\/#organization\",\"name\":\"Teleclub\",\"url\":\"https:\/\/www.teleclub.com.py\/\",\"logo\":{\"@type\":\"ImageObject\",\"inLanguage\":\"es\",\"@id\":\"https:\/\/www.teleclub.com.py\/#\/schema\/logo\/image\/\",\"url\":\"https:\/\/www.teleclub.com.py\/wp-content\/uploads\/2024\/09\/1611317346760_TeleClub_logo_FondoBlanco-2.jpg\",\"contentUrl\":\"https:\/\/www.teleclub.com.py\/wp-content\/uploads\/2024\/09\/1611317346760_TeleClub_logo_FondoBlanco-2.jpg\",\"width\":1600,\"height\":1600,\"caption\":\"Teleclub\"},\"image\":{\"@id\":\"https:\/\/www.teleclub.com.py\/#\/schema\/logo\/image\/\"},\"sameAs\":[\"https:\/\/www.facebook.com\/teleclubpy\",\"https:\/\/www.instagram.com\/teleclubpy\"]}]}<\/script>\n<!-- \/ Yoast SEO plugin. -->","yoast_head_json":{"title":"MIXER PHILIPS HR2531\/50 400W 1V+TURBO C\/VASO - Teleclub","robots":{"index":"index","follow":"follow","max-snippet":"max-snippet:-1","max-image-preview":"max-image-preview:large","max-video-preview":"max-video-preview:-1"},"canonical":"https:\/\/www.teleclub.com.py\/index.php\/product\/mixer-philips-hr2531-50-400w-1vturbo-c-vaso\/","og_locale":"es_ES","og_type":"article","og_title":"MIXER PHILIPS HR2531\/50 400W 1V+TURBO C\/VASO - Teleclub","og_description":"Protector de hoja antisalpicaduras: La forma ondulada especial en la parte inferior de la varilla mezcladora de la licuadora manual garantiza que no habr\u00e1 salpicaduras ni derrames mientras lic\u00faa.  Dise\u00f1o ergon\u00f3mico: El dise\u00f1o resistente y ergon\u00f3mico ofrece comodidad y facilidad de uso para los consumidores.  Sistema de liberaci\u00f3n con un solo bot\u00f3n: Acople y desacople accesorios f\u00e1cilmente para diversas funciones con solo presionar un bot\u00f3n.","og_url":"https:\/\/www.teleclub.com.py\/index.php\/product\/mixer-philips-hr2531-50-400w-1vturbo-c-vaso\/","og_site_name":"Teleclub","article_publisher":"https:\/\/www.facebook.com\/teleclubpy","article_modified_time":"2025-10-20T17:32:32+00:00","og_image":[{"width":500,"height":500,"url":"https:\/\/www.teleclub.com.py\/wp-content\/uploads\/2024\/09\/a-234.png","type":"image\/png"}],"twitter_card":"summary_large_image","schema":{"@context":"https:\/\/schema.org","@graph":[{"@type":"WebPage","@id":"https:\/\/www.teleclub.com.py\/index.php\/product\/mixer-philips-hr2531-50-400w-1vturbo-c-vaso\/","url":"https:\/\/www.teleclub.com.py\/index.php\/product\/mixer-philips-hr2531-50-400w-1vturbo-c-vaso\/","name":"MIXER PHILIPS HR2531\/50 400W 1V+TURBO C\/VASO - Teleclub","isPartOf":{"@id":"https:\/\/www.teleclub.com.py\/#website"},"primaryImageOfPage":{"@id":"https:\/\/www.teleclub.com.py\/index.php\/product\/mixer-philips-hr2531-50-400w-1vturbo-c-vaso\/#primaryimage"},"image":{"@id":"https:\/\/www.teleclub.com.py\/index.php\/product\/mixer-philips-hr2531-50-400w-1vturbo-c-vaso\/#primaryimage"},"thumbnailUrl":"https:\/\/www.teleclub.com.py\/wp-content\/uploads\/2024\/09\/a-234.png","datePublished":"2024-09-09T18:43:40+00:00","dateModified":"2025-10-20T17:32:32+00:00","breadcrumb":{"@id":"https:\/\/www.teleclub.com.py\/index.php\/product\/mixer-philips-hr2531-50-400w-1vturbo-c-vaso\/#breadcrumb"},"inLanguage":"es","potentialAction":[{"@type":"ReadAction","target":["https:\/\/www.teleclub.com.py\/index.php\/product\/mixer-philips-hr2531-50-400w-1vturbo-c-vaso\/"]}]},{"@type":"ImageObject","inLanguage":"es","@id":"https:\/\/www.teleclub.com.py\/index.php\/product\/mixer-philips-hr2531-50-400w-1vturbo-c-vaso\/#primaryimage","url":"https:\/\/www.teleclub.com.py\/wp-content\/uploads\/2024\/09\/a-234.png","contentUrl":"https:\/\/www.teleclub.com.py\/wp-content\/uploads\/2024\/09\/a-234.png","width":500,"height":500},{"@type":"BreadcrumbList","@id":"https:\/\/www.teleclub.com.py\/index.php\/product\/mixer-philips-hr2531-50-400w-1vturbo-c-vaso\/#breadcrumb","itemListElement":[{"@type":"ListItem","position":1,"name":"Portada","item":"https:\/\/www.teleclub.com.py\/"},{"@type":"ListItem","position":2,"name":"Shop","item":"https:\/\/www.teleclub.com.py\/index.php\/shop-2\/"},{"@type":"ListItem","position":3,"name":"MIXER PHILIPS HR2531\/50 400W 1V+TURBO C\/VASO"}]},{"@type":"WebSite","@id":"https:\/\/www.teleclub.com.py\/#website","url":"https:\/\/www.teleclub.com.py\/","name":"Teleclub","description":"Tu tienda online","publisher":{"@id":"https:\/\/www.teleclub.com.py\/#organization"},"potentialAction":[{"@type":"SearchAction","target":{"@type":"EntryPoint","urlTemplate":"https:\/\/www.teleclub.com.py\/?s={search_term_string}"},"query-input":{"@type":"PropertyValueSpecification","valueRequired":true,"valueName":"search_term_string"}}],"inLanguage":"es"},{"@type":"Organization","@id":"https:\/\/www.teleclub.com.py\/#organization","name":"Teleclub","url":"https:\/\/www.teleclub.com.py\/","logo":{"@type":"ImageObject","inLanguage":"es","@id":"https:\/\/www.teleclub.com.py\/#\/schema\/logo\/image\/","url":"https:\/\/www.teleclub.com.py\/wp-content\/uploads\/2024\/09\/1611317346760_TeleClub_logo_FondoBlanco-2.jpg","contentUrl":"https:\/\/www.teleclub.com.py\/wp-content\/uploads\/2024\/09\/1611317346760_TeleClub_logo_FondoBlanco-2.jpg","width":1600,"height":1600,"caption":"Teleclub"},"image":{"@id":"https:\/\/www.teleclub.com.py\/#\/schema\/logo\/image\/"},"sameAs":["https:\/\/www.facebook.com\/teleclubpy","https:\/\/www.instagram.com\/teleclubpy"]}]}},"_links":{"self":[{"href":"https:\/\/www.teleclub.com.py\/index.php\/wp-json\/wp\/v2\/product\/9548","targetHints":{"allow":["GET"]}}],"collection":[{"href":"https:\/\/www.teleclub.com.py\/index.php\/wp-json\/wp\/v2\/product"}],"about":[{"href":"https:\/\/www.teleclub.com.py\/index.php\/wp-json\/wp\/v2\/types\/product"}],"wp:featuredmedia":[{"embeddable":true,"href":"https:\/\/www.teleclub.com.py\/index.php\/wp-json\/wp\/v2\/media\/9549"}],"wp:attachment":[{"href":"https:\/\/www.teleclub.com.py\/index.php\/wp-json\/wp\/v2\/media?parent=9548"}],"wp:term":[{"taxonomy":"product_cat","embeddable":true,"href":"https:\/\/www.teleclub.com.py\/index.php\/wp-json\/wp\/v2\/product_cat?post=9548"},{"taxonomy":"product_tag","embeddable":true,"href":"https:\/\/www.teleclub.com.py\/index.php\/wp-json\/wp\/v2\/product_tag?post=9548"}],"curies":[{"name":"wp","href":"https:\/\/api.w.org\/{rel}","templated":true}]}}