{"id":9422,"date":"2024-09-08T09:03:01","date_gmt":"2024-09-08T13:03:01","guid":{"rendered":"https:\/\/www.teleclub.com.py\/?post_type=product&#038;p=9422"},"modified":"2025-10-20T13:54:41","modified_gmt":"2025-10-20T16:54:41","slug":"alisador-philips-serie-5000-bhs530-00","status":"publish","type":"product","link":"https:\/\/www.teleclub.com.py\/index.php\/product\/alisador-philips-serie-5000-bhs530-00\/","title":{"rendered":"ALISADOR PHILIPS SERIE 5000"},"content":{"rendered":"<p data-start=\"111\" data-end=\"264\"><strong>ALISADOR PHILIPS SERIE 5000 BHS530\/00 BHS520\/00 BHS515\/00<\/strong><\/p>\n<p data-start=\"111\" data-end=\"264\"><span class=\"relative -mx-px my-[-0.2rem] rounded px-px py-[0.2rem] transition-colors duration-100 ease-in-out\">El <strong data-start=\"3\" data-end=\"34\">Alisador Philips Serie\u202f5000<\/strong> ofrece resultados de sal\u00f3n en casa con m\u00e1xima protecci\u00f3n gracias a su tecnolog\u00eda <strong data-start=\"116\" data-end=\"132\">ThermoShield<\/strong>, que regula autom\u00e1ticamente entre 120\u202f\u00b0C y 230\u202f\u00b0C para proteger tu cabello desde la ra\u00edz hasta las puntas<\/span>. <span class=\"relative -mx-px my-[-0.2rem] rounded px-px py-[0.2rem] transition-colors duration-100 ease-in-out\">Sus placas <strong data-start=\"11\" data-end=\"55\">cer\u00e1micas infundidas con aceite de arg\u00e1n<\/strong>, flotantes y de <strong data-start=\"72\" data-end=\"82\">105\u202fmm<\/strong>, permiten deslizarse con suavidad, logrando hasta un <strong data-start=\"136\" data-end=\"155\">50\u202f% m\u00e1s r\u00e1pido<\/strong> en cada pasada.<\/span><\/p>\n<p data-start=\"266\" data-end=\"581\"><span class=\"relative -mx-px my-[-0.2rem] rounded px-px py-[0.2rem] transition-colors duration-100 ease-in-out\">Incorpora <strong data-start=\"10\" data-end=\"34\">sistema i\u00f3nico doble<\/strong> que combate el encrespado y aporta brillo, emitiendo millones de iones negativos durante el peinado<\/span>. <span class=\"relative -mx-px my-[-0.2rem] rounded px-px py-[0.2rem] transition-colors duration-100 ease-in-out\">El panel cuenta con <strong data-start=\"20\" data-end=\"59\">rueda de temperatura y pantalla LED<\/strong>, ofrecen control preciso, visi\u00f3n r\u00e1pida del nivel y selecci\u00f3n entre <strong data-start=\"128\" data-end=\"147\" data-is-last-node=\"\">12 temperaturas<\/strong><\/span>. <span class=\"relative -mx-px my-[-0.2rem] rounded px-px py-[0.2rem] transition-colors duration-100 ease-in-out\">En solo <strong data-start=\"8\" data-end=\"23\">30\u202fsegundos<\/strong>, alcanza la temperatura deseada, e incluye punta fr\u00eda, apagado autom\u00e1tico a los 30\u202fmin, cable giratorio de 1,8\u202fm y gancho para colgar<\/span> . <span class=\"relative -mx-px my-[-0.2rem] rounded px-px py-[0.2rem] transition-colors duration-100 ease-in-out\">Adem\u00e1s, trae <strong data-start=\"13\" data-end=\"44\">alfombra t\u00e9rmica enrollable<\/strong> para proteger superficies en casa o viajes.<\/span><\/p>\n","protected":false},"excerpt":{"rendered":"<ul>\n<li data-start=\"713\" data-end=\"796\">\n<p data-start=\"715\" data-end=\"796\"><span class=\"relative -mx-px my-[-0.2rem] rounded px-px py-[0.2rem] transition-colors duration-100 ease-in-out\"><strong data-start=\"0\" data-end=\"10\" data-is-only-node=\"\">Modelo<\/strong>: Serie\u202f5000 (BHS515\/520\/530)<\/span><\/p>\n<\/li>\n<li data-start=\"797\" data-end=\"880\">\n<p data-start=\"799\" data-end=\"880\"><span class=\"relative -mx-px my-[-0.2rem] rounded px-px py-[0.2rem] transition-colors duration-100 ease-in-out\"><strong data-start=\"0\" data-end=\"14\" data-is-only-node=\"\">Tecnolog\u00eda<\/strong>: ThermoShield para calor uniforme<\/span><\/p>\n<\/li>\n<li data-start=\"881\" data-end=\"964\">\n<p data-start=\"883\" data-end=\"964\"><span class=\"relative -mx-px my-[-0.2rem] rounded px-px py-[0.2rem] transition-colors duration-100 ease-in-out\"><strong data-start=\"0\" data-end=\"10\" data-is-only-node=\"\">Placas<\/strong>: Cer\u00e1mica con arg\u00e1n, flotantes, 25\u00d7105\u202fmm<\/span><\/p>\n<\/li>\n<li data-start=\"965\" data-end=\"1048\">\n<p data-start=\"967\" data-end=\"1048\"><span class=\"relative -mx-px my-[-0.2rem] rounded px-px py-[0.2rem] transition-colors duration-100 ease-in-out\"><strong data-start=\"0\" data-end=\"16\" data-is-only-node=\"\">Temperaturas<\/strong>: 12 niveles de 120\u202f\u00b0C\u2013230\u202f\u00b0C, con rueda y LED<\/span><\/p>\n<\/li>\n<li data-start=\"1049\" data-end=\"1132\">\n<p data-start=\"1051\" data-end=\"1132\"><span class=\"relative -mx-px my-[-0.2rem] rounded px-px py-[0.2rem] transition-colors duration-100 ease-in-out\"><strong data-start=\"0\" data-end=\"21\" data-is-only-node=\"\">Tecnolog\u00eda i\u00f3nica<\/strong>: 2\u00d7 nivel ionizaci\u00f3n anti-frizz<\/span><\/p>\n<\/li>\n<li data-start=\"1133\" data-end=\"1216\">\n<p data-start=\"1135\" data-end=\"1216\"><span class=\"relative -mx-px my-[-0.2rem] rounded px-px py-[0.2rem] transition-colors duration-100 ease-in-out\"><strong data-start=\"0\" data-end=\"17\" data-is-only-node=\"\">Calentamiento<\/strong>: r\u00e1pido en 30\u202fs<\/span><\/p>\n<\/li>\n<li data-start=\"1217\" data-end=\"1300\">\n<p data-start=\"1219\" data-end=\"1300\"><span class=\"relative -mx-px my-[-0.2rem] rounded px-px py-[0.2rem] transition-colors duration-100 ease-in-out\"><strong data-start=\"0\" data-end=\"22\" data-is-only-node=\"\">Apagado autom\u00e1tico<\/strong>: tras 30\u202fmin<\/span><\/p>\n<\/li>\n<li data-start=\"1301\" data-end=\"1384\">\n<p data-start=\"1303\" data-end=\"1384\"><span class=\"relative -mx-px my-[-0.2rem] rounded px-px py-[0.2rem] transition-colors duration-100 ease-in-out\"><strong data-start=\"0\" data-end=\"10\" data-is-only-node=\"\">Extras<\/strong>: punta fr\u00eda, gancho, cable giratorio (1,8\u202fm), alfombra t\u00e9rmica enrollable<\/span><\/p>\n<\/li>\n<li data-start=\"1385\" data-end=\"1468\">\n<p data-start=\"1387\" data-end=\"1468\"><span class=\"relative -mx-px my-[-0.2rem] rounded px-px py-[0.2rem] transition-colors duration-100 ease-in-out\"><strong data-start=\"0\" data-end=\"11\" data-is-only-node=\"\">Voltaje<\/strong>: 110\u2013240\u202fV (uso global)<\/span><\/p>\n<\/li>\n<\/ul>\n","protected":false},"featured_media":9423,"template":"","meta":{"om_disable_all_campaigns":false},"product_cat":[366],"product_tag":[],"class_list":{"0":"post-9422","1":"product","2":"type-product","3":"status-publish","4":"has-post-thumbnail","6":"product_cat-planchitas-belleza-y-salud","8":"first","9":"instock","10":"shipping-taxable","11":"purchasable","12":"product-type-simple"},"yoast_head":"<!-- This site is optimized with the Yoast SEO plugin v23.6 - https:\/\/yoast.com\/wordpress\/plugins\/seo\/ -->\n<title>ALISADOR PHILIPS SERIE 5000 - Teleclub<\/title>\n<meta name=\"description\" content=\"Philips Serie\u202f5000 alisador con ThermoShield, placas infundidas con arg\u00e1n de 105\u202fmm, doble i\u00f3nico, ajuste 120\u2013230\u202f\u00b0C y control LED.\" \/>\n<meta name=\"robots\" content=\"index, follow, max-snippet:-1, max-image-preview:large, max-video-preview:-1\" \/>\n<link rel=\"canonical\" href=\"https:\/\/www.teleclub.com.py\/index.php\/product\/alisador-philips-serie-5000-bhs530-00\/\" \/>\n<meta property=\"og:locale\" content=\"es_ES\" \/>\n<meta property=\"og:type\" content=\"article\" \/>\n<meta property=\"og:title\" content=\"ALISADOR PHILIPS SERIE 5000 - Teleclub\" \/>\n<meta property=\"og:description\" content=\"Philips Serie\u202f5000 alisador con ThermoShield, placas infundidas con arg\u00e1n de 105\u202fmm, doble i\u00f3nico, ajuste 120\u2013230\u202f\u00b0C y control LED.\" \/>\n<meta property=\"og:url\" content=\"https:\/\/www.teleclub.com.py\/index.php\/product\/alisador-philips-serie-5000-bhs530-00\/\" \/>\n<meta property=\"og:site_name\" content=\"Teleclub\" \/>\n<meta property=\"article:publisher\" content=\"https:\/\/www.facebook.com\/teleclubpy\" \/>\n<meta property=\"article:modified_time\" content=\"2025-10-20T16:54:41+00:00\" \/>\n<meta property=\"og:image\" content=\"https:\/\/www.teleclub.com.py\/wp-content\/uploads\/2024\/09\/a-169.png\" \/>\n\t<meta property=\"og:image:width\" content=\"800\" \/>\n\t<meta property=\"og:image:height\" content=\"800\" \/>\n\t<meta property=\"og:image:type\" content=\"image\/png\" \/>\n<meta name=\"twitter:card\" content=\"summary_large_image\" \/>\n<meta name=\"twitter:label1\" content=\"Tiempo de lectura\" \/>\n\t<meta name=\"twitter:data1\" content=\"1 minuto\" \/>\n<script type=\"application\/ld+json\" class=\"yoast-schema-graph\">{\"@context\":\"https:\/\/schema.org\",\"@graph\":[{\"@type\":\"WebPage\",\"@id\":\"https:\/\/www.teleclub.com.py\/index.php\/product\/alisador-philips-serie-5000-bhs530-00\/\",\"url\":\"https:\/\/www.teleclub.com.py\/index.php\/product\/alisador-philips-serie-5000-bhs530-00\/\",\"name\":\"ALISADOR PHILIPS SERIE 5000 - Teleclub\",\"isPartOf\":{\"@id\":\"https:\/\/www.teleclub.com.py\/#website\"},\"primaryImageOfPage\":{\"@id\":\"https:\/\/www.teleclub.com.py\/index.php\/product\/alisador-philips-serie-5000-bhs530-00\/#primaryimage\"},\"image\":{\"@id\":\"https:\/\/www.teleclub.com.py\/index.php\/product\/alisador-philips-serie-5000-bhs530-00\/#primaryimage\"},\"thumbnailUrl\":\"https:\/\/www.teleclub.com.py\/wp-content\/uploads\/2024\/09\/a-169.png\",\"datePublished\":\"2024-09-08T13:03:01+00:00\",\"dateModified\":\"2025-10-20T16:54:41+00:00\",\"description\":\"Philips Serie\u202f5000 alisador con ThermoShield, placas infundidas con arg\u00e1n de 105\u202fmm, doble i\u00f3nico, ajuste 120\u2013230\u202f\u00b0C y control LED.\",\"breadcrumb\":{\"@id\":\"https:\/\/www.teleclub.com.py\/index.php\/product\/alisador-philips-serie-5000-bhs530-00\/#breadcrumb\"},\"inLanguage\":\"es\",\"potentialAction\":[{\"@type\":\"ReadAction\",\"target\":[\"https:\/\/www.teleclub.com.py\/index.php\/product\/alisador-philips-serie-5000-bhs530-00\/\"]}]},{\"@type\":\"ImageObject\",\"inLanguage\":\"es\",\"@id\":\"https:\/\/www.teleclub.com.py\/index.php\/product\/alisador-philips-serie-5000-bhs530-00\/#primaryimage\",\"url\":\"https:\/\/www.teleclub.com.py\/wp-content\/uploads\/2024\/09\/a-169.png\",\"contentUrl\":\"https:\/\/www.teleclub.com.py\/wp-content\/uploads\/2024\/09\/a-169.png\",\"width\":800,\"height\":800},{\"@type\":\"BreadcrumbList\",\"@id\":\"https:\/\/www.teleclub.com.py\/index.php\/product\/alisador-philips-serie-5000-bhs530-00\/#breadcrumb\",\"itemListElement\":[{\"@type\":\"ListItem\",\"position\":1,\"name\":\"Portada\",\"item\":\"https:\/\/www.teleclub.com.py\/\"},{\"@type\":\"ListItem\",\"position\":2,\"name\":\"Shop\",\"item\":\"https:\/\/www.teleclub.com.py\/index.php\/shop-2\/\"},{\"@type\":\"ListItem\",\"position\":3,\"name\":\"ALISADOR PHILIPS SERIE 5000\"}]},{\"@type\":\"WebSite\",\"@id\":\"https:\/\/www.teleclub.com.py\/#website\",\"url\":\"https:\/\/www.teleclub.com.py\/\",\"name\":\"Teleclub\",\"description\":\"Tu tienda online\",\"publisher\":{\"@id\":\"https:\/\/www.teleclub.com.py\/#organization\"},\"potentialAction\":[{\"@type\":\"SearchAction\",\"target\":{\"@type\":\"EntryPoint\",\"urlTemplate\":\"https:\/\/www.teleclub.com.py\/?s={search_term_string}\"},\"query-input\":{\"@type\":\"PropertyValueSpecification\",\"valueRequired\":true,\"valueName\":\"search_term_string\"}}],\"inLanguage\":\"es\"},{\"@type\":\"Organization\",\"@id\":\"https:\/\/www.teleclub.com.py\/#organization\",\"name\":\"Teleclub\",\"url\":\"https:\/\/www.teleclub.com.py\/\",\"logo\":{\"@type\":\"ImageObject\",\"inLanguage\":\"es\",\"@id\":\"https:\/\/www.teleclub.com.py\/#\/schema\/logo\/image\/\",\"url\":\"https:\/\/www.teleclub.com.py\/wp-content\/uploads\/2024\/09\/1611317346760_TeleClub_logo_FondoBlanco-2.jpg\",\"contentUrl\":\"https:\/\/www.teleclub.com.py\/wp-content\/uploads\/2024\/09\/1611317346760_TeleClub_logo_FondoBlanco-2.jpg\",\"width\":1600,\"height\":1600,\"caption\":\"Teleclub\"},\"image\":{\"@id\":\"https:\/\/www.teleclub.com.py\/#\/schema\/logo\/image\/\"},\"sameAs\":[\"https:\/\/www.facebook.com\/teleclubpy\",\"https:\/\/www.instagram.com\/teleclubpy\"]}]}<\/script>\n<!-- \/ Yoast SEO plugin. -->","yoast_head_json":{"title":"ALISADOR PHILIPS SERIE 5000 - Teleclub","description":"Philips Serie\u202f5000 alisador con ThermoShield, placas infundidas con arg\u00e1n de 105\u202fmm, doble i\u00f3nico, ajuste 120\u2013230\u202f\u00b0C y control LED.","robots":{"index":"index","follow":"follow","max-snippet":"max-snippet:-1","max-image-preview":"max-image-preview:large","max-video-preview":"max-video-preview:-1"},"canonical":"https:\/\/www.teleclub.com.py\/index.php\/product\/alisador-philips-serie-5000-bhs530-00\/","og_locale":"es_ES","og_type":"article","og_title":"ALISADOR PHILIPS SERIE 5000 - Teleclub","og_description":"Philips Serie\u202f5000 alisador con ThermoShield, placas infundidas con arg\u00e1n de 105\u202fmm, doble i\u00f3nico, ajuste 120\u2013230\u202f\u00b0C y control LED.","og_url":"https:\/\/www.teleclub.com.py\/index.php\/product\/alisador-philips-serie-5000-bhs530-00\/","og_site_name":"Teleclub","article_publisher":"https:\/\/www.facebook.com\/teleclubpy","article_modified_time":"2025-10-20T16:54:41+00:00","og_image":[{"width":800,"height":800,"url":"https:\/\/www.teleclub.com.py\/wp-content\/uploads\/2024\/09\/a-169.png","type":"image\/png"}],"twitter_card":"summary_large_image","twitter_misc":{"Tiempo de lectura":"1 minuto"},"schema":{"@context":"https:\/\/schema.org","@graph":[{"@type":"WebPage","@id":"https:\/\/www.teleclub.com.py\/index.php\/product\/alisador-philips-serie-5000-bhs530-00\/","url":"https:\/\/www.teleclub.com.py\/index.php\/product\/alisador-philips-serie-5000-bhs530-00\/","name":"ALISADOR PHILIPS SERIE 5000 - Teleclub","isPartOf":{"@id":"https:\/\/www.teleclub.com.py\/#website"},"primaryImageOfPage":{"@id":"https:\/\/www.teleclub.com.py\/index.php\/product\/alisador-philips-serie-5000-bhs530-00\/#primaryimage"},"image":{"@id":"https:\/\/www.teleclub.com.py\/index.php\/product\/alisador-philips-serie-5000-bhs530-00\/#primaryimage"},"thumbnailUrl":"https:\/\/www.teleclub.com.py\/wp-content\/uploads\/2024\/09\/a-169.png","datePublished":"2024-09-08T13:03:01+00:00","dateModified":"2025-10-20T16:54:41+00:00","description":"Philips Serie\u202f5000 alisador con ThermoShield, placas infundidas con arg\u00e1n de 105\u202fmm, doble i\u00f3nico, ajuste 120\u2013230\u202f\u00b0C y control LED.","breadcrumb":{"@id":"https:\/\/www.teleclub.com.py\/index.php\/product\/alisador-philips-serie-5000-bhs530-00\/#breadcrumb"},"inLanguage":"es","potentialAction":[{"@type":"ReadAction","target":["https:\/\/www.teleclub.com.py\/index.php\/product\/alisador-philips-serie-5000-bhs530-00\/"]}]},{"@type":"ImageObject","inLanguage":"es","@id":"https:\/\/www.teleclub.com.py\/index.php\/product\/alisador-philips-serie-5000-bhs530-00\/#primaryimage","url":"https:\/\/www.teleclub.com.py\/wp-content\/uploads\/2024\/09\/a-169.png","contentUrl":"https:\/\/www.teleclub.com.py\/wp-content\/uploads\/2024\/09\/a-169.png","width":800,"height":800},{"@type":"BreadcrumbList","@id":"https:\/\/www.teleclub.com.py\/index.php\/product\/alisador-philips-serie-5000-bhs530-00\/#breadcrumb","itemListElement":[{"@type":"ListItem","position":1,"name":"Portada","item":"https:\/\/www.teleclub.com.py\/"},{"@type":"ListItem","position":2,"name":"Shop","item":"https:\/\/www.teleclub.com.py\/index.php\/shop-2\/"},{"@type":"ListItem","position":3,"name":"ALISADOR PHILIPS SERIE 5000"}]},{"@type":"WebSite","@id":"https:\/\/www.teleclub.com.py\/#website","url":"https:\/\/www.teleclub.com.py\/","name":"Teleclub","description":"Tu tienda online","publisher":{"@id":"https:\/\/www.teleclub.com.py\/#organization"},"potentialAction":[{"@type":"SearchAction","target":{"@type":"EntryPoint","urlTemplate":"https:\/\/www.teleclub.com.py\/?s={search_term_string}"},"query-input":{"@type":"PropertyValueSpecification","valueRequired":true,"valueName":"search_term_string"}}],"inLanguage":"es"},{"@type":"Organization","@id":"https:\/\/www.teleclub.com.py\/#organization","name":"Teleclub","url":"https:\/\/www.teleclub.com.py\/","logo":{"@type":"ImageObject","inLanguage":"es","@id":"https:\/\/www.teleclub.com.py\/#\/schema\/logo\/image\/","url":"https:\/\/www.teleclub.com.py\/wp-content\/uploads\/2024\/09\/1611317346760_TeleClub_logo_FondoBlanco-2.jpg","contentUrl":"https:\/\/www.teleclub.com.py\/wp-content\/uploads\/2024\/09\/1611317346760_TeleClub_logo_FondoBlanco-2.jpg","width":1600,"height":1600,"caption":"Teleclub"},"image":{"@id":"https:\/\/www.teleclub.com.py\/#\/schema\/logo\/image\/"},"sameAs":["https:\/\/www.facebook.com\/teleclubpy","https:\/\/www.instagram.com\/teleclubpy"]}]}},"_links":{"self":[{"href":"https:\/\/www.teleclub.com.py\/index.php\/wp-json\/wp\/v2\/product\/9422","targetHints":{"allow":["GET"]}}],"collection":[{"href":"https:\/\/www.teleclub.com.py\/index.php\/wp-json\/wp\/v2\/product"}],"about":[{"href":"https:\/\/www.teleclub.com.py\/index.php\/wp-json\/wp\/v2\/types\/product"}],"wp:featuredmedia":[{"embeddable":true,"href":"https:\/\/www.teleclub.com.py\/index.php\/wp-json\/wp\/v2\/media\/9423"}],"wp:attachment":[{"href":"https:\/\/www.teleclub.com.py\/index.php\/wp-json\/wp\/v2\/media?parent=9422"}],"wp:term":[{"taxonomy":"product_cat","embeddable":true,"href":"https:\/\/www.teleclub.com.py\/index.php\/wp-json\/wp\/v2\/product_cat?post=9422"},{"taxonomy":"product_tag","embeddable":true,"href":"https:\/\/www.teleclub.com.py\/index.php\/wp-json\/wp\/v2\/product_tag?post=9422"}],"curies":[{"name":"wp","href":"https:\/\/api.w.org\/{rel}","templated":true}]}}