{"id":8958,"date":"2024-09-04T21:38:18","date_gmt":"2024-09-05T01:38:18","guid":{"rendered":"https:\/\/www.teleclub.com.py\/?post_type=product&#038;p=8958"},"modified":"2024-09-05T11:01:41","modified_gmt":"2024-09-05T15:01:41","slug":"monitor-led-de-27-xiaomi-g27i-p27fbb-rggl-fhd-vga-hdmi-100hz","status":"publish","type":"product","link":"https:\/\/www.teleclub.com.py\/index.php\/product\/monitor-led-de-27-xiaomi-g27i-p27fbb-rggl-fhd-vga-hdmi-100hz\/","title":{"rendered":"Monitor LED de 27&#8243;; Xiaomi G27I P27FBB-RGGL FHD\/VGA\/HDMI\/100HZ"},"content":{"rendered":"<p>Sum\u00e9rgete en la acci\u00f3n con el Monitor Gamer Xiaomi G27I P27FBB-RGGL de 27 pulgadas, el compa\u00f1ero ideal para tus partidas. Con resoluci\u00f3n Full HD de 1920&#215;1080 en un panel IPS, disfrutar\u00e1s de colores vivos y \u00e1ngulos de visi\u00f3n amplios. Adopta una pantalla LCD IPS r\u00e1pida, lo que le permite responder r\u00e1pidamente a eventos r\u00e1pidos. Su alta frecuencia de actualizaci\u00f3n de 100 Hz garantiza una experiencia suave y sin desenfoques, perfecta para juegos de ritmo r\u00e1pido. La tecnolog\u00eda FreeSync Premium sincroniza la tarjeta gr\u00e1fica con el monitor para eliminar distorsiones visuales. Adem\u00e1s, Excelente profundidad de color profesional de 8 bits, que brinda capas de colores m\u00e1s vivos y transiciones suaves y naturales. Compatibilidad con la gama de colores sRGB del 99 %, con una amplia gama de colores, podr\u00e1s disfrutar de los verdaderos colores del juego<\/p>\n","protected":false},"excerpt":{"rendered":"<ul>\n<li><strong>Tipo de pantalla:<\/strong>\u00a0IPS de \u00a027&#8221;<\/li>\n<li><strong>Resoluci\u00f3n:<\/strong>\u00a0Full HD 1920 x 1080p<\/li>\n<li><strong>Frecuencia de actualizaci\u00f3n:<\/strong> 100 Hz<\/li>\n<li><strong>\u00c1ngulo de visi\u00f3n:<\/strong>\u00a0178\u00b0<\/li>\n<li><strong>Tiempo de respuesta:<\/strong>\u00a01 ms<\/li>\n<\/ul>\n","protected":false},"featured_media":8961,"template":"","meta":{"om_disable_all_campaigns":false},"product_cat":[354],"product_tag":[],"class_list":{"0":"post-8958","1":"product","2":"type-product","3":"status-publish","4":"has-post-thumbnail","6":"product_cat-monitores-informatica-electronica","8":"first","9":"instock","10":"shipping-taxable","11":"purchasable","12":"product-type-simple"},"yoast_head":"<!-- This site is optimized with the Yoast SEO plugin v23.6 - https:\/\/yoast.com\/wordpress\/plugins\/seo\/ -->\n<title>Monitor LED de 27&quot;; Xiaomi G27I P27FBB-RGGL FHD\/VGA\/HDMI\/100HZ - Teleclub<\/title>\n<meta name=\"robots\" content=\"index, follow, max-snippet:-1, max-image-preview:large, max-video-preview:-1\" \/>\n<link rel=\"canonical\" href=\"https:\/\/www.teleclub.com.py\/index.php\/product\/monitor-led-de-27-xiaomi-g27i-p27fbb-rggl-fhd-vga-hdmi-100hz\/\" \/>\n<meta property=\"og:locale\" content=\"es_ES\" \/>\n<meta property=\"og:type\" content=\"article\" \/>\n<meta property=\"og:title\" content=\"Monitor LED de 27&quot;; Xiaomi G27I P27FBB-RGGL FHD\/VGA\/HDMI\/100HZ - Teleclub\" \/>\n<meta property=\"og:description\" content=\"Tipo de pantalla:\u00a0IPS de \u00a027&#039;&#039;  Resoluci\u00f3n:\u00a0Full HD 1920 x 1080p  Frecuencia de actualizaci\u00f3n: 100 Hz  \u00c1ngulo de visi\u00f3n:\u00a0178\u00b0  Tiempo de respuesta:\u00a01 ms\" \/>\n<meta property=\"og:url\" content=\"https:\/\/www.teleclub.com.py\/index.php\/product\/monitor-led-de-27-xiaomi-g27i-p27fbb-rggl-fhd-vga-hdmi-100hz\/\" \/>\n<meta property=\"og:site_name\" content=\"Teleclub\" \/>\n<meta property=\"article:publisher\" content=\"https:\/\/www.facebook.com\/teleclubpy\" \/>\n<meta property=\"article:modified_time\" content=\"2024-09-05T15:01:41+00:00\" \/>\n<meta property=\"og:image\" content=\"https:\/\/www.teleclub.com.py\/wp-content\/uploads\/2024\/09\/aa-15.png\" \/>\n\t<meta property=\"og:image:width\" content=\"600\" \/>\n\t<meta property=\"og:image:height\" content=\"600\" \/>\n\t<meta property=\"og:image:type\" content=\"image\/png\" \/>\n<meta name=\"twitter:card\" content=\"summary_large_image\" \/>\n<meta name=\"twitter:label1\" content=\"Tiempo de lectura\" \/>\n\t<meta name=\"twitter:data1\" content=\"1 minuto\" \/>\n<script type=\"application\/ld+json\" class=\"yoast-schema-graph\">{\"@context\":\"https:\/\/schema.org\",\"@graph\":[{\"@type\":\"WebPage\",\"@id\":\"https:\/\/www.teleclub.com.py\/index.php\/product\/monitor-led-de-27-xiaomi-g27i-p27fbb-rggl-fhd-vga-hdmi-100hz\/\",\"url\":\"https:\/\/www.teleclub.com.py\/index.php\/product\/monitor-led-de-27-xiaomi-g27i-p27fbb-rggl-fhd-vga-hdmi-100hz\/\",\"name\":\"Monitor LED de 27\\\"; Xiaomi G27I P27FBB-RGGL FHD\/VGA\/HDMI\/100HZ - Teleclub\",\"isPartOf\":{\"@id\":\"https:\/\/www.teleclub.com.py\/#website\"},\"primaryImageOfPage\":{\"@id\":\"https:\/\/www.teleclub.com.py\/index.php\/product\/monitor-led-de-27-xiaomi-g27i-p27fbb-rggl-fhd-vga-hdmi-100hz\/#primaryimage\"},\"image\":{\"@id\":\"https:\/\/www.teleclub.com.py\/index.php\/product\/monitor-led-de-27-xiaomi-g27i-p27fbb-rggl-fhd-vga-hdmi-100hz\/#primaryimage\"},\"thumbnailUrl\":\"https:\/\/www.teleclub.com.py\/wp-content\/uploads\/2024\/09\/aa-15.png\",\"datePublished\":\"2024-09-05T01:38:18+00:00\",\"dateModified\":\"2024-09-05T15:01:41+00:00\",\"breadcrumb\":{\"@id\":\"https:\/\/www.teleclub.com.py\/index.php\/product\/monitor-led-de-27-xiaomi-g27i-p27fbb-rggl-fhd-vga-hdmi-100hz\/#breadcrumb\"},\"inLanguage\":\"es\",\"potentialAction\":[{\"@type\":\"ReadAction\",\"target\":[\"https:\/\/www.teleclub.com.py\/index.php\/product\/monitor-led-de-27-xiaomi-g27i-p27fbb-rggl-fhd-vga-hdmi-100hz\/\"]}]},{\"@type\":\"ImageObject\",\"inLanguage\":\"es\",\"@id\":\"https:\/\/www.teleclub.com.py\/index.php\/product\/monitor-led-de-27-xiaomi-g27i-p27fbb-rggl-fhd-vga-hdmi-100hz\/#primaryimage\",\"url\":\"https:\/\/www.teleclub.com.py\/wp-content\/uploads\/2024\/09\/aa-15.png\",\"contentUrl\":\"https:\/\/www.teleclub.com.py\/wp-content\/uploads\/2024\/09\/aa-15.png\",\"width\":600,\"height\":600},{\"@type\":\"BreadcrumbList\",\"@id\":\"https:\/\/www.teleclub.com.py\/index.php\/product\/monitor-led-de-27-xiaomi-g27i-p27fbb-rggl-fhd-vga-hdmi-100hz\/#breadcrumb\",\"itemListElement\":[{\"@type\":\"ListItem\",\"position\":1,\"name\":\"Portada\",\"item\":\"https:\/\/www.teleclub.com.py\/\"},{\"@type\":\"ListItem\",\"position\":2,\"name\":\"Shop\",\"item\":\"https:\/\/www.teleclub.com.py\/index.php\/shop-2\/\"},{\"@type\":\"ListItem\",\"position\":3,\"name\":\"Monitor LED de 27&#8243;; Xiaomi G27I P27FBB-RGGL FHD\/VGA\/HDMI\/100HZ\"}]},{\"@type\":\"WebSite\",\"@id\":\"https:\/\/www.teleclub.com.py\/#website\",\"url\":\"https:\/\/www.teleclub.com.py\/\",\"name\":\"Teleclub\",\"description\":\"Tu tienda online\",\"publisher\":{\"@id\":\"https:\/\/www.teleclub.com.py\/#organization\"},\"potentialAction\":[{\"@type\":\"SearchAction\",\"target\":{\"@type\":\"EntryPoint\",\"urlTemplate\":\"https:\/\/www.teleclub.com.py\/?s={search_term_string}\"},\"query-input\":{\"@type\":\"PropertyValueSpecification\",\"valueRequired\":true,\"valueName\":\"search_term_string\"}}],\"inLanguage\":\"es\"},{\"@type\":\"Organization\",\"@id\":\"https:\/\/www.teleclub.com.py\/#organization\",\"name\":\"Teleclub\",\"url\":\"https:\/\/www.teleclub.com.py\/\",\"logo\":{\"@type\":\"ImageObject\",\"inLanguage\":\"es\",\"@id\":\"https:\/\/www.teleclub.com.py\/#\/schema\/logo\/image\/\",\"url\":\"https:\/\/www.teleclub.com.py\/wp-content\/uploads\/2024\/09\/1611317346760_TeleClub_logo_FondoBlanco-2.jpg\",\"contentUrl\":\"https:\/\/www.teleclub.com.py\/wp-content\/uploads\/2024\/09\/1611317346760_TeleClub_logo_FondoBlanco-2.jpg\",\"width\":1600,\"height\":1600,\"caption\":\"Teleclub\"},\"image\":{\"@id\":\"https:\/\/www.teleclub.com.py\/#\/schema\/logo\/image\/\"},\"sameAs\":[\"https:\/\/www.facebook.com\/teleclubpy\",\"https:\/\/www.instagram.com\/teleclubpy\"]}]}<\/script>\n<!-- \/ Yoast SEO plugin. -->","yoast_head_json":{"title":"Monitor LED de 27\"; Xiaomi G27I P27FBB-RGGL FHD\/VGA\/HDMI\/100HZ - Teleclub","robots":{"index":"index","follow":"follow","max-snippet":"max-snippet:-1","max-image-preview":"max-image-preview:large","max-video-preview":"max-video-preview:-1"},"canonical":"https:\/\/www.teleclub.com.py\/index.php\/product\/monitor-led-de-27-xiaomi-g27i-p27fbb-rggl-fhd-vga-hdmi-100hz\/","og_locale":"es_ES","og_type":"article","og_title":"Monitor LED de 27\"; Xiaomi G27I P27FBB-RGGL FHD\/VGA\/HDMI\/100HZ - Teleclub","og_description":"Tipo de pantalla:\u00a0IPS de \u00a027''  Resoluci\u00f3n:\u00a0Full HD 1920 x 1080p  Frecuencia de actualizaci\u00f3n: 100 Hz  \u00c1ngulo de visi\u00f3n:\u00a0178\u00b0  Tiempo de respuesta:\u00a01 ms","og_url":"https:\/\/www.teleclub.com.py\/index.php\/product\/monitor-led-de-27-xiaomi-g27i-p27fbb-rggl-fhd-vga-hdmi-100hz\/","og_site_name":"Teleclub","article_publisher":"https:\/\/www.facebook.com\/teleclubpy","article_modified_time":"2024-09-05T15:01:41+00:00","og_image":[{"width":600,"height":600,"url":"https:\/\/www.teleclub.com.py\/wp-content\/uploads\/2024\/09\/aa-15.png","type":"image\/png"}],"twitter_card":"summary_large_image","twitter_misc":{"Tiempo de lectura":"1 minuto"},"schema":{"@context":"https:\/\/schema.org","@graph":[{"@type":"WebPage","@id":"https:\/\/www.teleclub.com.py\/index.php\/product\/monitor-led-de-27-xiaomi-g27i-p27fbb-rggl-fhd-vga-hdmi-100hz\/","url":"https:\/\/www.teleclub.com.py\/index.php\/product\/monitor-led-de-27-xiaomi-g27i-p27fbb-rggl-fhd-vga-hdmi-100hz\/","name":"Monitor LED de 27\"; Xiaomi G27I P27FBB-RGGL FHD\/VGA\/HDMI\/100HZ - Teleclub","isPartOf":{"@id":"https:\/\/www.teleclub.com.py\/#website"},"primaryImageOfPage":{"@id":"https:\/\/www.teleclub.com.py\/index.php\/product\/monitor-led-de-27-xiaomi-g27i-p27fbb-rggl-fhd-vga-hdmi-100hz\/#primaryimage"},"image":{"@id":"https:\/\/www.teleclub.com.py\/index.php\/product\/monitor-led-de-27-xiaomi-g27i-p27fbb-rggl-fhd-vga-hdmi-100hz\/#primaryimage"},"thumbnailUrl":"https:\/\/www.teleclub.com.py\/wp-content\/uploads\/2024\/09\/aa-15.png","datePublished":"2024-09-05T01:38:18+00:00","dateModified":"2024-09-05T15:01:41+00:00","breadcrumb":{"@id":"https:\/\/www.teleclub.com.py\/index.php\/product\/monitor-led-de-27-xiaomi-g27i-p27fbb-rggl-fhd-vga-hdmi-100hz\/#breadcrumb"},"inLanguage":"es","potentialAction":[{"@type":"ReadAction","target":["https:\/\/www.teleclub.com.py\/index.php\/product\/monitor-led-de-27-xiaomi-g27i-p27fbb-rggl-fhd-vga-hdmi-100hz\/"]}]},{"@type":"ImageObject","inLanguage":"es","@id":"https:\/\/www.teleclub.com.py\/index.php\/product\/monitor-led-de-27-xiaomi-g27i-p27fbb-rggl-fhd-vga-hdmi-100hz\/#primaryimage","url":"https:\/\/www.teleclub.com.py\/wp-content\/uploads\/2024\/09\/aa-15.png","contentUrl":"https:\/\/www.teleclub.com.py\/wp-content\/uploads\/2024\/09\/aa-15.png","width":600,"height":600},{"@type":"BreadcrumbList","@id":"https:\/\/www.teleclub.com.py\/index.php\/product\/monitor-led-de-27-xiaomi-g27i-p27fbb-rggl-fhd-vga-hdmi-100hz\/#breadcrumb","itemListElement":[{"@type":"ListItem","position":1,"name":"Portada","item":"https:\/\/www.teleclub.com.py\/"},{"@type":"ListItem","position":2,"name":"Shop","item":"https:\/\/www.teleclub.com.py\/index.php\/shop-2\/"},{"@type":"ListItem","position":3,"name":"Monitor LED de 27&#8243;; Xiaomi G27I P27FBB-RGGL FHD\/VGA\/HDMI\/100HZ"}]},{"@type":"WebSite","@id":"https:\/\/www.teleclub.com.py\/#website","url":"https:\/\/www.teleclub.com.py\/","name":"Teleclub","description":"Tu tienda online","publisher":{"@id":"https:\/\/www.teleclub.com.py\/#organization"},"potentialAction":[{"@type":"SearchAction","target":{"@type":"EntryPoint","urlTemplate":"https:\/\/www.teleclub.com.py\/?s={search_term_string}"},"query-input":{"@type":"PropertyValueSpecification","valueRequired":true,"valueName":"search_term_string"}}],"inLanguage":"es"},{"@type":"Organization","@id":"https:\/\/www.teleclub.com.py\/#organization","name":"Teleclub","url":"https:\/\/www.teleclub.com.py\/","logo":{"@type":"ImageObject","inLanguage":"es","@id":"https:\/\/www.teleclub.com.py\/#\/schema\/logo\/image\/","url":"https:\/\/www.teleclub.com.py\/wp-content\/uploads\/2024\/09\/1611317346760_TeleClub_logo_FondoBlanco-2.jpg","contentUrl":"https:\/\/www.teleclub.com.py\/wp-content\/uploads\/2024\/09\/1611317346760_TeleClub_logo_FondoBlanco-2.jpg","width":1600,"height":1600,"caption":"Teleclub"},"image":{"@id":"https:\/\/www.teleclub.com.py\/#\/schema\/logo\/image\/"},"sameAs":["https:\/\/www.facebook.com\/teleclubpy","https:\/\/www.instagram.com\/teleclubpy"]}]}},"_links":{"self":[{"href":"https:\/\/www.teleclub.com.py\/index.php\/wp-json\/wp\/v2\/product\/8958","targetHints":{"allow":["GET"]}}],"collection":[{"href":"https:\/\/www.teleclub.com.py\/index.php\/wp-json\/wp\/v2\/product"}],"about":[{"href":"https:\/\/www.teleclub.com.py\/index.php\/wp-json\/wp\/v2\/types\/product"}],"wp:featuredmedia":[{"embeddable":true,"href":"https:\/\/www.teleclub.com.py\/index.php\/wp-json\/wp\/v2\/media\/8961"}],"wp:attachment":[{"href":"https:\/\/www.teleclub.com.py\/index.php\/wp-json\/wp\/v2\/media?parent=8958"}],"wp:term":[{"taxonomy":"product_cat","embeddable":true,"href":"https:\/\/www.teleclub.com.py\/index.php\/wp-json\/wp\/v2\/product_cat?post=8958"},{"taxonomy":"product_tag","embeddable":true,"href":"https:\/\/www.teleclub.com.py\/index.php\/wp-json\/wp\/v2\/product_tag?post=8958"}],"curies":[{"name":"wp","href":"https:\/\/api.w.org\/{rel}","templated":true}]}}