{"id":8554,"date":"2024-08-29T09:20:27","date_gmt":"2024-08-29T13:20:27","guid":{"rendered":"https:\/\/www.teleclub.com.py\/?post_type=product&#038;p=8554"},"modified":"2024-08-30T18:33:16","modified_gmt":"2024-08-30T22:33:16","slug":"monitor-led-samsung-ls22a336nhlxza-de-22-fhd-hdmi-60hz-negro","status":"publish","type":"product","link":"https:\/\/www.teleclub.com.py\/index.php\/product\/monitor-led-samsung-ls22a336nhlxza-de-22-fhd-hdmi-60hz-negro\/","title":{"rendered":"Monitor LED Samsung LS22A336NHLXZA de 22&quot; FHD HDMI\/60Hz &#8211; Negro"},"content":{"rendered":"<h2>Una vista m\u00e1s amplia, clara en todos los sentidos<\/h2>\n<p>Experimente la imagen completa desde donde se siente.\u00a0Todo permanece v\u00edvido y claro desde 178\u00b0 alrededor, incluso hasta las esquinas.\u00a0Ya sea que est\u00e9 de pie, sentado o mirando por encima del hombro de alguien, los documentos y gr\u00e1ficos se ven siempre precisos.<\/p>\n<h2>Experimenta la verdadera definici\u00f3n<\/h2>\n<p>Cada escena, incre\u00edblemente definida.\u00a0La innovadora tecnolog\u00eda VA Panel de Samsung ofrece una excelente relaci\u00f3n de contraste de 3000:1 con negros m\u00e1s profundos y blancos m\u00e1s brillantes.\u00a0Fugas de luz m\u00ednimas de esquina a esquina, por lo que incluso las im\u00e1genes muy oscuras o brillantes se ven n\u00edtidas en la pantalla.<\/p>\n<h2>Cuidado de la vista durante todo el d\u00eda<\/h2>\n<p>Elimine virtualmente la fatiga visual para disfrutar de una inform\u00e1tica extendida m\u00e1s c\u00f3moda con la tecnolog\u00eda Eye Comfort.\u00a0Flicker Free elimina continuamente el molesto parpadeo, mientras que Eye Saver Mode minimiza la luz azul.\u00a0Proteja sus ojos, mant\u00e9ngalos frescos y haga m\u00e1s.<\/p>\n<h2>Conectividad esencial<\/h2>\n<p>Vincule su monitor a unidades de memoria externas y otros dispositivos con puertos HDMI y D-sub.\u00a0Ahora, su entorno inform\u00e1tico es a\u00fan m\u00e1s conveniente con posibilidades de entrada adicionales.<\/p>\n<h2>Modo de juego<\/h2>\n<p>Game Mode optimiza instant\u00e1neamente el contraste de la pantalla para brindarle una ventaja competitiva durante el juego.\u00a0Al aumentar selectivamente el contraste en las escenas, el Modo Juego revela m\u00e1s detalles en las \u00e1reas oscuras para que puedas detectar a tus enemigos m\u00e1s r\u00e1pido.<\/p>\n<p>&nbsp;<\/p>\n","protected":false},"excerpt":{"rendered":"<ul>\n<li><strong>Tipo de pantalla:<\/strong>\u00a0Plana de 22&#8221;<\/li>\n<li><strong>Resoluci\u00f3n:<\/strong>\u00a0Full HD 1920x1080p<\/li>\n<li><strong>Frecuencia de actualizaci\u00f3n:<\/strong>\u00a060 Hz<\/li>\n<li><strong>\u00c1ngulo de visi\u00f3n:<\/strong>\u00a0178\u00b0<\/li>\n<li><strong>Tiempo de respuesta:<\/strong>\u00a06.5 ms<\/li>\n<\/ul>\n","protected":false},"featured_media":8555,"template":"","meta":{"om_disable_all_campaigns":false},"product_cat":[354],"product_tag":[],"class_list":{"0":"post-8554","1":"product","2":"type-product","3":"status-publish","4":"has-post-thumbnail","6":"product_cat-monitores-informatica-electronica","8":"first","9":"instock","10":"shipping-taxable","11":"purchasable","12":"product-type-simple"},"yoast_head":"<!-- This site is optimized with the Yoast SEO plugin v23.6 - https:\/\/yoast.com\/wordpress\/plugins\/seo\/ -->\n<title>Monitor LED Samsung LS22A336NHLXZA de 22&quot; FHD HDMI\/60Hz - Negro - Teleclub<\/title>\n<meta name=\"robots\" content=\"index, follow, max-snippet:-1, max-image-preview:large, max-video-preview:-1\" \/>\n<link rel=\"canonical\" href=\"https:\/\/www.teleclub.com.py\/index.php\/product\/monitor-led-samsung-ls22a336nhlxza-de-22-fhd-hdmi-60hz-negro\/\" \/>\n<meta property=\"og:locale\" content=\"es_ES\" \/>\n<meta property=\"og:type\" content=\"article\" \/>\n<meta property=\"og:title\" content=\"Monitor LED Samsung LS22A336NHLXZA de 22&quot; FHD HDMI\/60Hz - Negro - Teleclub\" \/>\n<meta property=\"og:description\" content=\"Tipo de pantalla:\u00a0Plana de 22&#039;&#039;  Resoluci\u00f3n:\u00a0Full HD 1920x1080p  Frecuencia de actualizaci\u00f3n:\u00a060 Hz  \u00c1ngulo de visi\u00f3n:\u00a0178\u00b0  Tiempo de respuesta:\u00a06.5 ms\" \/>\n<meta property=\"og:url\" content=\"https:\/\/www.teleclub.com.py\/index.php\/product\/monitor-led-samsung-ls22a336nhlxza-de-22-fhd-hdmi-60hz-negro\/\" \/>\n<meta property=\"og:site_name\" content=\"Teleclub\" \/>\n<meta property=\"article:publisher\" content=\"https:\/\/www.facebook.com\/teleclubpy\" \/>\n<meta property=\"article:modified_time\" content=\"2024-08-30T22:33:16+00:00\" \/>\n<meta property=\"og:image\" content=\"https:\/\/www.teleclub.com.py\/wp-content\/uploads\/2024\/08\/aa-96.png\" \/>\n\t<meta property=\"og:image:width\" content=\"1000\" \/>\n\t<meta property=\"og:image:height\" content=\"1000\" \/>\n\t<meta property=\"og:image:type\" content=\"image\/png\" \/>\n<meta name=\"twitter:card\" content=\"summary_large_image\" \/>\n<meta name=\"twitter:label1\" content=\"Tiempo de lectura\" \/>\n\t<meta name=\"twitter:data1\" content=\"1 minuto\" \/>\n<script type=\"application\/ld+json\" class=\"yoast-schema-graph\">{\"@context\":\"https:\/\/schema.org\",\"@graph\":[{\"@type\":\"WebPage\",\"@id\":\"https:\/\/www.teleclub.com.py\/index.php\/product\/monitor-led-samsung-ls22a336nhlxza-de-22-fhd-hdmi-60hz-negro\/\",\"url\":\"https:\/\/www.teleclub.com.py\/index.php\/product\/monitor-led-samsung-ls22a336nhlxza-de-22-fhd-hdmi-60hz-negro\/\",\"name\":\"Monitor LED Samsung LS22A336NHLXZA de 22&quot; FHD HDMI\/60Hz - Negro - Teleclub\",\"isPartOf\":{\"@id\":\"https:\/\/www.teleclub.com.py\/#website\"},\"primaryImageOfPage\":{\"@id\":\"https:\/\/www.teleclub.com.py\/index.php\/product\/monitor-led-samsung-ls22a336nhlxza-de-22-fhd-hdmi-60hz-negro\/#primaryimage\"},\"image\":{\"@id\":\"https:\/\/www.teleclub.com.py\/index.php\/product\/monitor-led-samsung-ls22a336nhlxza-de-22-fhd-hdmi-60hz-negro\/#primaryimage\"},\"thumbnailUrl\":\"https:\/\/www.teleclub.com.py\/wp-content\/uploads\/2024\/08\/aa-96.png\",\"datePublished\":\"2024-08-29T13:20:27+00:00\",\"dateModified\":\"2024-08-30T22:33:16+00:00\",\"breadcrumb\":{\"@id\":\"https:\/\/www.teleclub.com.py\/index.php\/product\/monitor-led-samsung-ls22a336nhlxza-de-22-fhd-hdmi-60hz-negro\/#breadcrumb\"},\"inLanguage\":\"es\",\"potentialAction\":[{\"@type\":\"ReadAction\",\"target\":[\"https:\/\/www.teleclub.com.py\/index.php\/product\/monitor-led-samsung-ls22a336nhlxza-de-22-fhd-hdmi-60hz-negro\/\"]}]},{\"@type\":\"ImageObject\",\"inLanguage\":\"es\",\"@id\":\"https:\/\/www.teleclub.com.py\/index.php\/product\/monitor-led-samsung-ls22a336nhlxza-de-22-fhd-hdmi-60hz-negro\/#primaryimage\",\"url\":\"https:\/\/www.teleclub.com.py\/wp-content\/uploads\/2024\/08\/aa-96.png\",\"contentUrl\":\"https:\/\/www.teleclub.com.py\/wp-content\/uploads\/2024\/08\/aa-96.png\",\"width\":1000,\"height\":1000},{\"@type\":\"BreadcrumbList\",\"@id\":\"https:\/\/www.teleclub.com.py\/index.php\/product\/monitor-led-samsung-ls22a336nhlxza-de-22-fhd-hdmi-60hz-negro\/#breadcrumb\",\"itemListElement\":[{\"@type\":\"ListItem\",\"position\":1,\"name\":\"Portada\",\"item\":\"https:\/\/www.teleclub.com.py\/\"},{\"@type\":\"ListItem\",\"position\":2,\"name\":\"Shop\",\"item\":\"https:\/\/www.teleclub.com.py\/index.php\/shop-2\/\"},{\"@type\":\"ListItem\",\"position\":3,\"name\":\"Monitor LED Samsung LS22A336NHLXZA de 22&quot; FHD HDMI\/60Hz &#8211; Negro\"}]},{\"@type\":\"WebSite\",\"@id\":\"https:\/\/www.teleclub.com.py\/#website\",\"url\":\"https:\/\/www.teleclub.com.py\/\",\"name\":\"Teleclub\",\"description\":\"Tu tienda online\",\"publisher\":{\"@id\":\"https:\/\/www.teleclub.com.py\/#organization\"},\"potentialAction\":[{\"@type\":\"SearchAction\",\"target\":{\"@type\":\"EntryPoint\",\"urlTemplate\":\"https:\/\/www.teleclub.com.py\/?s={search_term_string}\"},\"query-input\":{\"@type\":\"PropertyValueSpecification\",\"valueRequired\":true,\"valueName\":\"search_term_string\"}}],\"inLanguage\":\"es\"},{\"@type\":\"Organization\",\"@id\":\"https:\/\/www.teleclub.com.py\/#organization\",\"name\":\"Teleclub\",\"url\":\"https:\/\/www.teleclub.com.py\/\",\"logo\":{\"@type\":\"ImageObject\",\"inLanguage\":\"es\",\"@id\":\"https:\/\/www.teleclub.com.py\/#\/schema\/logo\/image\/\",\"url\":\"https:\/\/www.teleclub.com.py\/wp-content\/uploads\/2024\/09\/1611317346760_TeleClub_logo_FondoBlanco-2.jpg\",\"contentUrl\":\"https:\/\/www.teleclub.com.py\/wp-content\/uploads\/2024\/09\/1611317346760_TeleClub_logo_FondoBlanco-2.jpg\",\"width\":1600,\"height\":1600,\"caption\":\"Teleclub\"},\"image\":{\"@id\":\"https:\/\/www.teleclub.com.py\/#\/schema\/logo\/image\/\"},\"sameAs\":[\"https:\/\/www.facebook.com\/teleclubpy\",\"https:\/\/www.instagram.com\/teleclubpy\"]}]}<\/script>\n<!-- \/ Yoast SEO plugin. -->","yoast_head_json":{"title":"Monitor LED Samsung LS22A336NHLXZA de 22&quot; FHD HDMI\/60Hz - Negro - Teleclub","robots":{"index":"index","follow":"follow","max-snippet":"max-snippet:-1","max-image-preview":"max-image-preview:large","max-video-preview":"max-video-preview:-1"},"canonical":"https:\/\/www.teleclub.com.py\/index.php\/product\/monitor-led-samsung-ls22a336nhlxza-de-22-fhd-hdmi-60hz-negro\/","og_locale":"es_ES","og_type":"article","og_title":"Monitor LED Samsung LS22A336NHLXZA de 22&quot; FHD HDMI\/60Hz - Negro - Teleclub","og_description":"Tipo de pantalla:\u00a0Plana de 22''  Resoluci\u00f3n:\u00a0Full HD 1920x1080p  Frecuencia de actualizaci\u00f3n:\u00a060 Hz  \u00c1ngulo de visi\u00f3n:\u00a0178\u00b0  Tiempo de respuesta:\u00a06.5 ms","og_url":"https:\/\/www.teleclub.com.py\/index.php\/product\/monitor-led-samsung-ls22a336nhlxza-de-22-fhd-hdmi-60hz-negro\/","og_site_name":"Teleclub","article_publisher":"https:\/\/www.facebook.com\/teleclubpy","article_modified_time":"2024-08-30T22:33:16+00:00","og_image":[{"width":1000,"height":1000,"url":"https:\/\/www.teleclub.com.py\/wp-content\/uploads\/2024\/08\/aa-96.png","type":"image\/png"}],"twitter_card":"summary_large_image","twitter_misc":{"Tiempo de lectura":"1 minuto"},"schema":{"@context":"https:\/\/schema.org","@graph":[{"@type":"WebPage","@id":"https:\/\/www.teleclub.com.py\/index.php\/product\/monitor-led-samsung-ls22a336nhlxza-de-22-fhd-hdmi-60hz-negro\/","url":"https:\/\/www.teleclub.com.py\/index.php\/product\/monitor-led-samsung-ls22a336nhlxza-de-22-fhd-hdmi-60hz-negro\/","name":"Monitor LED Samsung LS22A336NHLXZA de 22&quot; FHD HDMI\/60Hz - Negro - Teleclub","isPartOf":{"@id":"https:\/\/www.teleclub.com.py\/#website"},"primaryImageOfPage":{"@id":"https:\/\/www.teleclub.com.py\/index.php\/product\/monitor-led-samsung-ls22a336nhlxza-de-22-fhd-hdmi-60hz-negro\/#primaryimage"},"image":{"@id":"https:\/\/www.teleclub.com.py\/index.php\/product\/monitor-led-samsung-ls22a336nhlxza-de-22-fhd-hdmi-60hz-negro\/#primaryimage"},"thumbnailUrl":"https:\/\/www.teleclub.com.py\/wp-content\/uploads\/2024\/08\/aa-96.png","datePublished":"2024-08-29T13:20:27+00:00","dateModified":"2024-08-30T22:33:16+00:00","breadcrumb":{"@id":"https:\/\/www.teleclub.com.py\/index.php\/product\/monitor-led-samsung-ls22a336nhlxza-de-22-fhd-hdmi-60hz-negro\/#breadcrumb"},"inLanguage":"es","potentialAction":[{"@type":"ReadAction","target":["https:\/\/www.teleclub.com.py\/index.php\/product\/monitor-led-samsung-ls22a336nhlxza-de-22-fhd-hdmi-60hz-negro\/"]}]},{"@type":"ImageObject","inLanguage":"es","@id":"https:\/\/www.teleclub.com.py\/index.php\/product\/monitor-led-samsung-ls22a336nhlxza-de-22-fhd-hdmi-60hz-negro\/#primaryimage","url":"https:\/\/www.teleclub.com.py\/wp-content\/uploads\/2024\/08\/aa-96.png","contentUrl":"https:\/\/www.teleclub.com.py\/wp-content\/uploads\/2024\/08\/aa-96.png","width":1000,"height":1000},{"@type":"BreadcrumbList","@id":"https:\/\/www.teleclub.com.py\/index.php\/product\/monitor-led-samsung-ls22a336nhlxza-de-22-fhd-hdmi-60hz-negro\/#breadcrumb","itemListElement":[{"@type":"ListItem","position":1,"name":"Portada","item":"https:\/\/www.teleclub.com.py\/"},{"@type":"ListItem","position":2,"name":"Shop","item":"https:\/\/www.teleclub.com.py\/index.php\/shop-2\/"},{"@type":"ListItem","position":3,"name":"Monitor LED Samsung LS22A336NHLXZA de 22&quot; FHD HDMI\/60Hz &#8211; Negro"}]},{"@type":"WebSite","@id":"https:\/\/www.teleclub.com.py\/#website","url":"https:\/\/www.teleclub.com.py\/","name":"Teleclub","description":"Tu tienda online","publisher":{"@id":"https:\/\/www.teleclub.com.py\/#organization"},"potentialAction":[{"@type":"SearchAction","target":{"@type":"EntryPoint","urlTemplate":"https:\/\/www.teleclub.com.py\/?s={search_term_string}"},"query-input":{"@type":"PropertyValueSpecification","valueRequired":true,"valueName":"search_term_string"}}],"inLanguage":"es"},{"@type":"Organization","@id":"https:\/\/www.teleclub.com.py\/#organization","name":"Teleclub","url":"https:\/\/www.teleclub.com.py\/","logo":{"@type":"ImageObject","inLanguage":"es","@id":"https:\/\/www.teleclub.com.py\/#\/schema\/logo\/image\/","url":"https:\/\/www.teleclub.com.py\/wp-content\/uploads\/2024\/09\/1611317346760_TeleClub_logo_FondoBlanco-2.jpg","contentUrl":"https:\/\/www.teleclub.com.py\/wp-content\/uploads\/2024\/09\/1611317346760_TeleClub_logo_FondoBlanco-2.jpg","width":1600,"height":1600,"caption":"Teleclub"},"image":{"@id":"https:\/\/www.teleclub.com.py\/#\/schema\/logo\/image\/"},"sameAs":["https:\/\/www.facebook.com\/teleclubpy","https:\/\/www.instagram.com\/teleclubpy"]}]}},"_links":{"self":[{"href":"https:\/\/www.teleclub.com.py\/index.php\/wp-json\/wp\/v2\/product\/8554","targetHints":{"allow":["GET"]}}],"collection":[{"href":"https:\/\/www.teleclub.com.py\/index.php\/wp-json\/wp\/v2\/product"}],"about":[{"href":"https:\/\/www.teleclub.com.py\/index.php\/wp-json\/wp\/v2\/types\/product"}],"wp:featuredmedia":[{"embeddable":true,"href":"https:\/\/www.teleclub.com.py\/index.php\/wp-json\/wp\/v2\/media\/8555"}],"wp:attachment":[{"href":"https:\/\/www.teleclub.com.py\/index.php\/wp-json\/wp\/v2\/media?parent=8554"}],"wp:term":[{"taxonomy":"product_cat","embeddable":true,"href":"https:\/\/www.teleclub.com.py\/index.php\/wp-json\/wp\/v2\/product_cat?post=8554"},{"taxonomy":"product_tag","embeddable":true,"href":"https:\/\/www.teleclub.com.py\/index.php\/wp-json\/wp\/v2\/product_tag?post=8554"}],"curies":[{"name":"wp","href":"https:\/\/api.w.org\/{rel}","templated":true}]}}