{"id":8538,"date":"2024-08-29T08:38:58","date_gmt":"2024-08-29T12:38:58","guid":{"rendered":"https:\/\/www.teleclub.com.py\/?post_type=product&#038;p=8538"},"modified":"2024-08-30T18:33:29","modified_gmt":"2024-08-30T22:33:29","slug":"monitor-led-curvo-samsung-de-27-fhd-lc27f390fhlxzx-hdmi-vga-negro","status":"publish","type":"product","link":"https:\/\/www.teleclub.com.py\/index.php\/product\/monitor-led-curvo-samsung-de-27-fhd-lc27f390fhlxzx-hdmi-vga-negro\/","title":{"rendered":"Monitor LED Curvo Samsung de 27&quot; FHD LC27F390FHLXZX HDMI\/VGA &#8211; Negro"},"content":{"rendered":"<div data-content-type=\"row\" data-appearance=\"contained\" data-element=\"main\">\n<div data-enable-parallax=\"0\" data-parallax-speed=\"0.5\" data-background-images=\"{}\" data-background-type=\"image\" data-video-loop=\"true\" data-video-play-only-visible=\"true\" data-video-lazy-load=\"true\" data-video-fallback-src=\"\" data-element=\"inner\" data-pb-style=\"6248F6C02368D\">\n<h2 data-content-type=\"heading\" data-appearance=\"default\" data-element=\"main\" data-pb-style=\"6248F6C0236A3\">Samsung LC27F390FHLXZP<\/h2>\n<\/div>\n<\/div>\n<div data-content-type=\"row\" data-appearance=\"contained\" data-element=\"main\">\n<div data-enable-parallax=\"0\" data-parallax-speed=\"0.5\" data-background-images=\"{}\" data-background-type=\"image\" data-video-loop=\"true\" data-video-play-only-visible=\"true\" data-video-lazy-load=\"true\" data-video-fallback-src=\"\" data-element=\"inner\" data-pb-style=\"6248F6C0236B1\">\n<div data-content-type=\"text\" data-appearance=\"default\" data-element=\"main\" data-pb-style=\"6248F6C0236BD\">\n<h2 class=\"feature-benefit__title contrast-target\" data-font-size-mo=\"30\" data-font-size-pc=\"48\" data-pb-style=\"6248F6C0236F2\"><strong><span data-pb-style=\"6248F6C023700\">Una aut\u00e9ntica experiencia inmersiva<\/span><\/strong><\/h2>\n<div class=\"feature-benefit__desc-wrap\">\n<p class=\"feature-benefit__desc contrast-target\" data-font-size-mo=\"12\" data-font-size-pc=\"18\" data-pb-style=\"6248F6C02370C\"><span data-pb-style=\"6248F6C023717\">Disfruta de una experiencia totalmente inmersiva con el nuevo monitor curvo de Samsung. Su curvatura 1800R (radio de curvatura de 1800 mm) te ofrece un mayor campo de visi\u00f3n, mejorando la percepci\u00f3n de profundidad y haciendo que te sumerjas a\u00fan m\u00e1s en tu contenido multimedia.<\/span><\/p>\n<h2 class=\"feature-benefit__title contrast-target\" data-font-size-mo=\"30\" data-font-size-pc=\"48\" data-pb-style=\"6248F6C02375F\"><strong><span data-pb-style=\"6248F6C02376B\">Confort para tus ojos<\/span><\/strong><\/h2>\n<div class=\"feature-benefit__desc-wrap\">\n<p class=\"feature-benefit__desc contrast-target\" data-font-size-mo=\"12\" data-font-size-pc=\"18\" data-pb-style=\"6248F6C023776\"><span data-pb-style=\"6248F6C023782\">Recientes estudios han demostrado que las pantallas curvas proporcionan una sensaci\u00f3n de alivio en comparaci\u00f3n con las planas. La curvatura de la pantalla 1800R est\u00e1 basada en la del ojo humano y ayuda a que la vista pueda recorrer toda la pantalla sin necesidad de cambiar el enfoque. Adem\u00e1s, gracias al modo Eye Saver se minimiza la emisi\u00f3n de ondas de luz azul que fatigan tu retina, y con la tecnolog\u00eda Flicker Free reducir\u00e1s el parpadeo de la pantalla para que tus ojos descansen.<\/span><\/p>\n<h2 class=\"feature-benefit__title contrast-target\" data-font-size-mo=\"30\" data-font-size-pc=\"48\" data-pb-style=\"6248F6C0237CB\"><span data-pb-style=\"6248F6C0237D7\"><strong>Deja que tu contenido cobre vida<\/strong><\/span><\/h2>\n<div class=\"feature-benefit__desc-wrap\">\n<p class=\"feature-benefit__desc contrast-target\" data-font-size-mo=\"12\" data-font-size-pc=\"18\" data-pb-style=\"6248F6C0237E2\"><span data-pb-style=\"6248F6C0237ED\">La tecnolog\u00eda Active Crystal Color de Samsung te proporciona una paleta de colores m\u00e1s amplia que los monitores tradicionales, para que disfrutes de colores m\u00e1s vivos y una calidad de imagen realista. Y en aquellas escenas demasiado oscuras o brillantes, su panel VA y su ratio de contraste de 3.000:1 entran en juego para ofrecerte negros m\u00e1s profundos y blancos m\u00e1s brillantes<\/span><\/p>\n<h2 class=\"feature-benefit__title contrast-target\" data-font-size-mo=\"30\" data-font-size-pc=\"48\" data-pb-style=\"6248F6C023833\"><strong><span data-pb-style=\"6248F6C02383E\">Juegos m\u00e1s fluidos con AMD FreeSync<\/span><\/strong><\/h2>\n<div class=\"feature-benefit__desc-wrap\">\n<p class=\"feature-benefit__desc contrast-target\" data-font-size-mo=\"12\" data-font-size-pc=\"18\" data-pb-style=\"6248F6C023849\"><span data-pb-style=\"6248F6C023854\">Con Samsung te sumergir\u00e1s en tus juegos favoritos. AMD FreeSync minimiza los molestos parpadeos de la pantalla al sincronizar la tasa de refresco con la de las im\u00e1genes que se muestran. Su r\u00e1pido tiempo de respuesta de 4ms evita el molesto efecto fantasma, as\u00ed como los halos en las im\u00e1genes en movimiento. El Modo gaming optimiza al instante los colores y el contraste de la pantalla, para disfrutar de las escenas de los juegos en toda su riqueza.<\/span><\/p>\n<h2 class=\"feature-benefit__title contrast-target\" data-font-size-mo=\"30\" data-font-size-pc=\"48\" data-pb-style=\"6248F6C023899\"><strong><span data-pb-style=\"6248F6C0238A5\">Un perfil Super Slim con un elegante dise\u00f1o curvo<\/span><\/strong><\/h2>\n<div class=\"feature-benefit__desc-wrap\">\n<p class=\"feature-benefit__desc contrast-target\" data-font-size-mo=\"12\" data-font-size-pc=\"18\" data-pb-style=\"6248F6C0238AF\"><span data-pb-style=\"6248F6C0238BA\">Con un grosor de solo 11,9 mm, la pantalla curva de tu monitor ocupa la mitad que otros monitores curvos. Adem\u00e1s, su peana circular le otorga un aspecto elegante y resalta todav\u00eda m\u00e1s la curvatura de su pantalla.<br \/>\n<\/span><\/p>\n<h2 class=\"feature-benefit__title contrast-target\" data-font-size-mo=\"30\" data-font-size-pc=\"48\" data-pb-style=\"6248F6C023900\"><strong><span data-pb-style=\"6248F6C02390B\">Reduce el consumo energ\u00e9tico<\/span><\/strong><\/h2>\n<div class=\"feature-benefit__desc-wrap\">\n<p class=\"feature-benefit__desc contrast-target\" data-font-size-mo=\"12\" data-font-size-pc=\"18\" data-pb-style=\"6248F6C023916\"><span data-pb-style=\"6248F6C023921\">Con el nuevo monitor curvo de Samsung y la funci\u00f3n de brillo autom\u00e1tico, capaz de ajustar el brillo de la pantalla seg\u00fan el entorno, reducir\u00e1s en un 10% el consumo energ\u00e9tico. Y por si fuera poco, podr\u00e1s ajustar el brillo de forma manual desde un 25% hasta un 50%.<br \/>\n<\/span><\/p>\n<p data-font-size-mo=\"12\" data-font-size-pc=\"18\" data-pb-style=\"6248F6C023916\">\n<\/div>\n<\/div>\n<\/div>\n<\/div>\n<\/div>\n<\/div>\n<\/div>\n<\/div>\n<\/div>\n","protected":false},"excerpt":{"rendered":"<ul>\n<li><strong>Tipo de pantalla:<\/strong>\u00a0LED Curvo de 27&#8221;<\/li>\n<li><strong>Resoluci\u00f3n:<\/strong>\u00a0Full HD 1920 x 1080p<\/li>\n<li><strong>Curvatura:<\/strong>\u00a01800R<\/li>\n<li><strong>Tecnolog\u00eda:<\/strong>\u00a0AMD FreeSync<\/li>\n<li><strong>Interfaz:\u00a0<\/strong>\u00a0HDMI y VGA<\/li>\n<li><strong>Tiempo de respuesta:<\/strong>\u00a04 (GTG)<\/li>\n<\/ul>\n","protected":false},"featured_media":8539,"template":"","meta":{"om_disable_all_campaigns":false},"product_cat":[354],"product_tag":[],"class_list":{"0":"post-8538","1":"product","2":"type-product","3":"status-publish","4":"has-post-thumbnail","6":"product_cat-monitores-informatica-electronica","8":"first","9":"instock","10":"shipping-taxable","11":"purchasable","12":"product-type-simple"},"yoast_head":"<!-- This site is optimized with the Yoast SEO plugin v23.6 - https:\/\/yoast.com\/wordpress\/plugins\/seo\/ -->\n<title>Monitor LED Curvo Samsung de 27&quot; FHD LC27F390FHLXZX HDMI\/VGA - Negro - Teleclub<\/title>\n<meta name=\"robots\" content=\"index, follow, max-snippet:-1, max-image-preview:large, max-video-preview:-1\" \/>\n<link rel=\"canonical\" href=\"https:\/\/www.teleclub.com.py\/index.php\/product\/monitor-led-curvo-samsung-de-27-fhd-lc27f390fhlxzx-hdmi-vga-negro\/\" \/>\n<meta property=\"og:locale\" content=\"es_ES\" \/>\n<meta property=\"og:type\" content=\"article\" \/>\n<meta property=\"og:title\" content=\"Monitor LED Curvo Samsung de 27&quot; FHD LC27F390FHLXZX HDMI\/VGA - Negro - Teleclub\" \/>\n<meta property=\"og:description\" content=\"Tipo de pantalla:\u00a0LED Curvo de 27&#039;&#039;  Resoluci\u00f3n:\u00a0Full HD 1920 x 1080p  Curvatura:\u00a01800R  Tecnolog\u00eda:\u00a0AMD FreeSync  Interfaz:\u00a0\u00a0HDMI y VGA  Tiempo de respuesta:\u00a04 (GTG)\" \/>\n<meta property=\"og:url\" content=\"https:\/\/www.teleclub.com.py\/index.php\/product\/monitor-led-curvo-samsung-de-27-fhd-lc27f390fhlxzx-hdmi-vga-negro\/\" \/>\n<meta property=\"og:site_name\" content=\"Teleclub\" \/>\n<meta property=\"article:publisher\" content=\"https:\/\/www.facebook.com\/teleclubpy\" \/>\n<meta property=\"article:modified_time\" content=\"2024-08-30T22:33:29+00:00\" \/>\n<meta property=\"og:image\" content=\"https:\/\/www.teleclub.com.py\/wp-content\/uploads\/2024\/08\/aa-88.png\" \/>\n\t<meta property=\"og:image:width\" content=\"1000\" \/>\n\t<meta property=\"og:image:height\" content=\"1000\" \/>\n\t<meta property=\"og:image:type\" content=\"image\/png\" \/>\n<meta name=\"twitter:card\" content=\"summary_large_image\" \/>\n<meta name=\"twitter:label1\" content=\"Tiempo de lectura\" \/>\n\t<meta name=\"twitter:data1\" content=\"2 minutos\" \/>\n<script type=\"application\/ld+json\" class=\"yoast-schema-graph\">{\"@context\":\"https:\/\/schema.org\",\"@graph\":[{\"@type\":\"WebPage\",\"@id\":\"https:\/\/www.teleclub.com.py\/index.php\/product\/monitor-led-curvo-samsung-de-27-fhd-lc27f390fhlxzx-hdmi-vga-negro\/\",\"url\":\"https:\/\/www.teleclub.com.py\/index.php\/product\/monitor-led-curvo-samsung-de-27-fhd-lc27f390fhlxzx-hdmi-vga-negro\/\",\"name\":\"Monitor LED Curvo Samsung de 27&quot; FHD LC27F390FHLXZX HDMI\/VGA - Negro - Teleclub\",\"isPartOf\":{\"@id\":\"https:\/\/www.teleclub.com.py\/#website\"},\"primaryImageOfPage\":{\"@id\":\"https:\/\/www.teleclub.com.py\/index.php\/product\/monitor-led-curvo-samsung-de-27-fhd-lc27f390fhlxzx-hdmi-vga-negro\/#primaryimage\"},\"image\":{\"@id\":\"https:\/\/www.teleclub.com.py\/index.php\/product\/monitor-led-curvo-samsung-de-27-fhd-lc27f390fhlxzx-hdmi-vga-negro\/#primaryimage\"},\"thumbnailUrl\":\"https:\/\/www.teleclub.com.py\/wp-content\/uploads\/2024\/08\/aa-88.png\",\"datePublished\":\"2024-08-29T12:38:58+00:00\",\"dateModified\":\"2024-08-30T22:33:29+00:00\",\"breadcrumb\":{\"@id\":\"https:\/\/www.teleclub.com.py\/index.php\/product\/monitor-led-curvo-samsung-de-27-fhd-lc27f390fhlxzx-hdmi-vga-negro\/#breadcrumb\"},\"inLanguage\":\"es\",\"potentialAction\":[{\"@type\":\"ReadAction\",\"target\":[\"https:\/\/www.teleclub.com.py\/index.php\/product\/monitor-led-curvo-samsung-de-27-fhd-lc27f390fhlxzx-hdmi-vga-negro\/\"]}]},{\"@type\":\"ImageObject\",\"inLanguage\":\"es\",\"@id\":\"https:\/\/www.teleclub.com.py\/index.php\/product\/monitor-led-curvo-samsung-de-27-fhd-lc27f390fhlxzx-hdmi-vga-negro\/#primaryimage\",\"url\":\"https:\/\/www.teleclub.com.py\/wp-content\/uploads\/2024\/08\/aa-88.png\",\"contentUrl\":\"https:\/\/www.teleclub.com.py\/wp-content\/uploads\/2024\/08\/aa-88.png\",\"width\":1000,\"height\":1000},{\"@type\":\"BreadcrumbList\",\"@id\":\"https:\/\/www.teleclub.com.py\/index.php\/product\/monitor-led-curvo-samsung-de-27-fhd-lc27f390fhlxzx-hdmi-vga-negro\/#breadcrumb\",\"itemListElement\":[{\"@type\":\"ListItem\",\"position\":1,\"name\":\"Portada\",\"item\":\"https:\/\/www.teleclub.com.py\/\"},{\"@type\":\"ListItem\",\"position\":2,\"name\":\"Shop\",\"item\":\"https:\/\/www.teleclub.com.py\/index.php\/shop-2\/\"},{\"@type\":\"ListItem\",\"position\":3,\"name\":\"Monitor LED Curvo Samsung de 27&quot; FHD LC27F390FHLXZX HDMI\/VGA &#8211; Negro\"}]},{\"@type\":\"WebSite\",\"@id\":\"https:\/\/www.teleclub.com.py\/#website\",\"url\":\"https:\/\/www.teleclub.com.py\/\",\"name\":\"Teleclub\",\"description\":\"Tu tienda online\",\"publisher\":{\"@id\":\"https:\/\/www.teleclub.com.py\/#organization\"},\"potentialAction\":[{\"@type\":\"SearchAction\",\"target\":{\"@type\":\"EntryPoint\",\"urlTemplate\":\"https:\/\/www.teleclub.com.py\/?s={search_term_string}\"},\"query-input\":{\"@type\":\"PropertyValueSpecification\",\"valueRequired\":true,\"valueName\":\"search_term_string\"}}],\"inLanguage\":\"es\"},{\"@type\":\"Organization\",\"@id\":\"https:\/\/www.teleclub.com.py\/#organization\",\"name\":\"Teleclub\",\"url\":\"https:\/\/www.teleclub.com.py\/\",\"logo\":{\"@type\":\"ImageObject\",\"inLanguage\":\"es\",\"@id\":\"https:\/\/www.teleclub.com.py\/#\/schema\/logo\/image\/\",\"url\":\"https:\/\/www.teleclub.com.py\/wp-content\/uploads\/2024\/09\/1611317346760_TeleClub_logo_FondoBlanco-2.jpg\",\"contentUrl\":\"https:\/\/www.teleclub.com.py\/wp-content\/uploads\/2024\/09\/1611317346760_TeleClub_logo_FondoBlanco-2.jpg\",\"width\":1600,\"height\":1600,\"caption\":\"Teleclub\"},\"image\":{\"@id\":\"https:\/\/www.teleclub.com.py\/#\/schema\/logo\/image\/\"},\"sameAs\":[\"https:\/\/www.facebook.com\/teleclubpy\",\"https:\/\/www.instagram.com\/teleclubpy\"]}]}<\/script>\n<!-- \/ Yoast SEO plugin. -->","yoast_head_json":{"title":"Monitor LED Curvo Samsung de 27&quot; FHD LC27F390FHLXZX HDMI\/VGA - Negro - Teleclub","robots":{"index":"index","follow":"follow","max-snippet":"max-snippet:-1","max-image-preview":"max-image-preview:large","max-video-preview":"max-video-preview:-1"},"canonical":"https:\/\/www.teleclub.com.py\/index.php\/product\/monitor-led-curvo-samsung-de-27-fhd-lc27f390fhlxzx-hdmi-vga-negro\/","og_locale":"es_ES","og_type":"article","og_title":"Monitor LED Curvo Samsung de 27&quot; FHD LC27F390FHLXZX HDMI\/VGA - Negro - Teleclub","og_description":"Tipo de pantalla:\u00a0LED Curvo de 27''  Resoluci\u00f3n:\u00a0Full HD 1920 x 1080p  Curvatura:\u00a01800R  Tecnolog\u00eda:\u00a0AMD FreeSync  Interfaz:\u00a0\u00a0HDMI y VGA  Tiempo de respuesta:\u00a04 (GTG)","og_url":"https:\/\/www.teleclub.com.py\/index.php\/product\/monitor-led-curvo-samsung-de-27-fhd-lc27f390fhlxzx-hdmi-vga-negro\/","og_site_name":"Teleclub","article_publisher":"https:\/\/www.facebook.com\/teleclubpy","article_modified_time":"2024-08-30T22:33:29+00:00","og_image":[{"width":1000,"height":1000,"url":"https:\/\/www.teleclub.com.py\/wp-content\/uploads\/2024\/08\/aa-88.png","type":"image\/png"}],"twitter_card":"summary_large_image","twitter_misc":{"Tiempo de lectura":"2 minutos"},"schema":{"@context":"https:\/\/schema.org","@graph":[{"@type":"WebPage","@id":"https:\/\/www.teleclub.com.py\/index.php\/product\/monitor-led-curvo-samsung-de-27-fhd-lc27f390fhlxzx-hdmi-vga-negro\/","url":"https:\/\/www.teleclub.com.py\/index.php\/product\/monitor-led-curvo-samsung-de-27-fhd-lc27f390fhlxzx-hdmi-vga-negro\/","name":"Monitor LED Curvo Samsung de 27&quot; FHD LC27F390FHLXZX HDMI\/VGA - Negro - Teleclub","isPartOf":{"@id":"https:\/\/www.teleclub.com.py\/#website"},"primaryImageOfPage":{"@id":"https:\/\/www.teleclub.com.py\/index.php\/product\/monitor-led-curvo-samsung-de-27-fhd-lc27f390fhlxzx-hdmi-vga-negro\/#primaryimage"},"image":{"@id":"https:\/\/www.teleclub.com.py\/index.php\/product\/monitor-led-curvo-samsung-de-27-fhd-lc27f390fhlxzx-hdmi-vga-negro\/#primaryimage"},"thumbnailUrl":"https:\/\/www.teleclub.com.py\/wp-content\/uploads\/2024\/08\/aa-88.png","datePublished":"2024-08-29T12:38:58+00:00","dateModified":"2024-08-30T22:33:29+00:00","breadcrumb":{"@id":"https:\/\/www.teleclub.com.py\/index.php\/product\/monitor-led-curvo-samsung-de-27-fhd-lc27f390fhlxzx-hdmi-vga-negro\/#breadcrumb"},"inLanguage":"es","potentialAction":[{"@type":"ReadAction","target":["https:\/\/www.teleclub.com.py\/index.php\/product\/monitor-led-curvo-samsung-de-27-fhd-lc27f390fhlxzx-hdmi-vga-negro\/"]}]},{"@type":"ImageObject","inLanguage":"es","@id":"https:\/\/www.teleclub.com.py\/index.php\/product\/monitor-led-curvo-samsung-de-27-fhd-lc27f390fhlxzx-hdmi-vga-negro\/#primaryimage","url":"https:\/\/www.teleclub.com.py\/wp-content\/uploads\/2024\/08\/aa-88.png","contentUrl":"https:\/\/www.teleclub.com.py\/wp-content\/uploads\/2024\/08\/aa-88.png","width":1000,"height":1000},{"@type":"BreadcrumbList","@id":"https:\/\/www.teleclub.com.py\/index.php\/product\/monitor-led-curvo-samsung-de-27-fhd-lc27f390fhlxzx-hdmi-vga-negro\/#breadcrumb","itemListElement":[{"@type":"ListItem","position":1,"name":"Portada","item":"https:\/\/www.teleclub.com.py\/"},{"@type":"ListItem","position":2,"name":"Shop","item":"https:\/\/www.teleclub.com.py\/index.php\/shop-2\/"},{"@type":"ListItem","position":3,"name":"Monitor LED Curvo Samsung de 27&quot; FHD LC27F390FHLXZX HDMI\/VGA &#8211; Negro"}]},{"@type":"WebSite","@id":"https:\/\/www.teleclub.com.py\/#website","url":"https:\/\/www.teleclub.com.py\/","name":"Teleclub","description":"Tu tienda online","publisher":{"@id":"https:\/\/www.teleclub.com.py\/#organization"},"potentialAction":[{"@type":"SearchAction","target":{"@type":"EntryPoint","urlTemplate":"https:\/\/www.teleclub.com.py\/?s={search_term_string}"},"query-input":{"@type":"PropertyValueSpecification","valueRequired":true,"valueName":"search_term_string"}}],"inLanguage":"es"},{"@type":"Organization","@id":"https:\/\/www.teleclub.com.py\/#organization","name":"Teleclub","url":"https:\/\/www.teleclub.com.py\/","logo":{"@type":"ImageObject","inLanguage":"es","@id":"https:\/\/www.teleclub.com.py\/#\/schema\/logo\/image\/","url":"https:\/\/www.teleclub.com.py\/wp-content\/uploads\/2024\/09\/1611317346760_TeleClub_logo_FondoBlanco-2.jpg","contentUrl":"https:\/\/www.teleclub.com.py\/wp-content\/uploads\/2024\/09\/1611317346760_TeleClub_logo_FondoBlanco-2.jpg","width":1600,"height":1600,"caption":"Teleclub"},"image":{"@id":"https:\/\/www.teleclub.com.py\/#\/schema\/logo\/image\/"},"sameAs":["https:\/\/www.facebook.com\/teleclubpy","https:\/\/www.instagram.com\/teleclubpy"]}]}},"_links":{"self":[{"href":"https:\/\/www.teleclub.com.py\/index.php\/wp-json\/wp\/v2\/product\/8538","targetHints":{"allow":["GET"]}}],"collection":[{"href":"https:\/\/www.teleclub.com.py\/index.php\/wp-json\/wp\/v2\/product"}],"about":[{"href":"https:\/\/www.teleclub.com.py\/index.php\/wp-json\/wp\/v2\/types\/product"}],"wp:featuredmedia":[{"embeddable":true,"href":"https:\/\/www.teleclub.com.py\/index.php\/wp-json\/wp\/v2\/media\/8539"}],"wp:attachment":[{"href":"https:\/\/www.teleclub.com.py\/index.php\/wp-json\/wp\/v2\/media?parent=8538"}],"wp:term":[{"taxonomy":"product_cat","embeddable":true,"href":"https:\/\/www.teleclub.com.py\/index.php\/wp-json\/wp\/v2\/product_cat?post=8538"},{"taxonomy":"product_tag","embeddable":true,"href":"https:\/\/www.teleclub.com.py\/index.php\/wp-json\/wp\/v2\/product_tag?post=8538"}],"curies":[{"name":"wp","href":"https:\/\/api.w.org\/{rel}","templated":true}]}}