{"id":8447,"date":"2024-08-28T18:08:25","date_gmt":"2024-08-28T22:08:25","guid":{"rendered":"https:\/\/www.teleclub.com.py\/?post_type=product&#038;p=8447"},"modified":"2024-08-30T18:31:34","modified_gmt":"2024-08-30T22:31:34","slug":"teclado-gaming-redragon-k617-r-fizz-rainbow-60-switch-blue-usb-rosa-blanco","status":"publish","type":"product","link":"https:\/\/www.teleclub.com.py\/index.php\/product\/teclado-gaming-redragon-k617-r-fizz-rainbow-60-switch-blue-usb-rosa-blanco\/","title":{"rendered":"Teclado Gaming Redragon K617-R Fizz Rainbow 60% Switch Blue USB &#8211; Rosa\/Blanco"},"content":{"rendered":"<p>El teclado gamer Redragon K617-R Fizz Rainbow de 61 teclas es ideal para aquellos jugadores de PC que buscan una configuraci\u00f3n compacta y eficiente. Con interruptores mec\u00e1nicos azules de alta calidad, garantiza una excelente respuesta en cada pulsaci\u00f3n. Su dise\u00f1o compacto lo hace perfecto para espacios reducidos o jugadores que prefieren un teclado m\u00e1s peque\u00f1o. Adem\u00e1s, las teclas de doble disparo permiten que la retroiluminaci\u00f3n LED Rainbow brille intensamente a trav\u00e9s de cada tecla.<\/p>\n<p>Con la posibilidad de intercambiar los interruptores y una durabilidad de hasta 50 millones de pulsaciones, este teclado ofrece una experiencia duradera y personalizable. La retroiluminaci\u00f3n RGB vibrante con 20 modos preestablecidos y la capacidad de ajustar el brillo y la velocidad del flujo directamente desde el teclado proporcionan una experiencia visual envolvente.<\/p>\n<p>Adem\u00e1s, el software profesional compatible permite una mayor personalizaci\u00f3n, con la capacidad de crear macros y efectos nuevos. El dise\u00f1o ergon\u00f3mico est\u00e1 pensado especialmente para jugadores de FPS, asegurando que el teclado se mantenga en su lugar para que el mouse pueda moverse sin obst\u00e1culos, permiti\u00e9ndote concentrarte en tus objetivos en el juego.<\/p>\n","protected":false},"excerpt":{"rendered":"<ul>\n<li><strong>Dise\u00f1o:<\/strong>\u00a0Compacto y port\u00e1til<\/li>\n<li><strong>Tipo de teclado:<\/strong>\u00a0Mec\u00e1nico<\/li>\n<li><strong>Switch:<\/strong>\u00a0Blue<\/li>\n<li><strong>Retroiluminaci\u00f3n:<\/strong>\u00a0LED Rainbow<\/li>\n<li><strong>Interfaz:<\/strong>\u00a0USB-C<\/li>\n<\/ul>\n","protected":false},"featured_media":8448,"template":"","meta":{"om_disable_all_campaigns":false},"product_cat":[405],"product_tag":[],"class_list":{"0":"post-8447","1":"product","2":"type-product","3":"status-publish","4":"has-post-thumbnail","6":"product_cat-zona-gaming","8":"first","9":"instock","10":"shipping-taxable","11":"purchasable","12":"product-type-simple"},"yoast_head":"<!-- This site is optimized with the Yoast SEO plugin v23.6 - https:\/\/yoast.com\/wordpress\/plugins\/seo\/ -->\n<title>Teclado Gaming Redragon K617-R Fizz Rainbow 60% Switch Blue USB - Rosa\/Blanco - Teleclub<\/title>\n<meta name=\"robots\" content=\"index, follow, max-snippet:-1, max-image-preview:large, max-video-preview:-1\" \/>\n<link rel=\"canonical\" href=\"https:\/\/www.teleclub.com.py\/index.php\/product\/teclado-gaming-redragon-k617-r-fizz-rainbow-60-switch-blue-usb-rosa-blanco\/\" \/>\n<meta property=\"og:locale\" content=\"es_ES\" \/>\n<meta property=\"og:type\" content=\"article\" \/>\n<meta property=\"og:title\" content=\"Teclado Gaming Redragon K617-R Fizz Rainbow 60% Switch Blue USB - Rosa\/Blanco - Teleclub\" \/>\n<meta property=\"og:description\" content=\"Dise\u00f1o:\u00a0Compacto y port\u00e1til  Tipo de teclado:\u00a0Mec\u00e1nico  Switch:\u00a0Blue  Retroiluminaci\u00f3n:\u00a0LED Rainbow  Interfaz:\u00a0USB-C\" \/>\n<meta property=\"og:url\" content=\"https:\/\/www.teleclub.com.py\/index.php\/product\/teclado-gaming-redragon-k617-r-fizz-rainbow-60-switch-blue-usb-rosa-blanco\/\" \/>\n<meta property=\"og:site_name\" content=\"Teleclub\" \/>\n<meta property=\"article:publisher\" content=\"https:\/\/www.facebook.com\/teleclubpy\" \/>\n<meta property=\"article:modified_time\" content=\"2024-08-30T22:31:34+00:00\" \/>\n<meta property=\"og:image\" content=\"https:\/\/www.teleclub.com.py\/wp-content\/uploads\/2024\/08\/a-272.png\" \/>\n\t<meta property=\"og:image:width\" content=\"600\" \/>\n\t<meta property=\"og:image:height\" content=\"600\" \/>\n\t<meta property=\"og:image:type\" content=\"image\/png\" \/>\n<meta name=\"twitter:card\" content=\"summary_large_image\" \/>\n<meta name=\"twitter:label1\" content=\"Tiempo de lectura\" \/>\n\t<meta name=\"twitter:data1\" content=\"1 minuto\" \/>\n<script type=\"application\/ld+json\" class=\"yoast-schema-graph\">{\"@context\":\"https:\/\/schema.org\",\"@graph\":[{\"@type\":\"WebPage\",\"@id\":\"https:\/\/www.teleclub.com.py\/index.php\/product\/teclado-gaming-redragon-k617-r-fizz-rainbow-60-switch-blue-usb-rosa-blanco\/\",\"url\":\"https:\/\/www.teleclub.com.py\/index.php\/product\/teclado-gaming-redragon-k617-r-fizz-rainbow-60-switch-blue-usb-rosa-blanco\/\",\"name\":\"Teclado Gaming Redragon K617-R Fizz Rainbow 60% Switch Blue USB - Rosa\/Blanco - Teleclub\",\"isPartOf\":{\"@id\":\"https:\/\/www.teleclub.com.py\/#website\"},\"primaryImageOfPage\":{\"@id\":\"https:\/\/www.teleclub.com.py\/index.php\/product\/teclado-gaming-redragon-k617-r-fizz-rainbow-60-switch-blue-usb-rosa-blanco\/#primaryimage\"},\"image\":{\"@id\":\"https:\/\/www.teleclub.com.py\/index.php\/product\/teclado-gaming-redragon-k617-r-fizz-rainbow-60-switch-blue-usb-rosa-blanco\/#primaryimage\"},\"thumbnailUrl\":\"https:\/\/www.teleclub.com.py\/wp-content\/uploads\/2024\/08\/a-272.png\",\"datePublished\":\"2024-08-28T22:08:25+00:00\",\"dateModified\":\"2024-08-30T22:31:34+00:00\",\"breadcrumb\":{\"@id\":\"https:\/\/www.teleclub.com.py\/index.php\/product\/teclado-gaming-redragon-k617-r-fizz-rainbow-60-switch-blue-usb-rosa-blanco\/#breadcrumb\"},\"inLanguage\":\"es\",\"potentialAction\":[{\"@type\":\"ReadAction\",\"target\":[\"https:\/\/www.teleclub.com.py\/index.php\/product\/teclado-gaming-redragon-k617-r-fizz-rainbow-60-switch-blue-usb-rosa-blanco\/\"]}]},{\"@type\":\"ImageObject\",\"inLanguage\":\"es\",\"@id\":\"https:\/\/www.teleclub.com.py\/index.php\/product\/teclado-gaming-redragon-k617-r-fizz-rainbow-60-switch-blue-usb-rosa-blanco\/#primaryimage\",\"url\":\"https:\/\/www.teleclub.com.py\/wp-content\/uploads\/2024\/08\/a-272.png\",\"contentUrl\":\"https:\/\/www.teleclub.com.py\/wp-content\/uploads\/2024\/08\/a-272.png\",\"width\":600,\"height\":600},{\"@type\":\"BreadcrumbList\",\"@id\":\"https:\/\/www.teleclub.com.py\/index.php\/product\/teclado-gaming-redragon-k617-r-fizz-rainbow-60-switch-blue-usb-rosa-blanco\/#breadcrumb\",\"itemListElement\":[{\"@type\":\"ListItem\",\"position\":1,\"name\":\"Portada\",\"item\":\"https:\/\/www.teleclub.com.py\/\"},{\"@type\":\"ListItem\",\"position\":2,\"name\":\"Shop\",\"item\":\"https:\/\/www.teleclub.com.py\/index.php\/shop-2\/\"},{\"@type\":\"ListItem\",\"position\":3,\"name\":\"Teclado Gaming Redragon K617-R Fizz Rainbow 60% Switch Blue USB &#8211; Rosa\/Blanco\"}]},{\"@type\":\"WebSite\",\"@id\":\"https:\/\/www.teleclub.com.py\/#website\",\"url\":\"https:\/\/www.teleclub.com.py\/\",\"name\":\"Teleclub\",\"description\":\"Tu tienda online\",\"publisher\":{\"@id\":\"https:\/\/www.teleclub.com.py\/#organization\"},\"potentialAction\":[{\"@type\":\"SearchAction\",\"target\":{\"@type\":\"EntryPoint\",\"urlTemplate\":\"https:\/\/www.teleclub.com.py\/?s={search_term_string}\"},\"query-input\":{\"@type\":\"PropertyValueSpecification\",\"valueRequired\":true,\"valueName\":\"search_term_string\"}}],\"inLanguage\":\"es\"},{\"@type\":\"Organization\",\"@id\":\"https:\/\/www.teleclub.com.py\/#organization\",\"name\":\"Teleclub\",\"url\":\"https:\/\/www.teleclub.com.py\/\",\"logo\":{\"@type\":\"ImageObject\",\"inLanguage\":\"es\",\"@id\":\"https:\/\/www.teleclub.com.py\/#\/schema\/logo\/image\/\",\"url\":\"https:\/\/www.teleclub.com.py\/wp-content\/uploads\/2024\/09\/1611317346760_TeleClub_logo_FondoBlanco-2.jpg\",\"contentUrl\":\"https:\/\/www.teleclub.com.py\/wp-content\/uploads\/2024\/09\/1611317346760_TeleClub_logo_FondoBlanco-2.jpg\",\"width\":1600,\"height\":1600,\"caption\":\"Teleclub\"},\"image\":{\"@id\":\"https:\/\/www.teleclub.com.py\/#\/schema\/logo\/image\/\"},\"sameAs\":[\"https:\/\/www.facebook.com\/teleclubpy\",\"https:\/\/www.instagram.com\/teleclubpy\"]}]}<\/script>\n<!-- \/ Yoast SEO plugin. -->","yoast_head_json":{"title":"Teclado Gaming Redragon K617-R Fizz Rainbow 60% Switch Blue USB - Rosa\/Blanco - Teleclub","robots":{"index":"index","follow":"follow","max-snippet":"max-snippet:-1","max-image-preview":"max-image-preview:large","max-video-preview":"max-video-preview:-1"},"canonical":"https:\/\/www.teleclub.com.py\/index.php\/product\/teclado-gaming-redragon-k617-r-fizz-rainbow-60-switch-blue-usb-rosa-blanco\/","og_locale":"es_ES","og_type":"article","og_title":"Teclado Gaming Redragon K617-R Fizz Rainbow 60% Switch Blue USB - Rosa\/Blanco - Teleclub","og_description":"Dise\u00f1o:\u00a0Compacto y port\u00e1til  Tipo de teclado:\u00a0Mec\u00e1nico  Switch:\u00a0Blue  Retroiluminaci\u00f3n:\u00a0LED Rainbow  Interfaz:\u00a0USB-C","og_url":"https:\/\/www.teleclub.com.py\/index.php\/product\/teclado-gaming-redragon-k617-r-fizz-rainbow-60-switch-blue-usb-rosa-blanco\/","og_site_name":"Teleclub","article_publisher":"https:\/\/www.facebook.com\/teleclubpy","article_modified_time":"2024-08-30T22:31:34+00:00","og_image":[{"width":600,"height":600,"url":"https:\/\/www.teleclub.com.py\/wp-content\/uploads\/2024\/08\/a-272.png","type":"image\/png"}],"twitter_card":"summary_large_image","twitter_misc":{"Tiempo de lectura":"1 minuto"},"schema":{"@context":"https:\/\/schema.org","@graph":[{"@type":"WebPage","@id":"https:\/\/www.teleclub.com.py\/index.php\/product\/teclado-gaming-redragon-k617-r-fizz-rainbow-60-switch-blue-usb-rosa-blanco\/","url":"https:\/\/www.teleclub.com.py\/index.php\/product\/teclado-gaming-redragon-k617-r-fizz-rainbow-60-switch-blue-usb-rosa-blanco\/","name":"Teclado Gaming Redragon K617-R Fizz Rainbow 60% Switch Blue USB - Rosa\/Blanco - Teleclub","isPartOf":{"@id":"https:\/\/www.teleclub.com.py\/#website"},"primaryImageOfPage":{"@id":"https:\/\/www.teleclub.com.py\/index.php\/product\/teclado-gaming-redragon-k617-r-fizz-rainbow-60-switch-blue-usb-rosa-blanco\/#primaryimage"},"image":{"@id":"https:\/\/www.teleclub.com.py\/index.php\/product\/teclado-gaming-redragon-k617-r-fizz-rainbow-60-switch-blue-usb-rosa-blanco\/#primaryimage"},"thumbnailUrl":"https:\/\/www.teleclub.com.py\/wp-content\/uploads\/2024\/08\/a-272.png","datePublished":"2024-08-28T22:08:25+00:00","dateModified":"2024-08-30T22:31:34+00:00","breadcrumb":{"@id":"https:\/\/www.teleclub.com.py\/index.php\/product\/teclado-gaming-redragon-k617-r-fizz-rainbow-60-switch-blue-usb-rosa-blanco\/#breadcrumb"},"inLanguage":"es","potentialAction":[{"@type":"ReadAction","target":["https:\/\/www.teleclub.com.py\/index.php\/product\/teclado-gaming-redragon-k617-r-fizz-rainbow-60-switch-blue-usb-rosa-blanco\/"]}]},{"@type":"ImageObject","inLanguage":"es","@id":"https:\/\/www.teleclub.com.py\/index.php\/product\/teclado-gaming-redragon-k617-r-fizz-rainbow-60-switch-blue-usb-rosa-blanco\/#primaryimage","url":"https:\/\/www.teleclub.com.py\/wp-content\/uploads\/2024\/08\/a-272.png","contentUrl":"https:\/\/www.teleclub.com.py\/wp-content\/uploads\/2024\/08\/a-272.png","width":600,"height":600},{"@type":"BreadcrumbList","@id":"https:\/\/www.teleclub.com.py\/index.php\/product\/teclado-gaming-redragon-k617-r-fizz-rainbow-60-switch-blue-usb-rosa-blanco\/#breadcrumb","itemListElement":[{"@type":"ListItem","position":1,"name":"Portada","item":"https:\/\/www.teleclub.com.py\/"},{"@type":"ListItem","position":2,"name":"Shop","item":"https:\/\/www.teleclub.com.py\/index.php\/shop-2\/"},{"@type":"ListItem","position":3,"name":"Teclado Gaming Redragon K617-R Fizz Rainbow 60% Switch Blue USB &#8211; Rosa\/Blanco"}]},{"@type":"WebSite","@id":"https:\/\/www.teleclub.com.py\/#website","url":"https:\/\/www.teleclub.com.py\/","name":"Teleclub","description":"Tu tienda online","publisher":{"@id":"https:\/\/www.teleclub.com.py\/#organization"},"potentialAction":[{"@type":"SearchAction","target":{"@type":"EntryPoint","urlTemplate":"https:\/\/www.teleclub.com.py\/?s={search_term_string}"},"query-input":{"@type":"PropertyValueSpecification","valueRequired":true,"valueName":"search_term_string"}}],"inLanguage":"es"},{"@type":"Organization","@id":"https:\/\/www.teleclub.com.py\/#organization","name":"Teleclub","url":"https:\/\/www.teleclub.com.py\/","logo":{"@type":"ImageObject","inLanguage":"es","@id":"https:\/\/www.teleclub.com.py\/#\/schema\/logo\/image\/","url":"https:\/\/www.teleclub.com.py\/wp-content\/uploads\/2024\/09\/1611317346760_TeleClub_logo_FondoBlanco-2.jpg","contentUrl":"https:\/\/www.teleclub.com.py\/wp-content\/uploads\/2024\/09\/1611317346760_TeleClub_logo_FondoBlanco-2.jpg","width":1600,"height":1600,"caption":"Teleclub"},"image":{"@id":"https:\/\/www.teleclub.com.py\/#\/schema\/logo\/image\/"},"sameAs":["https:\/\/www.facebook.com\/teleclubpy","https:\/\/www.instagram.com\/teleclubpy"]}]}},"_links":{"self":[{"href":"https:\/\/www.teleclub.com.py\/index.php\/wp-json\/wp\/v2\/product\/8447","targetHints":{"allow":["GET"]}}],"collection":[{"href":"https:\/\/www.teleclub.com.py\/index.php\/wp-json\/wp\/v2\/product"}],"about":[{"href":"https:\/\/www.teleclub.com.py\/index.php\/wp-json\/wp\/v2\/types\/product"}],"wp:featuredmedia":[{"embeddable":true,"href":"https:\/\/www.teleclub.com.py\/index.php\/wp-json\/wp\/v2\/media\/8448"}],"wp:attachment":[{"href":"https:\/\/www.teleclub.com.py\/index.php\/wp-json\/wp\/v2\/media?parent=8447"}],"wp:term":[{"taxonomy":"product_cat","embeddable":true,"href":"https:\/\/www.teleclub.com.py\/index.php\/wp-json\/wp\/v2\/product_cat?post=8447"},{"taxonomy":"product_tag","embeddable":true,"href":"https:\/\/www.teleclub.com.py\/index.php\/wp-json\/wp\/v2\/product_tag?post=8447"}],"curies":[{"name":"wp","href":"https:\/\/api.w.org\/{rel}","templated":true}]}}