{"id":7988,"date":"2024-08-25T19:30:05","date_gmt":"2024-08-25T17:30:05","guid":{"rendered":"https:\/\/www.teleclub.com.py\/?post_type=product&#038;p=7988"},"modified":"2024-08-27T00:54:57","modified_gmt":"2024-08-26T22:54:57","slug":"kit-gabinete-mtek-barebone-dk05-con-fuente-speaker-teclado-espanol-mouse-negro","status":"publish","type":"product","link":"https:\/\/www.teleclub.com.py\/index.php\/product\/kit-gabinete-mtek-barebone-dk05-con-fuente-speaker-teclado-espanol-mouse-negro\/","title":{"rendered":"Kit Gabinete Mtek Barebone DK05 con Fuente + Speaker + Teclado Espa\u00f1ol + Mouse &#8211; Negro"},"content":{"rendered":"<table class=\"table table-bordered\">\n<tbody>\n<tr>\n<td>Negro<\/td>\n<\/tr>\n<tr>\n<td>Modelo<\/td>\n<td>DK05<\/td>\n<\/tr>\n<tr>\n<td>Conexiones<\/td>\n<td>2 USB &#8211; 2 Mini Jack 3.5mm (Micr\u00f3fono y Audio)<\/td>\n<\/tr>\n<tr>\n<td>Audio<\/td>\n<td>Altavoces de 200W con conexi\u00f3n Jack 3.5mm y alimentaci\u00f3n USB 2.0<\/td>\n<\/tr>\n<tr>\n<td>Incluye<\/td>\n<td>Speaker &#8211; Teclado espa\u00f1ol &#8211; Fuente<\/td>\n<\/tr>\n<tr>\n<td>Potencia<\/td>\n<td>Fuente de 180W<\/td>\n<\/tr>\n<tr>\n<td>Compatibilidad<\/td>\n<td>Compatible con placas madre ATX, MicroATX y Mini ITX<\/td>\n<\/tr>\n<tr>\n<td>Tipo<\/td>\n<td>Mouse: \u00d3ptico<\/td>\n<\/tr>\n<tr>\n<td>Lector de Disco<\/td>\n<td>Soporta 2 de 5.25 pulgadas<\/td>\n<\/tr>\n<tr>\n<td>Ranuras de Expansi\u00f3n<\/td>\n<td>6 PCI<\/td>\n<\/tr>\n<tr>\n<td>Almacenamiento<\/td>\n<td>Soporta 1 unidad de 3.5\/2.5 pulgadas y 2 para SSD de 2.5 pulgadas<\/td>\n<\/tr>\n<tr>\n<td>Observaci\u00f3n<\/td>\n<td>Fuente: Est\u00e1ndar ATX &#8211; Alimentaci\u00f3n 20+4 pines para placa base &#8211; Fuente de alimentaci\u00f3n CPU 4+4= 8 pines 12V &#8211; Fuente de alimentaci\u00f3n 4 pines molex x2 &#8211; Alimentaci\u00f3n SATA x2 &#8211; Fuente de alimentaci\u00f3n de disquete 4 pines x1<\/td>\n<\/tr>\n<\/tbody>\n<thead>\n<tr>\n<td colspan=\"2\"><strong>Display<\/strong><\/td>\n<\/tr>\n<\/thead>\n<tbody>\n<tr>\n<td>Resoluci\u00f3n<\/td>\n<td>Mouse: 1.200 DPI<\/td>\n<\/tr>\n<\/tbody>\n<\/table>\n","protected":false},"excerpt":{"rendered":"<ul>\n<li>Conexiones: 2 USB &#8211; 2 Mini Jack 3.5mm (Micr\u00f3fono y Audio)<\/li>\n<li>Incluye: Speaker &#8211; Teclado espa\u00f1ol &#8211; Fuente<\/li>\n<li>Potencia: Fuente de 180W<\/li>\n<li>Resoluci\u00f3n Mouse: 1.200 DPI<\/li>\n<\/ul>\n","protected":false},"featured_media":7989,"template":"","meta":{"om_disable_all_campaigns":false},"product_cat":[359],"product_tag":[],"class_list":{"0":"post-7988","1":"product","2":"type-product","3":"status-publish","4":"has-post-thumbnail","6":"product_cat-accesorios-informatica-electronica","8":"first","9":"instock","10":"shipping-taxable","11":"purchasable","12":"product-type-simple"},"yoast_head":"<!-- This site is optimized with the Yoast SEO plugin v23.6 - https:\/\/yoast.com\/wordpress\/plugins\/seo\/ -->\n<title>Kit Gabinete Mtek Barebone DK05 con Fuente + Speaker + Teclado Espa\u00f1ol + Mouse - Negro - Teleclub<\/title>\n<meta name=\"robots\" content=\"index, follow, max-snippet:-1, max-image-preview:large, max-video-preview:-1\" \/>\n<link rel=\"canonical\" href=\"https:\/\/www.teleclub.com.py\/index.php\/product\/kit-gabinete-mtek-barebone-dk05-con-fuente-speaker-teclado-espanol-mouse-negro\/\" \/>\n<meta property=\"og:locale\" content=\"es_ES\" \/>\n<meta property=\"og:type\" content=\"article\" \/>\n<meta property=\"og:title\" content=\"Kit Gabinete Mtek Barebone DK05 con Fuente + Speaker + Teclado Espa\u00f1ol + Mouse - Negro - Teleclub\" \/>\n<meta property=\"og:description\" content=\"Conexiones: 2 USB - 2 Mini Jack 3.5mm (Micr\u00f3fono y Audio)  Incluye: Speaker - Teclado espa\u00f1ol - Fuente  Potencia: Fuente de 180W  Resoluci\u00f3n Mouse: 1.200 DPI\" \/>\n<meta property=\"og:url\" content=\"https:\/\/www.teleclub.com.py\/index.php\/product\/kit-gabinete-mtek-barebone-dk05-con-fuente-speaker-teclado-espanol-mouse-negro\/\" \/>\n<meta property=\"og:site_name\" content=\"Teleclub\" \/>\n<meta property=\"article:publisher\" content=\"https:\/\/www.facebook.com\/teleclubpy\" \/>\n<meta property=\"article:modified_time\" content=\"2024-08-26T22:54:57+00:00\" \/>\n<meta property=\"og:image\" content=\"https:\/\/www.teleclub.com.py\/wp-content\/uploads\/2024\/08\/aa-13.png\" \/>\n\t<meta property=\"og:image:width\" content=\"488\" \/>\n\t<meta property=\"og:image:height\" content=\"488\" \/>\n\t<meta property=\"og:image:type\" content=\"image\/png\" \/>\n<meta name=\"twitter:card\" content=\"summary_large_image\" \/>\n<meta name=\"twitter:label1\" content=\"Tiempo de lectura\" \/>\n\t<meta name=\"twitter:data1\" content=\"1 minuto\" \/>\n<script type=\"application\/ld+json\" class=\"yoast-schema-graph\">{\"@context\":\"https:\/\/schema.org\",\"@graph\":[{\"@type\":\"WebPage\",\"@id\":\"https:\/\/www.teleclub.com.py\/index.php\/product\/kit-gabinete-mtek-barebone-dk05-con-fuente-speaker-teclado-espanol-mouse-negro\/\",\"url\":\"https:\/\/www.teleclub.com.py\/index.php\/product\/kit-gabinete-mtek-barebone-dk05-con-fuente-speaker-teclado-espanol-mouse-negro\/\",\"name\":\"Kit Gabinete Mtek Barebone DK05 con Fuente + Speaker + Teclado Espa\u00f1ol + Mouse - Negro - Teleclub\",\"isPartOf\":{\"@id\":\"https:\/\/www.teleclub.com.py\/#website\"},\"primaryImageOfPage\":{\"@id\":\"https:\/\/www.teleclub.com.py\/index.php\/product\/kit-gabinete-mtek-barebone-dk05-con-fuente-speaker-teclado-espanol-mouse-negro\/#primaryimage\"},\"image\":{\"@id\":\"https:\/\/www.teleclub.com.py\/index.php\/product\/kit-gabinete-mtek-barebone-dk05-con-fuente-speaker-teclado-espanol-mouse-negro\/#primaryimage\"},\"thumbnailUrl\":\"https:\/\/www.teleclub.com.py\/wp-content\/uploads\/2024\/08\/aa-13.png\",\"datePublished\":\"2024-08-25T17:30:05+00:00\",\"dateModified\":\"2024-08-26T22:54:57+00:00\",\"breadcrumb\":{\"@id\":\"https:\/\/www.teleclub.com.py\/index.php\/product\/kit-gabinete-mtek-barebone-dk05-con-fuente-speaker-teclado-espanol-mouse-negro\/#breadcrumb\"},\"inLanguage\":\"es\",\"potentialAction\":[{\"@type\":\"ReadAction\",\"target\":[\"https:\/\/www.teleclub.com.py\/index.php\/product\/kit-gabinete-mtek-barebone-dk05-con-fuente-speaker-teclado-espanol-mouse-negro\/\"]}]},{\"@type\":\"ImageObject\",\"inLanguage\":\"es\",\"@id\":\"https:\/\/www.teleclub.com.py\/index.php\/product\/kit-gabinete-mtek-barebone-dk05-con-fuente-speaker-teclado-espanol-mouse-negro\/#primaryimage\",\"url\":\"https:\/\/www.teleclub.com.py\/wp-content\/uploads\/2024\/08\/aa-13.png\",\"contentUrl\":\"https:\/\/www.teleclub.com.py\/wp-content\/uploads\/2024\/08\/aa-13.png\",\"width\":488,\"height\":488},{\"@type\":\"BreadcrumbList\",\"@id\":\"https:\/\/www.teleclub.com.py\/index.php\/product\/kit-gabinete-mtek-barebone-dk05-con-fuente-speaker-teclado-espanol-mouse-negro\/#breadcrumb\",\"itemListElement\":[{\"@type\":\"ListItem\",\"position\":1,\"name\":\"Portada\",\"item\":\"https:\/\/www.teleclub.com.py\/\"},{\"@type\":\"ListItem\",\"position\":2,\"name\":\"Shop\",\"item\":\"https:\/\/www.teleclub.com.py\/index.php\/shop-2\/\"},{\"@type\":\"ListItem\",\"position\":3,\"name\":\"Kit Gabinete Mtek Barebone DK05 con Fuente + Speaker + Teclado Espa\u00f1ol + Mouse &#8211; Negro\"}]},{\"@type\":\"WebSite\",\"@id\":\"https:\/\/www.teleclub.com.py\/#website\",\"url\":\"https:\/\/www.teleclub.com.py\/\",\"name\":\"Teleclub\",\"description\":\"Tu tienda online\",\"publisher\":{\"@id\":\"https:\/\/www.teleclub.com.py\/#organization\"},\"potentialAction\":[{\"@type\":\"SearchAction\",\"target\":{\"@type\":\"EntryPoint\",\"urlTemplate\":\"https:\/\/www.teleclub.com.py\/?s={search_term_string}\"},\"query-input\":{\"@type\":\"PropertyValueSpecification\",\"valueRequired\":true,\"valueName\":\"search_term_string\"}}],\"inLanguage\":\"es\"},{\"@type\":\"Organization\",\"@id\":\"https:\/\/www.teleclub.com.py\/#organization\",\"name\":\"Teleclub\",\"url\":\"https:\/\/www.teleclub.com.py\/\",\"logo\":{\"@type\":\"ImageObject\",\"inLanguage\":\"es\",\"@id\":\"https:\/\/www.teleclub.com.py\/#\/schema\/logo\/image\/\",\"url\":\"https:\/\/www.teleclub.com.py\/wp-content\/uploads\/2024\/09\/1611317346760_TeleClub_logo_FondoBlanco-2.jpg\",\"contentUrl\":\"https:\/\/www.teleclub.com.py\/wp-content\/uploads\/2024\/09\/1611317346760_TeleClub_logo_FondoBlanco-2.jpg\",\"width\":1600,\"height\":1600,\"caption\":\"Teleclub\"},\"image\":{\"@id\":\"https:\/\/www.teleclub.com.py\/#\/schema\/logo\/image\/\"},\"sameAs\":[\"https:\/\/www.facebook.com\/teleclubpy\",\"https:\/\/www.instagram.com\/teleclubpy\"]}]}<\/script>\n<!-- \/ Yoast SEO plugin. -->","yoast_head_json":{"title":"Kit Gabinete Mtek Barebone DK05 con Fuente + Speaker + Teclado Espa\u00f1ol + Mouse - Negro - Teleclub","robots":{"index":"index","follow":"follow","max-snippet":"max-snippet:-1","max-image-preview":"max-image-preview:large","max-video-preview":"max-video-preview:-1"},"canonical":"https:\/\/www.teleclub.com.py\/index.php\/product\/kit-gabinete-mtek-barebone-dk05-con-fuente-speaker-teclado-espanol-mouse-negro\/","og_locale":"es_ES","og_type":"article","og_title":"Kit Gabinete Mtek Barebone DK05 con Fuente + Speaker + Teclado Espa\u00f1ol + Mouse - Negro - Teleclub","og_description":"Conexiones: 2 USB - 2 Mini Jack 3.5mm (Micr\u00f3fono y Audio)  Incluye: Speaker - Teclado espa\u00f1ol - Fuente  Potencia: Fuente de 180W  Resoluci\u00f3n Mouse: 1.200 DPI","og_url":"https:\/\/www.teleclub.com.py\/index.php\/product\/kit-gabinete-mtek-barebone-dk05-con-fuente-speaker-teclado-espanol-mouse-negro\/","og_site_name":"Teleclub","article_publisher":"https:\/\/www.facebook.com\/teleclubpy","article_modified_time":"2024-08-26T22:54:57+00:00","og_image":[{"width":488,"height":488,"url":"https:\/\/www.teleclub.com.py\/wp-content\/uploads\/2024\/08\/aa-13.png","type":"image\/png"}],"twitter_card":"summary_large_image","twitter_misc":{"Tiempo de lectura":"1 minuto"},"schema":{"@context":"https:\/\/schema.org","@graph":[{"@type":"WebPage","@id":"https:\/\/www.teleclub.com.py\/index.php\/product\/kit-gabinete-mtek-barebone-dk05-con-fuente-speaker-teclado-espanol-mouse-negro\/","url":"https:\/\/www.teleclub.com.py\/index.php\/product\/kit-gabinete-mtek-barebone-dk05-con-fuente-speaker-teclado-espanol-mouse-negro\/","name":"Kit Gabinete Mtek Barebone DK05 con Fuente + Speaker + Teclado Espa\u00f1ol + Mouse - Negro - Teleclub","isPartOf":{"@id":"https:\/\/www.teleclub.com.py\/#website"},"primaryImageOfPage":{"@id":"https:\/\/www.teleclub.com.py\/index.php\/product\/kit-gabinete-mtek-barebone-dk05-con-fuente-speaker-teclado-espanol-mouse-negro\/#primaryimage"},"image":{"@id":"https:\/\/www.teleclub.com.py\/index.php\/product\/kit-gabinete-mtek-barebone-dk05-con-fuente-speaker-teclado-espanol-mouse-negro\/#primaryimage"},"thumbnailUrl":"https:\/\/www.teleclub.com.py\/wp-content\/uploads\/2024\/08\/aa-13.png","datePublished":"2024-08-25T17:30:05+00:00","dateModified":"2024-08-26T22:54:57+00:00","breadcrumb":{"@id":"https:\/\/www.teleclub.com.py\/index.php\/product\/kit-gabinete-mtek-barebone-dk05-con-fuente-speaker-teclado-espanol-mouse-negro\/#breadcrumb"},"inLanguage":"es","potentialAction":[{"@type":"ReadAction","target":["https:\/\/www.teleclub.com.py\/index.php\/product\/kit-gabinete-mtek-barebone-dk05-con-fuente-speaker-teclado-espanol-mouse-negro\/"]}]},{"@type":"ImageObject","inLanguage":"es","@id":"https:\/\/www.teleclub.com.py\/index.php\/product\/kit-gabinete-mtek-barebone-dk05-con-fuente-speaker-teclado-espanol-mouse-negro\/#primaryimage","url":"https:\/\/www.teleclub.com.py\/wp-content\/uploads\/2024\/08\/aa-13.png","contentUrl":"https:\/\/www.teleclub.com.py\/wp-content\/uploads\/2024\/08\/aa-13.png","width":488,"height":488},{"@type":"BreadcrumbList","@id":"https:\/\/www.teleclub.com.py\/index.php\/product\/kit-gabinete-mtek-barebone-dk05-con-fuente-speaker-teclado-espanol-mouse-negro\/#breadcrumb","itemListElement":[{"@type":"ListItem","position":1,"name":"Portada","item":"https:\/\/www.teleclub.com.py\/"},{"@type":"ListItem","position":2,"name":"Shop","item":"https:\/\/www.teleclub.com.py\/index.php\/shop-2\/"},{"@type":"ListItem","position":3,"name":"Kit Gabinete Mtek Barebone DK05 con Fuente + Speaker + Teclado Espa\u00f1ol + Mouse &#8211; Negro"}]},{"@type":"WebSite","@id":"https:\/\/www.teleclub.com.py\/#website","url":"https:\/\/www.teleclub.com.py\/","name":"Teleclub","description":"Tu tienda online","publisher":{"@id":"https:\/\/www.teleclub.com.py\/#organization"},"potentialAction":[{"@type":"SearchAction","target":{"@type":"EntryPoint","urlTemplate":"https:\/\/www.teleclub.com.py\/?s={search_term_string}"},"query-input":{"@type":"PropertyValueSpecification","valueRequired":true,"valueName":"search_term_string"}}],"inLanguage":"es"},{"@type":"Organization","@id":"https:\/\/www.teleclub.com.py\/#organization","name":"Teleclub","url":"https:\/\/www.teleclub.com.py\/","logo":{"@type":"ImageObject","inLanguage":"es","@id":"https:\/\/www.teleclub.com.py\/#\/schema\/logo\/image\/","url":"https:\/\/www.teleclub.com.py\/wp-content\/uploads\/2024\/09\/1611317346760_TeleClub_logo_FondoBlanco-2.jpg","contentUrl":"https:\/\/www.teleclub.com.py\/wp-content\/uploads\/2024\/09\/1611317346760_TeleClub_logo_FondoBlanco-2.jpg","width":1600,"height":1600,"caption":"Teleclub"},"image":{"@id":"https:\/\/www.teleclub.com.py\/#\/schema\/logo\/image\/"},"sameAs":["https:\/\/www.facebook.com\/teleclubpy","https:\/\/www.instagram.com\/teleclubpy"]}]}},"_links":{"self":[{"href":"https:\/\/www.teleclub.com.py\/index.php\/wp-json\/wp\/v2\/product\/7988","targetHints":{"allow":["GET"]}}],"collection":[{"href":"https:\/\/www.teleclub.com.py\/index.php\/wp-json\/wp\/v2\/product"}],"about":[{"href":"https:\/\/www.teleclub.com.py\/index.php\/wp-json\/wp\/v2\/types\/product"}],"wp:featuredmedia":[{"embeddable":true,"href":"https:\/\/www.teleclub.com.py\/index.php\/wp-json\/wp\/v2\/media\/7989"}],"wp:attachment":[{"href":"https:\/\/www.teleclub.com.py\/index.php\/wp-json\/wp\/v2\/media?parent=7988"}],"wp:term":[{"taxonomy":"product_cat","embeddable":true,"href":"https:\/\/www.teleclub.com.py\/index.php\/wp-json\/wp\/v2\/product_cat?post=7988"},{"taxonomy":"product_tag","embeddable":true,"href":"https:\/\/www.teleclub.com.py\/index.php\/wp-json\/wp\/v2\/product_tag?post=7988"}],"curies":[{"name":"wp","href":"https:\/\/api.w.org\/{rel}","templated":true}]}}