{"id":6760,"date":"2024-07-26T23:30:54","date_gmt":"2024-07-26T21:30:54","guid":{"rendered":"https:\/\/www.teleclub.com.py\/?post_type=product&#038;p=6760"},"modified":"2024-08-28T23:08:13","modified_gmt":"2024-08-29T03:08:13","slug":"funda-para-ipad-10th-gen-10-9-tucano-bamboo-folio-black","status":"publish","type":"product","link":"https:\/\/www.teleclub.com.py\/index.php\/product\/funda-para-ipad-10th-gen-10-9-tucano-bamboo-folio-black\/","title":{"rendered":"Funda para iPad 10th Gen 10.9&#8243; Tucano Bamboo Folio &#8211; Black"},"content":{"rendered":"<p>Estuche protector ecol\u00f3gico para el nuevo iPad de 10\u00aa generaci\u00f3n (2022), con una mezcla de materiales sostenibles y protectores. La parte frontal presenta una solapa de fibra de bamb\u00fa, mientras que la carcasa trasera de PU proporciona una s\u00f3lida protecci\u00f3n. El interior de TPU, altamente protector, incluye un compartimento para el Apple Pencil. La cubierta frontal, dise\u00f1ada con pliegues &#8220;estilo origami&#8221;, se convierte en un soporte vers\u00e1til, ofreciendo distintos \u00e1ngulos para lectura y escritura.<\/p>\n","protected":false},"excerpt":{"rendered":"<ul>\n<li>Dise\u00f1o:\u00a0Delgado y ligero<\/li>\n<li>Material:\u00a0Poliuretano, TPU y fibra de bamb\u00fa<\/li>\n<li>Compatible con:\u00a0iPad 10.9&#8243; 10th Gen (2022)<\/li>\n<li>Ayuda a:\u00a0Evitar da\u00f1os por golpe<\/li>\n<\/ul>\n","protected":false},"featured_media":6761,"template":"","meta":{"om_disable_all_campaigns":false},"product_cat":[411],"product_tag":[],"class_list":{"0":"post-6760","1":"product","2":"type-product","3":"status-publish","4":"has-post-thumbnail","6":"product_cat-accesorios-apple-2","8":"first","9":"instock","10":"sale","11":"shipping-taxable","12":"purchasable","13":"product-type-simple"},"yoast_head":"<!-- This site is optimized with the Yoast SEO plugin v23.6 - https:\/\/yoast.com\/wordpress\/plugins\/seo\/ -->\n<title>Funda para iPad 10th Gen 10.9&quot; Tucano Bamboo Folio - Black - Teleclub<\/title>\n<meta name=\"robots\" content=\"index, follow, max-snippet:-1, max-image-preview:large, max-video-preview:-1\" \/>\n<link rel=\"canonical\" href=\"https:\/\/www.teleclub.com.py\/index.php\/product\/funda-para-ipad-10th-gen-10-9-tucano-bamboo-folio-black\/\" \/>\n<meta property=\"og:locale\" content=\"es_ES\" \/>\n<meta property=\"og:type\" content=\"article\" \/>\n<meta property=\"og:title\" content=\"Funda para iPad 10th Gen 10.9&quot; Tucano Bamboo Folio - Black - Teleclub\" \/>\n<meta property=\"og:description\" content=\"Dise\u00f1o:\u00a0Delgado y ligero  Material:\u00a0Poliuretano, TPU y fibra de bamb\u00fa  Compatible con:\u00a0iPad 10.9&quot; 10th Gen (2022)  Ayuda a:\u00a0Evitar da\u00f1os por golpe\" \/>\n<meta property=\"og:url\" content=\"https:\/\/www.teleclub.com.py\/index.php\/product\/funda-para-ipad-10th-gen-10-9-tucano-bamboo-folio-black\/\" \/>\n<meta property=\"og:site_name\" content=\"Teleclub\" \/>\n<meta property=\"article:publisher\" content=\"https:\/\/www.facebook.com\/teleclubpy\" \/>\n<meta property=\"article:modified_time\" content=\"2024-08-29T03:08:13+00:00\" \/>\n<meta property=\"og:image\" content=\"https:\/\/www.teleclub.com.py\/wp-content\/uploads\/2024\/07\/tablet_1.jpg\" \/>\n\t<meta property=\"og:image:width\" content=\"600\" \/>\n\t<meta property=\"og:image:height\" content=\"600\" \/>\n\t<meta property=\"og:image:type\" content=\"image\/jpeg\" \/>\n<meta name=\"twitter:card\" content=\"summary_large_image\" \/>\n<script type=\"application\/ld+json\" class=\"yoast-schema-graph\">{\"@context\":\"https:\/\/schema.org\",\"@graph\":[{\"@type\":\"WebPage\",\"@id\":\"https:\/\/www.teleclub.com.py\/index.php\/product\/funda-para-ipad-10th-gen-10-9-tucano-bamboo-folio-black\/\",\"url\":\"https:\/\/www.teleclub.com.py\/index.php\/product\/funda-para-ipad-10th-gen-10-9-tucano-bamboo-folio-black\/\",\"name\":\"Funda para iPad 10th Gen 10.9\\\" Tucano Bamboo Folio - Black - Teleclub\",\"isPartOf\":{\"@id\":\"https:\/\/www.teleclub.com.py\/#website\"},\"primaryImageOfPage\":{\"@id\":\"https:\/\/www.teleclub.com.py\/index.php\/product\/funda-para-ipad-10th-gen-10-9-tucano-bamboo-folio-black\/#primaryimage\"},\"image\":{\"@id\":\"https:\/\/www.teleclub.com.py\/index.php\/product\/funda-para-ipad-10th-gen-10-9-tucano-bamboo-folio-black\/#primaryimage\"},\"thumbnailUrl\":\"https:\/\/www.teleclub.com.py\/wp-content\/uploads\/2024\/07\/tablet_1.jpg\",\"datePublished\":\"2024-07-26T21:30:54+00:00\",\"dateModified\":\"2024-08-29T03:08:13+00:00\",\"breadcrumb\":{\"@id\":\"https:\/\/www.teleclub.com.py\/index.php\/product\/funda-para-ipad-10th-gen-10-9-tucano-bamboo-folio-black\/#breadcrumb\"},\"inLanguage\":\"es\",\"potentialAction\":[{\"@type\":\"ReadAction\",\"target\":[\"https:\/\/www.teleclub.com.py\/index.php\/product\/funda-para-ipad-10th-gen-10-9-tucano-bamboo-folio-black\/\"]}]},{\"@type\":\"ImageObject\",\"inLanguage\":\"es\",\"@id\":\"https:\/\/www.teleclub.com.py\/index.php\/product\/funda-para-ipad-10th-gen-10-9-tucano-bamboo-folio-black\/#primaryimage\",\"url\":\"https:\/\/www.teleclub.com.py\/wp-content\/uploads\/2024\/07\/tablet_1.jpg\",\"contentUrl\":\"https:\/\/www.teleclub.com.py\/wp-content\/uploads\/2024\/07\/tablet_1.jpg\",\"width\":600,\"height\":600},{\"@type\":\"BreadcrumbList\",\"@id\":\"https:\/\/www.teleclub.com.py\/index.php\/product\/funda-para-ipad-10th-gen-10-9-tucano-bamboo-folio-black\/#breadcrumb\",\"itemListElement\":[{\"@type\":\"ListItem\",\"position\":1,\"name\":\"Portada\",\"item\":\"https:\/\/www.teleclub.com.py\/\"},{\"@type\":\"ListItem\",\"position\":2,\"name\":\"Shop\",\"item\":\"https:\/\/www.teleclub.com.py\/index.php\/shop-2\/\"},{\"@type\":\"ListItem\",\"position\":3,\"name\":\"Funda para iPad 10th Gen 10.9&#8243; Tucano Bamboo Folio &#8211; Black\"}]},{\"@type\":\"WebSite\",\"@id\":\"https:\/\/www.teleclub.com.py\/#website\",\"url\":\"https:\/\/www.teleclub.com.py\/\",\"name\":\"Teleclub\",\"description\":\"Tu tienda online\",\"publisher\":{\"@id\":\"https:\/\/www.teleclub.com.py\/#organization\"},\"potentialAction\":[{\"@type\":\"SearchAction\",\"target\":{\"@type\":\"EntryPoint\",\"urlTemplate\":\"https:\/\/www.teleclub.com.py\/?s={search_term_string}\"},\"query-input\":{\"@type\":\"PropertyValueSpecification\",\"valueRequired\":true,\"valueName\":\"search_term_string\"}}],\"inLanguage\":\"es\"},{\"@type\":\"Organization\",\"@id\":\"https:\/\/www.teleclub.com.py\/#organization\",\"name\":\"Teleclub\",\"url\":\"https:\/\/www.teleclub.com.py\/\",\"logo\":{\"@type\":\"ImageObject\",\"inLanguage\":\"es\",\"@id\":\"https:\/\/www.teleclub.com.py\/#\/schema\/logo\/image\/\",\"url\":\"https:\/\/www.teleclub.com.py\/wp-content\/uploads\/2024\/09\/1611317346760_TeleClub_logo_FondoBlanco-2.jpg\",\"contentUrl\":\"https:\/\/www.teleclub.com.py\/wp-content\/uploads\/2024\/09\/1611317346760_TeleClub_logo_FondoBlanco-2.jpg\",\"width\":1600,\"height\":1600,\"caption\":\"Teleclub\"},\"image\":{\"@id\":\"https:\/\/www.teleclub.com.py\/#\/schema\/logo\/image\/\"},\"sameAs\":[\"https:\/\/www.facebook.com\/teleclubpy\",\"https:\/\/www.instagram.com\/teleclubpy\"]}]}<\/script>\n<!-- \/ Yoast SEO plugin. -->","yoast_head_json":{"title":"Funda para iPad 10th Gen 10.9\" Tucano Bamboo Folio - Black - Teleclub","robots":{"index":"index","follow":"follow","max-snippet":"max-snippet:-1","max-image-preview":"max-image-preview:large","max-video-preview":"max-video-preview:-1"},"canonical":"https:\/\/www.teleclub.com.py\/index.php\/product\/funda-para-ipad-10th-gen-10-9-tucano-bamboo-folio-black\/","og_locale":"es_ES","og_type":"article","og_title":"Funda para iPad 10th Gen 10.9\" Tucano Bamboo Folio - Black - Teleclub","og_description":"Dise\u00f1o:\u00a0Delgado y ligero  Material:\u00a0Poliuretano, TPU y fibra de bamb\u00fa  Compatible con:\u00a0iPad 10.9\" 10th Gen (2022)  Ayuda a:\u00a0Evitar da\u00f1os por golpe","og_url":"https:\/\/www.teleclub.com.py\/index.php\/product\/funda-para-ipad-10th-gen-10-9-tucano-bamboo-folio-black\/","og_site_name":"Teleclub","article_publisher":"https:\/\/www.facebook.com\/teleclubpy","article_modified_time":"2024-08-29T03:08:13+00:00","og_image":[{"width":600,"height":600,"url":"https:\/\/www.teleclub.com.py\/wp-content\/uploads\/2024\/07\/tablet_1.jpg","type":"image\/jpeg"}],"twitter_card":"summary_large_image","schema":{"@context":"https:\/\/schema.org","@graph":[{"@type":"WebPage","@id":"https:\/\/www.teleclub.com.py\/index.php\/product\/funda-para-ipad-10th-gen-10-9-tucano-bamboo-folio-black\/","url":"https:\/\/www.teleclub.com.py\/index.php\/product\/funda-para-ipad-10th-gen-10-9-tucano-bamboo-folio-black\/","name":"Funda para iPad 10th Gen 10.9\" Tucano Bamboo Folio - Black - Teleclub","isPartOf":{"@id":"https:\/\/www.teleclub.com.py\/#website"},"primaryImageOfPage":{"@id":"https:\/\/www.teleclub.com.py\/index.php\/product\/funda-para-ipad-10th-gen-10-9-tucano-bamboo-folio-black\/#primaryimage"},"image":{"@id":"https:\/\/www.teleclub.com.py\/index.php\/product\/funda-para-ipad-10th-gen-10-9-tucano-bamboo-folio-black\/#primaryimage"},"thumbnailUrl":"https:\/\/www.teleclub.com.py\/wp-content\/uploads\/2024\/07\/tablet_1.jpg","datePublished":"2024-07-26T21:30:54+00:00","dateModified":"2024-08-29T03:08:13+00:00","breadcrumb":{"@id":"https:\/\/www.teleclub.com.py\/index.php\/product\/funda-para-ipad-10th-gen-10-9-tucano-bamboo-folio-black\/#breadcrumb"},"inLanguage":"es","potentialAction":[{"@type":"ReadAction","target":["https:\/\/www.teleclub.com.py\/index.php\/product\/funda-para-ipad-10th-gen-10-9-tucano-bamboo-folio-black\/"]}]},{"@type":"ImageObject","inLanguage":"es","@id":"https:\/\/www.teleclub.com.py\/index.php\/product\/funda-para-ipad-10th-gen-10-9-tucano-bamboo-folio-black\/#primaryimage","url":"https:\/\/www.teleclub.com.py\/wp-content\/uploads\/2024\/07\/tablet_1.jpg","contentUrl":"https:\/\/www.teleclub.com.py\/wp-content\/uploads\/2024\/07\/tablet_1.jpg","width":600,"height":600},{"@type":"BreadcrumbList","@id":"https:\/\/www.teleclub.com.py\/index.php\/product\/funda-para-ipad-10th-gen-10-9-tucano-bamboo-folio-black\/#breadcrumb","itemListElement":[{"@type":"ListItem","position":1,"name":"Portada","item":"https:\/\/www.teleclub.com.py\/"},{"@type":"ListItem","position":2,"name":"Shop","item":"https:\/\/www.teleclub.com.py\/index.php\/shop-2\/"},{"@type":"ListItem","position":3,"name":"Funda para iPad 10th Gen 10.9&#8243; Tucano Bamboo Folio &#8211; Black"}]},{"@type":"WebSite","@id":"https:\/\/www.teleclub.com.py\/#website","url":"https:\/\/www.teleclub.com.py\/","name":"Teleclub","description":"Tu tienda online","publisher":{"@id":"https:\/\/www.teleclub.com.py\/#organization"},"potentialAction":[{"@type":"SearchAction","target":{"@type":"EntryPoint","urlTemplate":"https:\/\/www.teleclub.com.py\/?s={search_term_string}"},"query-input":{"@type":"PropertyValueSpecification","valueRequired":true,"valueName":"search_term_string"}}],"inLanguage":"es"},{"@type":"Organization","@id":"https:\/\/www.teleclub.com.py\/#organization","name":"Teleclub","url":"https:\/\/www.teleclub.com.py\/","logo":{"@type":"ImageObject","inLanguage":"es","@id":"https:\/\/www.teleclub.com.py\/#\/schema\/logo\/image\/","url":"https:\/\/www.teleclub.com.py\/wp-content\/uploads\/2024\/09\/1611317346760_TeleClub_logo_FondoBlanco-2.jpg","contentUrl":"https:\/\/www.teleclub.com.py\/wp-content\/uploads\/2024\/09\/1611317346760_TeleClub_logo_FondoBlanco-2.jpg","width":1600,"height":1600,"caption":"Teleclub"},"image":{"@id":"https:\/\/www.teleclub.com.py\/#\/schema\/logo\/image\/"},"sameAs":["https:\/\/www.facebook.com\/teleclubpy","https:\/\/www.instagram.com\/teleclubpy"]}]}},"_links":{"self":[{"href":"https:\/\/www.teleclub.com.py\/index.php\/wp-json\/wp\/v2\/product\/6760","targetHints":{"allow":["GET"]}}],"collection":[{"href":"https:\/\/www.teleclub.com.py\/index.php\/wp-json\/wp\/v2\/product"}],"about":[{"href":"https:\/\/www.teleclub.com.py\/index.php\/wp-json\/wp\/v2\/types\/product"}],"wp:featuredmedia":[{"embeddable":true,"href":"https:\/\/www.teleclub.com.py\/index.php\/wp-json\/wp\/v2\/media\/6761"}],"wp:attachment":[{"href":"https:\/\/www.teleclub.com.py\/index.php\/wp-json\/wp\/v2\/media?parent=6760"}],"wp:term":[{"taxonomy":"product_cat","embeddable":true,"href":"https:\/\/www.teleclub.com.py\/index.php\/wp-json\/wp\/v2\/product_cat?post=6760"},{"taxonomy":"product_tag","embeddable":true,"href":"https:\/\/www.teleclub.com.py\/index.php\/wp-json\/wp\/v2\/product_tag?post=6760"}],"curies":[{"name":"wp","href":"https:\/\/api.w.org\/{rel}","templated":true}]}}