{"id":15170,"date":"2025-08-12T15:35:51","date_gmt":"2025-08-12T18:35:51","guid":{"rendered":"https:\/\/www.teleclub.com.py\/?post_type=product&#038;p=15170"},"modified":"2025-08-12T15:35:51","modified_gmt":"2025-08-12T18:35:51","slug":"tablet-amazon-fire-7-kids-edition-de-7-2-16gb","status":"publish","type":"product","link":"https:\/\/www.teleclub.com.py\/index.php\/product\/tablet-amazon-fire-7-kids-edition-de-7-2-16gb\/","title":{"rendered":"TABLET AMAZON FIRE 7 KIDS EDITION DE 7&#8243; 2\/16GB"},"content":{"rendered":"<p>TABLET AMAZON FIRE 7 KIDS EDITION DE 7&#8243; 2\/16GB 12A GENERACION (2022)<\/p>\n<p data-start=\"264\" data-end=\"891\">Haz que el tiempo frente a la pantalla sea provechoso y seguro con la <strong data-start=\"334\" data-end=\"396\">Tablet Amazon Fire 7 Kids Edition de 7\u2033 (2 GB RAM \/ 16 GB)<\/strong>. Dise\u00f1ada pensando en ni\u00f1os, se entrega con una <strong data-start=\"445\" data-end=\"474\">funda resistente a golpes<\/strong> y soporte integrado para mayor comodidad. Incluye una suscripci\u00f3n de <strong data-start=\"544\" data-end=\"568\">1 a\u00f1o a Amazon Kids+<\/strong>, que ofrece miles de juegos, apps, libros, videos y audiolibros sin anuncios. Los padres pueden gestionar el uso con controles parentales intuitivos: establecen l\u00edmites de tiempo, objetivos educativos, horarios y bloquean contenido inapropiado mediante el <strong data-start=\"825\" data-end=\"852\">Amazon Parent Dashboard<\/strong>.<\/p>\n<p data-start=\"893\" data-end=\"1301\">En cuanto al rendimiento, cuenta con un procesador <strong data-start=\"944\" data-end=\"957\">quad-core<\/strong> (hasta 2.0 GHz en el modelo m\u00e1s reciente) que ofrece hasta un 30 % m\u00e1s velocidad que la generaci\u00f3n anterior, memoria RAM de <strong data-start=\"1082\" data-end=\"1090\">2 GB<\/strong>, y <strong data-start=\"1094\" data-end=\"1129\">16 GB de almacenamiento interno<\/strong> expandible v\u00eda microSD en hasta 1 TB. Su bater\u00eda dura hasta <strong data-start=\"1228\" data-end=\"1243\">10\u201313 horas<\/strong> seg\u00fan modelo y uso.<\/p>\n","protected":false},"excerpt":{"rendered":"<ul>\n<li data-start=\"1727\" data-end=\"1773\">\n<p data-start=\"1729\" data-end=\"1773\"><strong data-start=\"1729\" data-end=\"1741\">Pantalla<\/strong>: 7\u2033 IPS (1024 \u00d7 600, 171 ppi)<\/p>\n<\/li>\n<li data-start=\"1774\" data-end=\"1892\">\n<p data-start=\"1776\" data-end=\"1892\"><strong data-start=\"1776\" data-end=\"1796\">Procesador &amp; RAM<\/strong>: Quad-core (~2.0 GHz), 2 GB RAM (hasta 30 % m\u00e1s r\u00e1pido)<\/p>\n<\/li>\n<li data-start=\"1893\" data-end=\"2006\">\n<p data-start=\"1895\" data-end=\"2006\"><strong data-start=\"1895\" data-end=\"1913\">Almacenamiento<\/strong>: 16 GB interno (9\u201310 GB usuable), microSD hasta 1 TB<\/p>\n<\/li>\n<li data-start=\"2007\" data-end=\"2108\">\n<p data-start=\"2009\" data-end=\"2108\"><strong data-start=\"2009\" data-end=\"2020\">Bater\u00eda<\/strong>: Hasta 10\u201313 horas de uso (modelo m\u00e1s reciente)<\/p>\n<\/li>\n<li data-start=\"2109\" data-end=\"2244\">\n<p data-start=\"2111\" data-end=\"2244\"><strong data-start=\"2111\" data-end=\"2133\">Contenido incluido<\/strong>: 1 a\u00f1o de Amazon Kids+ (apps, libros, videos y contenido sin anuncios)<\/p>\n<\/li>\n<li data-start=\"2245\" data-end=\"2410\">\n<p data-start=\"2247\" data-end=\"2410\"><strong data-start=\"2247\" data-end=\"2271\">Controles parentales<\/strong>: Dashboard para l\u00edmites de tiempo, objetivos, filtros y bloqueo de contenido para hasta 4 perfiles<\/p>\n<\/li>\n<li data-start=\"2411\" data-end=\"2550\">\n<p data-start=\"2413\" data-end=\"2550\"><strong data-start=\"2413\" data-end=\"2433\">Funda protectora<\/strong>: Estuche robusto con soporte integrado y mango, ideal para resistir ca\u00eddas<\/p>\n<\/li>\n<\/ul>\n","protected":false},"featured_media":15171,"template":"","meta":{"om_disable_all_campaigns":false},"product_cat":[260,300],"product_tag":[],"class_list":{"0":"post-15170","1":"product","2":"type-product","3":"status-publish","4":"has-post-thumbnail","6":"product_cat-celulares-tablets","7":"product_cat-tablets-celulares-tablets","9":"first","10":"instock","11":"shipping-taxable","12":"purchasable","13":"product-type-simple"},"yoast_head":"<!-- This site is optimized with the Yoast SEO plugin v23.6 - https:\/\/yoast.com\/wordpress\/plugins\/seo\/ -->\n<title>TABLET AMAZON FIRE 7 KIDS EDITION DE 7&quot; 2\/16GB - Teleclub<\/title>\n<meta name=\"description\" content=\"Fire 7 Kids Edition 7\u2033 con 2 GB RAM, 16 GB (expandible), Amazon Kids+ incluido, funda a prueba de golpes y 2 a\u00f1os de garant\u00eda. Diversi\u00f3n y aprendizaje.\" \/>\n<meta name=\"robots\" content=\"index, follow, max-snippet:-1, max-image-preview:large, max-video-preview:-1\" \/>\n<link rel=\"canonical\" href=\"https:\/\/www.teleclub.com.py\/index.php\/product\/tablet-amazon-fire-7-kids-edition-de-7-2-16gb\/\" \/>\n<meta property=\"og:locale\" content=\"es_ES\" \/>\n<meta property=\"og:type\" content=\"article\" \/>\n<meta property=\"og:title\" content=\"TABLET AMAZON FIRE 7 KIDS EDITION DE 7&quot; 2\/16GB - Teleclub\" \/>\n<meta property=\"og:description\" content=\"Fire 7 Kids Edition 7\u2033 con 2 GB RAM, 16 GB (expandible), Amazon Kids+ incluido, funda a prueba de golpes y 2 a\u00f1os de garant\u00eda. Diversi\u00f3n y aprendizaje.\" \/>\n<meta property=\"og:url\" content=\"https:\/\/www.teleclub.com.py\/index.php\/product\/tablet-amazon-fire-7-kids-edition-de-7-2-16gb\/\" \/>\n<meta property=\"og:site_name\" content=\"Teleclub\" \/>\n<meta property=\"article:publisher\" content=\"https:\/\/www.facebook.com\/teleclubpy\" \/>\n<meta property=\"og:image\" content=\"https:\/\/www.teleclub.com.py\/wp-content\/uploads\/2025\/08\/RED.png\" \/>\n\t<meta property=\"og:image:width\" content=\"256\" \/>\n\t<meta property=\"og:image:height\" content=\"256\" \/>\n\t<meta property=\"og:image:type\" content=\"image\/png\" \/>\n<meta name=\"twitter:card\" content=\"summary_large_image\" \/>\n<meta name=\"twitter:label1\" content=\"Tiempo de lectura\" \/>\n\t<meta name=\"twitter:data1\" content=\"1 minuto\" \/>\n<script type=\"application\/ld+json\" class=\"yoast-schema-graph\">{\"@context\":\"https:\/\/schema.org\",\"@graph\":[{\"@type\":\"WebPage\",\"@id\":\"https:\/\/www.teleclub.com.py\/index.php\/product\/tablet-amazon-fire-7-kids-edition-de-7-2-16gb\/\",\"url\":\"https:\/\/www.teleclub.com.py\/index.php\/product\/tablet-amazon-fire-7-kids-edition-de-7-2-16gb\/\",\"name\":\"TABLET AMAZON FIRE 7 KIDS EDITION DE 7\\\" 2\/16GB - Teleclub\",\"isPartOf\":{\"@id\":\"https:\/\/www.teleclub.com.py\/#website\"},\"primaryImageOfPage\":{\"@id\":\"https:\/\/www.teleclub.com.py\/index.php\/product\/tablet-amazon-fire-7-kids-edition-de-7-2-16gb\/#primaryimage\"},\"image\":{\"@id\":\"https:\/\/www.teleclub.com.py\/index.php\/product\/tablet-amazon-fire-7-kids-edition-de-7-2-16gb\/#primaryimage\"},\"thumbnailUrl\":\"https:\/\/www.teleclub.com.py\/wp-content\/uploads\/2025\/08\/RED.png\",\"datePublished\":\"2025-08-12T18:35:51+00:00\",\"dateModified\":\"2025-08-12T18:35:51+00:00\",\"description\":\"Fire 7 Kids Edition 7\u2033 con 2 GB RAM, 16 GB (expandible), Amazon Kids+ incluido, funda a prueba de golpes y 2 a\u00f1os de garant\u00eda. Diversi\u00f3n y aprendizaje.\",\"breadcrumb\":{\"@id\":\"https:\/\/www.teleclub.com.py\/index.php\/product\/tablet-amazon-fire-7-kids-edition-de-7-2-16gb\/#breadcrumb\"},\"inLanguage\":\"es\",\"potentialAction\":[{\"@type\":\"ReadAction\",\"target\":[\"https:\/\/www.teleclub.com.py\/index.php\/product\/tablet-amazon-fire-7-kids-edition-de-7-2-16gb\/\"]}]},{\"@type\":\"ImageObject\",\"inLanguage\":\"es\",\"@id\":\"https:\/\/www.teleclub.com.py\/index.php\/product\/tablet-amazon-fire-7-kids-edition-de-7-2-16gb\/#primaryimage\",\"url\":\"https:\/\/www.teleclub.com.py\/wp-content\/uploads\/2025\/08\/RED.png\",\"contentUrl\":\"https:\/\/www.teleclub.com.py\/wp-content\/uploads\/2025\/08\/RED.png\",\"width\":256,\"height\":256},{\"@type\":\"BreadcrumbList\",\"@id\":\"https:\/\/www.teleclub.com.py\/index.php\/product\/tablet-amazon-fire-7-kids-edition-de-7-2-16gb\/#breadcrumb\",\"itemListElement\":[{\"@type\":\"ListItem\",\"position\":1,\"name\":\"Portada\",\"item\":\"https:\/\/www.teleclub.com.py\/\"},{\"@type\":\"ListItem\",\"position\":2,\"name\":\"Shop\",\"item\":\"https:\/\/www.teleclub.com.py\/index.php\/shop-2\/\"},{\"@type\":\"ListItem\",\"position\":3,\"name\":\"TABLET AMAZON FIRE 7 KIDS EDITION DE 7&#8243; 2\/16GB\"}]},{\"@type\":\"WebSite\",\"@id\":\"https:\/\/www.teleclub.com.py\/#website\",\"url\":\"https:\/\/www.teleclub.com.py\/\",\"name\":\"Teleclub\",\"description\":\"Tu tienda online\",\"publisher\":{\"@id\":\"https:\/\/www.teleclub.com.py\/#organization\"},\"potentialAction\":[{\"@type\":\"SearchAction\",\"target\":{\"@type\":\"EntryPoint\",\"urlTemplate\":\"https:\/\/www.teleclub.com.py\/?s={search_term_string}\"},\"query-input\":{\"@type\":\"PropertyValueSpecification\",\"valueRequired\":true,\"valueName\":\"search_term_string\"}}],\"inLanguage\":\"es\"},{\"@type\":\"Organization\",\"@id\":\"https:\/\/www.teleclub.com.py\/#organization\",\"name\":\"Teleclub\",\"url\":\"https:\/\/www.teleclub.com.py\/\",\"logo\":{\"@type\":\"ImageObject\",\"inLanguage\":\"es\",\"@id\":\"https:\/\/www.teleclub.com.py\/#\/schema\/logo\/image\/\",\"url\":\"https:\/\/www.teleclub.com.py\/wp-content\/uploads\/2024\/09\/1611317346760_TeleClub_logo_FondoBlanco-2.jpg\",\"contentUrl\":\"https:\/\/www.teleclub.com.py\/wp-content\/uploads\/2024\/09\/1611317346760_TeleClub_logo_FondoBlanco-2.jpg\",\"width\":1600,\"height\":1600,\"caption\":\"Teleclub\"},\"image\":{\"@id\":\"https:\/\/www.teleclub.com.py\/#\/schema\/logo\/image\/\"},\"sameAs\":[\"https:\/\/www.facebook.com\/teleclubpy\",\"https:\/\/www.instagram.com\/teleclubpy\"]}]}<\/script>\n<!-- \/ Yoast SEO plugin. -->","yoast_head_json":{"title":"TABLET AMAZON FIRE 7 KIDS EDITION DE 7\" 2\/16GB - Teleclub","description":"Fire 7 Kids Edition 7\u2033 con 2 GB RAM, 16 GB (expandible), Amazon Kids+ incluido, funda a prueba de golpes y 2 a\u00f1os de garant\u00eda. Diversi\u00f3n y aprendizaje.","robots":{"index":"index","follow":"follow","max-snippet":"max-snippet:-1","max-image-preview":"max-image-preview:large","max-video-preview":"max-video-preview:-1"},"canonical":"https:\/\/www.teleclub.com.py\/index.php\/product\/tablet-amazon-fire-7-kids-edition-de-7-2-16gb\/","og_locale":"es_ES","og_type":"article","og_title":"TABLET AMAZON FIRE 7 KIDS EDITION DE 7\" 2\/16GB - Teleclub","og_description":"Fire 7 Kids Edition 7\u2033 con 2 GB RAM, 16 GB (expandible), Amazon Kids+ incluido, funda a prueba de golpes y 2 a\u00f1os de garant\u00eda. Diversi\u00f3n y aprendizaje.","og_url":"https:\/\/www.teleclub.com.py\/index.php\/product\/tablet-amazon-fire-7-kids-edition-de-7-2-16gb\/","og_site_name":"Teleclub","article_publisher":"https:\/\/www.facebook.com\/teleclubpy","og_image":[{"width":256,"height":256,"url":"https:\/\/www.teleclub.com.py\/wp-content\/uploads\/2025\/08\/RED.png","type":"image\/png"}],"twitter_card":"summary_large_image","twitter_misc":{"Tiempo de lectura":"1 minuto"},"schema":{"@context":"https:\/\/schema.org","@graph":[{"@type":"WebPage","@id":"https:\/\/www.teleclub.com.py\/index.php\/product\/tablet-amazon-fire-7-kids-edition-de-7-2-16gb\/","url":"https:\/\/www.teleclub.com.py\/index.php\/product\/tablet-amazon-fire-7-kids-edition-de-7-2-16gb\/","name":"TABLET AMAZON FIRE 7 KIDS EDITION DE 7\" 2\/16GB - Teleclub","isPartOf":{"@id":"https:\/\/www.teleclub.com.py\/#website"},"primaryImageOfPage":{"@id":"https:\/\/www.teleclub.com.py\/index.php\/product\/tablet-amazon-fire-7-kids-edition-de-7-2-16gb\/#primaryimage"},"image":{"@id":"https:\/\/www.teleclub.com.py\/index.php\/product\/tablet-amazon-fire-7-kids-edition-de-7-2-16gb\/#primaryimage"},"thumbnailUrl":"https:\/\/www.teleclub.com.py\/wp-content\/uploads\/2025\/08\/RED.png","datePublished":"2025-08-12T18:35:51+00:00","dateModified":"2025-08-12T18:35:51+00:00","description":"Fire 7 Kids Edition 7\u2033 con 2 GB RAM, 16 GB (expandible), Amazon Kids+ incluido, funda a prueba de golpes y 2 a\u00f1os de garant\u00eda. Diversi\u00f3n y aprendizaje.","breadcrumb":{"@id":"https:\/\/www.teleclub.com.py\/index.php\/product\/tablet-amazon-fire-7-kids-edition-de-7-2-16gb\/#breadcrumb"},"inLanguage":"es","potentialAction":[{"@type":"ReadAction","target":["https:\/\/www.teleclub.com.py\/index.php\/product\/tablet-amazon-fire-7-kids-edition-de-7-2-16gb\/"]}]},{"@type":"ImageObject","inLanguage":"es","@id":"https:\/\/www.teleclub.com.py\/index.php\/product\/tablet-amazon-fire-7-kids-edition-de-7-2-16gb\/#primaryimage","url":"https:\/\/www.teleclub.com.py\/wp-content\/uploads\/2025\/08\/RED.png","contentUrl":"https:\/\/www.teleclub.com.py\/wp-content\/uploads\/2025\/08\/RED.png","width":256,"height":256},{"@type":"BreadcrumbList","@id":"https:\/\/www.teleclub.com.py\/index.php\/product\/tablet-amazon-fire-7-kids-edition-de-7-2-16gb\/#breadcrumb","itemListElement":[{"@type":"ListItem","position":1,"name":"Portada","item":"https:\/\/www.teleclub.com.py\/"},{"@type":"ListItem","position":2,"name":"Shop","item":"https:\/\/www.teleclub.com.py\/index.php\/shop-2\/"},{"@type":"ListItem","position":3,"name":"TABLET AMAZON FIRE 7 KIDS EDITION DE 7&#8243; 2\/16GB"}]},{"@type":"WebSite","@id":"https:\/\/www.teleclub.com.py\/#website","url":"https:\/\/www.teleclub.com.py\/","name":"Teleclub","description":"Tu tienda online","publisher":{"@id":"https:\/\/www.teleclub.com.py\/#organization"},"potentialAction":[{"@type":"SearchAction","target":{"@type":"EntryPoint","urlTemplate":"https:\/\/www.teleclub.com.py\/?s={search_term_string}"},"query-input":{"@type":"PropertyValueSpecification","valueRequired":true,"valueName":"search_term_string"}}],"inLanguage":"es"},{"@type":"Organization","@id":"https:\/\/www.teleclub.com.py\/#organization","name":"Teleclub","url":"https:\/\/www.teleclub.com.py\/","logo":{"@type":"ImageObject","inLanguage":"es","@id":"https:\/\/www.teleclub.com.py\/#\/schema\/logo\/image\/","url":"https:\/\/www.teleclub.com.py\/wp-content\/uploads\/2024\/09\/1611317346760_TeleClub_logo_FondoBlanco-2.jpg","contentUrl":"https:\/\/www.teleclub.com.py\/wp-content\/uploads\/2024\/09\/1611317346760_TeleClub_logo_FondoBlanco-2.jpg","width":1600,"height":1600,"caption":"Teleclub"},"image":{"@id":"https:\/\/www.teleclub.com.py\/#\/schema\/logo\/image\/"},"sameAs":["https:\/\/www.facebook.com\/teleclubpy","https:\/\/www.instagram.com\/teleclubpy"]}]}},"_links":{"self":[{"href":"https:\/\/www.teleclub.com.py\/index.php\/wp-json\/wp\/v2\/product\/15170","targetHints":{"allow":["GET"]}}],"collection":[{"href":"https:\/\/www.teleclub.com.py\/index.php\/wp-json\/wp\/v2\/product"}],"about":[{"href":"https:\/\/www.teleclub.com.py\/index.php\/wp-json\/wp\/v2\/types\/product"}],"wp:featuredmedia":[{"embeddable":true,"href":"https:\/\/www.teleclub.com.py\/index.php\/wp-json\/wp\/v2\/media\/15171"}],"wp:attachment":[{"href":"https:\/\/www.teleclub.com.py\/index.php\/wp-json\/wp\/v2\/media?parent=15170"}],"wp:term":[{"taxonomy":"product_cat","embeddable":true,"href":"https:\/\/www.teleclub.com.py\/index.php\/wp-json\/wp\/v2\/product_cat?post=15170"},{"taxonomy":"product_tag","embeddable":true,"href":"https:\/\/www.teleclub.com.py\/index.php\/wp-json\/wp\/v2\/product_tag?post=15170"}],"curies":[{"name":"wp","href":"https:\/\/api.w.org\/{rel}","templated":true}]}}