{"id":13104,"date":"2025-05-23T09:04:17","date_gmt":"2025-05-23T12:04:17","guid":{"rendered":"https:\/\/www.teleclub.com.py\/?post_type=product&#038;p=13104"},"modified":"2025-05-23T09:04:17","modified_gmt":"2025-05-23T12:04:17","slug":"auricular-havit-gaming-nv-h2039d","status":"publish","type":"product","link":"https:\/\/www.teleclub.com.py\/index.php\/product\/auricular-havit-gaming-nv-h2039d\/","title":{"rendered":"AURICULAR HAVIT GAMING NV-H2039D"},"content":{"rendered":"<p data-start=\"348\" data-end=\"460\"><span class=\"relative -mx-px my-[-0.2rem] rounded px-px py-[0.2rem] transition-colors duration-100 ease-in-out\">El <strong data-start=\"3\" data-end=\"36\">Auricular Gaming Havit H2039D<\/strong> est\u00e1 dise\u00f1ado para ofrecer una experiencia de juego inmersiva y c\u00f3moda.<\/span> <span class=\"relative -mx-px my-[-0.2rem] rounded px-px py-[0.2rem] transition-colors duration-100 ease-in-out\">Equipado con altavoces de 50 mm, proporciona un sonido claro y potente, permiti\u00e9ndote detectar cada detalle en tus juegos favoritos.<\/span><\/p>\n<p data-start=\"462\" data-end=\"578\"><span class=\"relative -mx-px my-[-0.2rem] rounded px-px py-[0.2rem] transition-colors duration-100 ease-in-out\">Su dise\u00f1o ergon\u00f3mico con almohadillas de cuero prote\u00ednico y diadema ajustable garantiza comodidad durante largas sesiones de juego.<\/span> <span class=\"relative -mx-px my-[-0.2rem] rounded px-px py-[0.2rem] transition-colors duration-100 ease-in-out\">El micr\u00f3fono omnidireccional extra\u00edble ofrece una comunicaci\u00f3n clara con tus compa\u00f1eros de equipo y versatilidad para diferentes usos.<\/span><\/p>\n<p data-start=\"580\" data-end=\"698\"><span class=\"relative -mx-px my-[-0.2rem] rounded px-px py-[0.2rem] transition-colors duration-100 ease-in-out\">Compatible con m\u00faltiples plataformas, incluyendo PC, PS4, PS5, Xbox One, Xbox Series X\/S y Nintendo Switch, gracias a su conexi\u00f3n de 3.5 mm.<\/span> <span class=\"relative -mx-px my-[-0.2rem] rounded px-px py-[0.2rem] transition-colors duration-100 ease-in-out\">El cable de 2.2 metros con recubrimiento de nailon proporciona durabilidad y libertad de movimiento.<\/span><\/p>\n","protected":false},"excerpt":{"rendered":"<ul>\n<li data-start=\"845\" data-end=\"908\">\n<p data-start=\"847\" data-end=\"908\"><strong data-start=\"847\" data-end=\"867\">Tipo de conexi\u00f3n<\/strong>: <span class=\"relative -mx-px my-[-0.2rem] rounded px-px py-[0.2rem] transition-colors duration-100 ease-in-out\">Jack 3.5 mm<\/span><\/p>\n<\/li>\n<li data-start=\"909\" data-end=\"965\">\n<p data-start=\"911\" data-end=\"965\"><strong data-start=\"911\" data-end=\"924\">Altavoces<\/strong>: <span class=\"relative -mx-px my-[-0.2rem] rounded px-px py-[0.2rem] transition-colors duration-100 ease-in-out\">50 mm para un audio claro y potente<\/span><\/p>\n<\/li>\n<li data-start=\"966\" data-end=\"1022\">\n<p data-start=\"968\" data-end=\"1022\"><strong data-start=\"968\" data-end=\"981\">Micr\u00f3fono<\/strong>: <span class=\"relative -mx-px my-[-0.2rem] rounded px-px py-[0.2rem] transition-colors duration-100 ease-in-out\">Omnidireccional, extra\u00edble y flexible<\/span><\/p>\n<\/li>\n<li data-start=\"1023\" data-end=\"1082\">\n<p data-start=\"1025\" data-end=\"1082\"><strong data-start=\"1025\" data-end=\"1041\">Sensibilidad<\/strong>: <span class=\"relative -mx-px my-[-0.2rem] rounded px-px py-[0.2rem] transition-colors duration-100 ease-in-out\">101 dB \u00b1 3 dB<\/span><\/p>\n<\/li>\n<li data-start=\"1083\" data-end=\"1140\">\n<p data-start=\"1085\" data-end=\"1140\"><strong data-start=\"1085\" data-end=\"1099\">Impedancia<\/strong>: <span class=\"relative -mx-px my-[-0.2rem] rounded px-px py-[0.2rem] transition-colors duration-100 ease-in-out\">22 \u03a9 \u00b1 15%<\/span><\/p>\n<\/li>\n<li data-start=\"1141\" data-end=\"1211\">\n<p data-start=\"1143\" data-end=\"1211\"><strong data-start=\"1143\" data-end=\"1170\">Respuesta de frecuencia<\/strong>: <span class=\"relative -mx-px my-[-0.2rem] rounded px-px py-[0.2rem] transition-colors duration-100 ease-in-out\">20 Hz \u2013 20 kHz<\/span><\/p>\n<\/li>\n<li data-start=\"1212\" data-end=\"1277\">\n<p data-start=\"1214\" data-end=\"1277\"><strong data-start=\"1214\" data-end=\"1236\">Longitud del cable<\/strong>: <span class=\"relative -mx-px my-[-0.2rem] rounded px-px py-[0.2rem] transition-colors duration-100 ease-in-out\">2.2 metros con recubrimiento de nailon<\/span><\/p>\n<\/li>\n<li data-start=\"1278\" data-end=\"1331\">\n<p data-start=\"1280\" data-end=\"1331\"><strong data-start=\"1280\" data-end=\"1290\">Dise\u00f1o<\/strong>: <span class=\"relative -mx-px my-[-0.2rem] rounded px-px py-[0.2rem] transition-colors duration-100 ease-in-out\">Ergon\u00f3mico con almohadillas de cuero prote\u00ednico y diadema ajustable<\/span><\/p>\n<\/li>\n<li data-start=\"1332\" data-end=\"1432\">\n<p data-start=\"1334\" data-end=\"1432\"><strong data-start=\"1334\" data-end=\"1352\">Compatibilidad<\/strong>: <span class=\"relative -mx-px my-[-0.2rem] rounded px-px py-[0.2rem] transition-colors duration-100 ease-in-out\">PC, PS4, PS5, Xbox One, Xbox Series X\/S, Nintendo Switch y dispositivos m\u00f3viles<\/span><\/p>\n<\/li>\n<\/ul>\n","protected":false},"featured_media":13105,"template":"","meta":{"om_disable_all_campaigns":false},"product_cat":[255,257,254,405],"product_tag":[],"class_list":{"0":"post-13104","1":"product","2":"type-product","3":"status-publish","4":"has-post-thumbnail","6":"product_cat-audio-electronica","7":"product_cat-auriculares","8":"product_cat-electronica","9":"product_cat-zona-gaming","11":"first","12":"instock","13":"shipping-taxable","14":"purchasable","15":"product-type-simple"},"yoast_head":"<!-- This site is optimized with the Yoast SEO plugin v23.6 - https:\/\/yoast.com\/wordpress\/plugins\/seo\/ -->\n<title>AURICULAR HAVIT GAMING NV-H2039D - Teleclub<\/title>\n<meta name=\"description\" content=\"Auricular Gaming Havit H2039D con sonido est\u00e9reo, altavoces de 50 mm, micr\u00f3fono extra\u00edble y dise\u00f1o ergon\u00f3mico. Compatible con PC, consolas y celulares.\" \/>\n<meta name=\"robots\" content=\"index, follow, max-snippet:-1, max-image-preview:large, max-video-preview:-1\" \/>\n<link rel=\"canonical\" href=\"https:\/\/www.teleclub.com.py\/index.php\/product\/auricular-havit-gaming-nv-h2039d\/\" \/>\n<meta property=\"og:locale\" content=\"es_ES\" \/>\n<meta property=\"og:type\" content=\"article\" \/>\n<meta property=\"og:title\" content=\"AURICULAR HAVIT GAMING NV-H2039D - Teleclub\" \/>\n<meta property=\"og:description\" content=\"Auricular Gaming Havit H2039D con sonido est\u00e9reo, altavoces de 50 mm, micr\u00f3fono extra\u00edble y dise\u00f1o ergon\u00f3mico. Compatible con PC, consolas y celulares.\" \/>\n<meta property=\"og:url\" content=\"https:\/\/www.teleclub.com.py\/index.php\/product\/auricular-havit-gaming-nv-h2039d\/\" \/>\n<meta property=\"og:site_name\" content=\"Teleclub\" \/>\n<meta property=\"article:publisher\" content=\"https:\/\/www.facebook.com\/teleclubpy\" \/>\n<meta property=\"og:image\" content=\"https:\/\/www.teleclub.com.py\/wp-content\/uploads\/2025\/05\/AURICULAR-HAVIT-GAMING-NV-H2039D.jpg\" \/>\n\t<meta property=\"og:image:width\" content=\"1000\" \/>\n\t<meta property=\"og:image:height\" content=\"1000\" \/>\n\t<meta property=\"og:image:type\" content=\"image\/jpeg\" \/>\n<meta name=\"twitter:card\" content=\"summary_large_image\" \/>\n<meta name=\"twitter:label1\" content=\"Tiempo de lectura\" \/>\n\t<meta name=\"twitter:data1\" content=\"1 minuto\" \/>\n<script type=\"application\/ld+json\" class=\"yoast-schema-graph\">{\"@context\":\"https:\/\/schema.org\",\"@graph\":[{\"@type\":\"WebPage\",\"@id\":\"https:\/\/www.teleclub.com.py\/index.php\/product\/auricular-havit-gaming-nv-h2039d\/\",\"url\":\"https:\/\/www.teleclub.com.py\/index.php\/product\/auricular-havit-gaming-nv-h2039d\/\",\"name\":\"AURICULAR HAVIT GAMING NV-H2039D - Teleclub\",\"isPartOf\":{\"@id\":\"https:\/\/www.teleclub.com.py\/#website\"},\"primaryImageOfPage\":{\"@id\":\"https:\/\/www.teleclub.com.py\/index.php\/product\/auricular-havit-gaming-nv-h2039d\/#primaryimage\"},\"image\":{\"@id\":\"https:\/\/www.teleclub.com.py\/index.php\/product\/auricular-havit-gaming-nv-h2039d\/#primaryimage\"},\"thumbnailUrl\":\"https:\/\/www.teleclub.com.py\/wp-content\/uploads\/2025\/05\/AURICULAR-HAVIT-GAMING-NV-H2039D.jpg\",\"datePublished\":\"2025-05-23T12:04:17+00:00\",\"dateModified\":\"2025-05-23T12:04:17+00:00\",\"description\":\"Auricular Gaming Havit H2039D con sonido est\u00e9reo, altavoces de 50 mm, micr\u00f3fono extra\u00edble y dise\u00f1o ergon\u00f3mico. Compatible con PC, consolas y celulares.\",\"breadcrumb\":{\"@id\":\"https:\/\/www.teleclub.com.py\/index.php\/product\/auricular-havit-gaming-nv-h2039d\/#breadcrumb\"},\"inLanguage\":\"es\",\"potentialAction\":[{\"@type\":\"ReadAction\",\"target\":[\"https:\/\/www.teleclub.com.py\/index.php\/product\/auricular-havit-gaming-nv-h2039d\/\"]}]},{\"@type\":\"ImageObject\",\"inLanguage\":\"es\",\"@id\":\"https:\/\/www.teleclub.com.py\/index.php\/product\/auricular-havit-gaming-nv-h2039d\/#primaryimage\",\"url\":\"https:\/\/www.teleclub.com.py\/wp-content\/uploads\/2025\/05\/AURICULAR-HAVIT-GAMING-NV-H2039D.jpg\",\"contentUrl\":\"https:\/\/www.teleclub.com.py\/wp-content\/uploads\/2025\/05\/AURICULAR-HAVIT-GAMING-NV-H2039D.jpg\",\"width\":1000,\"height\":1000},{\"@type\":\"BreadcrumbList\",\"@id\":\"https:\/\/www.teleclub.com.py\/index.php\/product\/auricular-havit-gaming-nv-h2039d\/#breadcrumb\",\"itemListElement\":[{\"@type\":\"ListItem\",\"position\":1,\"name\":\"Portada\",\"item\":\"https:\/\/www.teleclub.com.py\/\"},{\"@type\":\"ListItem\",\"position\":2,\"name\":\"Shop\",\"item\":\"https:\/\/www.teleclub.com.py\/index.php\/shop-2\/\"},{\"@type\":\"ListItem\",\"position\":3,\"name\":\"AURICULAR HAVIT GAMING NV-H2039D\"}]},{\"@type\":\"WebSite\",\"@id\":\"https:\/\/www.teleclub.com.py\/#website\",\"url\":\"https:\/\/www.teleclub.com.py\/\",\"name\":\"Teleclub\",\"description\":\"Tu tienda online\",\"publisher\":{\"@id\":\"https:\/\/www.teleclub.com.py\/#organization\"},\"potentialAction\":[{\"@type\":\"SearchAction\",\"target\":{\"@type\":\"EntryPoint\",\"urlTemplate\":\"https:\/\/www.teleclub.com.py\/?s={search_term_string}\"},\"query-input\":{\"@type\":\"PropertyValueSpecification\",\"valueRequired\":true,\"valueName\":\"search_term_string\"}}],\"inLanguage\":\"es\"},{\"@type\":\"Organization\",\"@id\":\"https:\/\/www.teleclub.com.py\/#organization\",\"name\":\"Teleclub\",\"url\":\"https:\/\/www.teleclub.com.py\/\",\"logo\":{\"@type\":\"ImageObject\",\"inLanguage\":\"es\",\"@id\":\"https:\/\/www.teleclub.com.py\/#\/schema\/logo\/image\/\",\"url\":\"https:\/\/www.teleclub.com.py\/wp-content\/uploads\/2024\/09\/1611317346760_TeleClub_logo_FondoBlanco-2.jpg\",\"contentUrl\":\"https:\/\/www.teleclub.com.py\/wp-content\/uploads\/2024\/09\/1611317346760_TeleClub_logo_FondoBlanco-2.jpg\",\"width\":1600,\"height\":1600,\"caption\":\"Teleclub\"},\"image\":{\"@id\":\"https:\/\/www.teleclub.com.py\/#\/schema\/logo\/image\/\"},\"sameAs\":[\"https:\/\/www.facebook.com\/teleclubpy\",\"https:\/\/www.instagram.com\/teleclubpy\"]}]}<\/script>\n<!-- \/ Yoast SEO plugin. -->","yoast_head_json":{"title":"AURICULAR HAVIT GAMING NV-H2039D - Teleclub","description":"Auricular Gaming Havit H2039D con sonido est\u00e9reo, altavoces de 50 mm, micr\u00f3fono extra\u00edble y dise\u00f1o ergon\u00f3mico. Compatible con PC, consolas y celulares.","robots":{"index":"index","follow":"follow","max-snippet":"max-snippet:-1","max-image-preview":"max-image-preview:large","max-video-preview":"max-video-preview:-1"},"canonical":"https:\/\/www.teleclub.com.py\/index.php\/product\/auricular-havit-gaming-nv-h2039d\/","og_locale":"es_ES","og_type":"article","og_title":"AURICULAR HAVIT GAMING NV-H2039D - Teleclub","og_description":"Auricular Gaming Havit H2039D con sonido est\u00e9reo, altavoces de 50 mm, micr\u00f3fono extra\u00edble y dise\u00f1o ergon\u00f3mico. Compatible con PC, consolas y celulares.","og_url":"https:\/\/www.teleclub.com.py\/index.php\/product\/auricular-havit-gaming-nv-h2039d\/","og_site_name":"Teleclub","article_publisher":"https:\/\/www.facebook.com\/teleclubpy","og_image":[{"width":1000,"height":1000,"url":"https:\/\/www.teleclub.com.py\/wp-content\/uploads\/2025\/05\/AURICULAR-HAVIT-GAMING-NV-H2039D.jpg","type":"image\/jpeg"}],"twitter_card":"summary_large_image","twitter_misc":{"Tiempo de lectura":"1 minuto"},"schema":{"@context":"https:\/\/schema.org","@graph":[{"@type":"WebPage","@id":"https:\/\/www.teleclub.com.py\/index.php\/product\/auricular-havit-gaming-nv-h2039d\/","url":"https:\/\/www.teleclub.com.py\/index.php\/product\/auricular-havit-gaming-nv-h2039d\/","name":"AURICULAR HAVIT GAMING NV-H2039D - Teleclub","isPartOf":{"@id":"https:\/\/www.teleclub.com.py\/#website"},"primaryImageOfPage":{"@id":"https:\/\/www.teleclub.com.py\/index.php\/product\/auricular-havit-gaming-nv-h2039d\/#primaryimage"},"image":{"@id":"https:\/\/www.teleclub.com.py\/index.php\/product\/auricular-havit-gaming-nv-h2039d\/#primaryimage"},"thumbnailUrl":"https:\/\/www.teleclub.com.py\/wp-content\/uploads\/2025\/05\/AURICULAR-HAVIT-GAMING-NV-H2039D.jpg","datePublished":"2025-05-23T12:04:17+00:00","dateModified":"2025-05-23T12:04:17+00:00","description":"Auricular Gaming Havit H2039D con sonido est\u00e9reo, altavoces de 50 mm, micr\u00f3fono extra\u00edble y dise\u00f1o ergon\u00f3mico. Compatible con PC, consolas y celulares.","breadcrumb":{"@id":"https:\/\/www.teleclub.com.py\/index.php\/product\/auricular-havit-gaming-nv-h2039d\/#breadcrumb"},"inLanguage":"es","potentialAction":[{"@type":"ReadAction","target":["https:\/\/www.teleclub.com.py\/index.php\/product\/auricular-havit-gaming-nv-h2039d\/"]}]},{"@type":"ImageObject","inLanguage":"es","@id":"https:\/\/www.teleclub.com.py\/index.php\/product\/auricular-havit-gaming-nv-h2039d\/#primaryimage","url":"https:\/\/www.teleclub.com.py\/wp-content\/uploads\/2025\/05\/AURICULAR-HAVIT-GAMING-NV-H2039D.jpg","contentUrl":"https:\/\/www.teleclub.com.py\/wp-content\/uploads\/2025\/05\/AURICULAR-HAVIT-GAMING-NV-H2039D.jpg","width":1000,"height":1000},{"@type":"BreadcrumbList","@id":"https:\/\/www.teleclub.com.py\/index.php\/product\/auricular-havit-gaming-nv-h2039d\/#breadcrumb","itemListElement":[{"@type":"ListItem","position":1,"name":"Portada","item":"https:\/\/www.teleclub.com.py\/"},{"@type":"ListItem","position":2,"name":"Shop","item":"https:\/\/www.teleclub.com.py\/index.php\/shop-2\/"},{"@type":"ListItem","position":3,"name":"AURICULAR HAVIT GAMING NV-H2039D"}]},{"@type":"WebSite","@id":"https:\/\/www.teleclub.com.py\/#website","url":"https:\/\/www.teleclub.com.py\/","name":"Teleclub","description":"Tu tienda online","publisher":{"@id":"https:\/\/www.teleclub.com.py\/#organization"},"potentialAction":[{"@type":"SearchAction","target":{"@type":"EntryPoint","urlTemplate":"https:\/\/www.teleclub.com.py\/?s={search_term_string}"},"query-input":{"@type":"PropertyValueSpecification","valueRequired":true,"valueName":"search_term_string"}}],"inLanguage":"es"},{"@type":"Organization","@id":"https:\/\/www.teleclub.com.py\/#organization","name":"Teleclub","url":"https:\/\/www.teleclub.com.py\/","logo":{"@type":"ImageObject","inLanguage":"es","@id":"https:\/\/www.teleclub.com.py\/#\/schema\/logo\/image\/","url":"https:\/\/www.teleclub.com.py\/wp-content\/uploads\/2024\/09\/1611317346760_TeleClub_logo_FondoBlanco-2.jpg","contentUrl":"https:\/\/www.teleclub.com.py\/wp-content\/uploads\/2024\/09\/1611317346760_TeleClub_logo_FondoBlanco-2.jpg","width":1600,"height":1600,"caption":"Teleclub"},"image":{"@id":"https:\/\/www.teleclub.com.py\/#\/schema\/logo\/image\/"},"sameAs":["https:\/\/www.facebook.com\/teleclubpy","https:\/\/www.instagram.com\/teleclubpy"]}]}},"_links":{"self":[{"href":"https:\/\/www.teleclub.com.py\/index.php\/wp-json\/wp\/v2\/product\/13104","targetHints":{"allow":["GET"]}}],"collection":[{"href":"https:\/\/www.teleclub.com.py\/index.php\/wp-json\/wp\/v2\/product"}],"about":[{"href":"https:\/\/www.teleclub.com.py\/index.php\/wp-json\/wp\/v2\/types\/product"}],"wp:featuredmedia":[{"embeddable":true,"href":"https:\/\/www.teleclub.com.py\/index.php\/wp-json\/wp\/v2\/media\/13105"}],"wp:attachment":[{"href":"https:\/\/www.teleclub.com.py\/index.php\/wp-json\/wp\/v2\/media?parent=13104"}],"wp:term":[{"taxonomy":"product_cat","embeddable":true,"href":"https:\/\/www.teleclub.com.py\/index.php\/wp-json\/wp\/v2\/product_cat?post=13104"},{"taxonomy":"product_tag","embeddable":true,"href":"https:\/\/www.teleclub.com.py\/index.php\/wp-json\/wp\/v2\/product_tag?post=13104"}],"curies":[{"name":"wp","href":"https:\/\/api.w.org\/{rel}","templated":true}]}}