{"id":11934,"date":"2025-04-23T16:02:19","date_gmt":"2025-04-23T19:02:19","guid":{"rendered":"https:\/\/www.teleclub.com.py\/?post_type=product&#038;p=11934"},"modified":"2025-04-23T16:02:19","modified_gmt":"2025-04-23T19:02:19","slug":"celular-oppo-reno-12f-cph2637-6-7-ds-5g-nfc-12-256gb","status":"publish","type":"product","link":"https:\/\/www.teleclub.com.py\/index.php\/product\/celular-oppo-reno-12f-cph2637-6-7-ds-5g-nfc-12-256gb\/","title":{"rendered":"CELULAR OPPO RENO 12F CPH2637 6.7&#8243; DS 5G NFC 12\/256GB"},"content":{"rendered":"<div class=\"flex shrink basis-auto flex-col overflow-hidden -mb-(--composer-overlap-px) [--composer-overlap-px:24px] grow\">\n<div class=\"@container h-full overflow-y-auto pb-(--composer-overlap-px) [scrollbar-gutter:stable] group-data-stream-active\/thread:[overflow-anchor:none]\">\n<div class=\"@thread-xl\/thread:pt-header-height mt-1.5 flex flex-col text-sm\">\n<article class=\"text-token-text-primary w-full\" dir=\"auto\" data-testid=\"conversation-turn-16\" data-scroll-anchor=\"false\">\n<div class=\"text-base my-auto mx-auto py-5 [--thread-content-margin:--spacing(4)] @[37rem]:[--thread-content-margin:--spacing(6)] @[70rem]:[--thread-content-margin:--spacing(12)] px-(--thread-content-margin)\">\n<div class=\"[--thread-content-max-width:32rem] @[34rem]:[--thread-content-max-width:40rem] @[64rem]:[--thread-content-max-width:48rem] mx-auto flex max-w-(--thread-content-max-width) flex-1 text-base gap-4 md:gap-5 lg:gap-6 group\/turn-messages focus-visible:outline-hidden\">\n<div class=\"group\/conversation-turn relative flex w-full min-w-0 flex-col agent-turn\">\n<div class=\"relative flex-col gap-1 md:gap-3\">\n<div class=\"flex max-w-full flex-col grow\">\n<div class=\"min-h-8 text-message relative flex w-full flex-col items-end gap-2 text-start break-words whitespace-normal [.text-message+&amp;]:mt-5\" dir=\"auto\" data-message-author-role=\"assistant\" data-message-id=\"fe03a40b-b848-46ce-b9d4-1da316260867\" data-message-model-slug=\"gpt-4o\">\n<div class=\"flex w-full flex-col gap-1 empty:hidden first:pt-[3px]\">\n<div class=\"markdown prose dark:prose-invert w-full break-words dark\">\n<p class=\"\" data-start=\"426\" data-end=\"712\">El <strong data-start=\"429\" data-end=\"454\">OPPO Reno 12F CPH2637<\/strong> es un smartphone de gama superior que ofrece una experiencia m\u00f3vil fluida, potente y elegante. Con una <strong data-start=\"558\" data-end=\"593\">pantalla AMOLED de 6.7 pulgadas<\/strong>, disfrutar\u00e1s de colores vibrantes y una visualizaci\u00f3n ultra fluida para tus juegos, series o trabajo desde el celular.<\/p>\n<p class=\"\" data-start=\"714\" data-end=\"1071\">Gracias a su <strong data-start=\"727\" data-end=\"746\">conectividad 5G<\/strong>, navegar, descargar y transmitir contenido es m\u00e1s r\u00e1pido que nunca. Adem\u00e1s, con <strong data-start=\"827\" data-end=\"842\">12GB de RAM<\/strong>, el Reno 12F ofrece un rendimiento excepcional, ideal para multitarea, apps exigentes o gaming, acompa\u00f1ado de <strong data-start=\"953\" data-end=\"988\">256GB de almacenamiento interno<\/strong>, m\u00e1s que suficiente para guardar todo tu contenido sin preocuparte por el espacio.<\/p>\n<p class=\"\" data-start=\"1073\" data-end=\"1414\">Este modelo tambi\u00e9n incluye <strong data-start=\"1101\" data-end=\"1119\">tecnolog\u00eda NFC<\/strong>, ideal para pagos m\u00f3viles o vinculaci\u00f3n r\u00e1pida con otros dispositivos, y <strong data-start=\"1193\" data-end=\"1205\">Dual SIM<\/strong> para que puedas separar tu vida personal y profesional. Su dise\u00f1o moderno y liviano, junto con c\u00e1maras de alta resoluci\u00f3n, lo hacen ideal para usuarios exigentes que buscan rendimiento, conectividad y estilo.<\/p>\n<h3 class=\"\" data-start=\"1421\" data-end=\"1456\"><\/h3>\n<\/div>\n<\/div>\n<\/div>\n<\/div>\n<div class=\"flex justify-start\">\n<div class=\"touch:-me-2 touch:-ms-3.5 -ms-2.5 -me-1 flex items-center p-1 select-none -mt-1 duration-[1.5s] focus-within:transition-none hover:transition-none pointer-events-none [mask-image:linear-gradient(to_right,black_33%,transparent_66%)] [mask-position:100%_0%] [mask-size:300%_100%] motion-safe:transition-[mask-position] group-hover\/turn-messages:pointer-events-auto group-hover\/turn-messages:[mask-position:0_0] group-focus-within\/turn-messages:pointer-events-auto group-focus-within\/turn-messages:[mask-position:0_0] has-data-[state=open]:pointer-events-auto has-data-[state=open]:[mask-position:0_0]\">\n<div class=\"flex items-center pb-0\"><\/div>\n<\/div>\n<\/div>\n<div class=\"mt-3 w-full empty:hidden\">\n<div class=\"text-center\"><\/div>\n<\/div>\n<\/div>\n<div class=\"absolute\">\n<div class=\"flex items-center justify-center\"><\/div>\n<\/div>\n<\/div>\n<\/div>\n<\/div>\n<\/article>\n<\/div>\n<div class=\"pointer-events-none w-px _threadGutter_1y3t0_22 min-h-[max(var(--gutter-min-height,0px),var(--gutter-remaining-height,0px))] md:[--gutter-min-height:2.25rem] group-data-stream-active\/thread:h-(--thread-end-gutter-active-height)\"><\/div>\n<div class=\"sticky bottom-6 z-10 flex h-0 items-end justify-center motion-safe:transition-all motion-safe:delay-300 motion-safe:duration-300 group-[:not([data-scroll-from-end])]\/thread:scale-50 group-[:not([data-scroll-from-end])]\/thread:opacity-0 group-[:not([data-scroll-from-end])]\/thread:pointer-events-none group-[:not([data-scroll-from-end])]\/thread:duration-100 group-[:not([data-scroll-from-end])]\/thread:delay-0\">\n<div class=\"absolute end-0 flex items-center pe-1 text-nowrap\"><\/div>\n<\/div>\n<\/div>\n<\/div>\n<div class=\"isolate z-3 w-full basis-auto has-data-has-thread-error:pt-2 has-data-has-thread-error:[box-shadow:var(--sharp-edge-bottom-shadow)] md:border-transparent md:pt-0 dark:border-white\/20 md:dark:border-transparent flex flex-col\">\n<div>\n<div class=\"text-base mx-auto [--thread-content-margin:--spacing(4)] @[37rem]:[--thread-content-margin:--spacing(6)] @[70rem]:[--thread-content-margin:--spacing(12)] px-(--thread-content-margin)\">\n<div class=\"[--thread-content-max-width:32rem] @[34rem]:[--thread-content-max-width:40rem] @[64rem]:[--thread-content-max-width:48rem] mx-auto flex max-w-(--thread-content-max-width) flex-1 text-base gap-4 md:gap-5 lg:gap-6\">\n<div class=\"flex justify-center empty:hidden\"><\/div>\n<div class=\"relative z-1 flex max-w-full flex-1 flex-col h-full max-xs:[--force-hide-label:none]\" aria-expanded=\"false\" aria-controls=\"radix-\u00abr4fj\u00bb\" data-state=\"closed\">\n<div class=\"absolute start-0 end-0 bottom-full z-20\"><\/div>\n<div class=\"border-token-border-light flex w-full cursor-text flex-col items-center justify-center rounded-[28px] border bg-clip-padding contain-inline-size overflow-clip shadow-sm sm:shadow-lg dark:shadow-none! bg-token-main-surface-primary dark:bg-[#303030]\">\n<div class=\"relative flex w-full items-end px-3 py-3\">\n<div class=\"relative flex w-full flex-auto flex-col\">\n<div class=\"relative ms-1.5 grid grid-cols-[auto_minmax(0,1fr)]\">\n<div class=\"items-top flex justify-center\">\n<div><\/div>\n<\/div>\n<\/div>\n<\/div>\n<\/div>\n<\/div>\n<\/div>\n<\/div>\n<\/div>\n<\/div>\n<\/div>\n","protected":false},"excerpt":{"rendered":"<ul data-start=\"1457\" data-end=\"2289\">\n<li class=\"\" data-start=\"1457\" data-end=\"1535\">\n<p class=\"\" data-start=\"1459\" data-end=\"1535\"><strong data-start=\"1459\" data-end=\"1471\">Pantalla<\/strong>: 6.7&#8243; AMOLED con resoluci\u00f3n FHD+, gran brillo y fluidez visual.<\/p>\n<\/li>\n<li class=\"\" data-start=\"1536\" data-end=\"1619\">\n<p class=\"\" data-start=\"1538\" data-end=\"1619\"><strong data-start=\"1538\" data-end=\"1554\">Conectividad<\/strong>: 5G ultrarr\u00e1pido para streaming, juegos y navegaci\u00f3n sin cortes.<\/p>\n<\/li>\n<li class=\"\" data-start=\"1620\" data-end=\"1686\">\n<p class=\"\" data-start=\"1622\" data-end=\"1686\"><strong data-start=\"1622\" data-end=\"1637\">Memoria RAM<\/strong>: 12GB, ideal para tareas exigentes y multitarea.<\/p>\n<\/li>\n<li class=\"\" data-start=\"1687\" data-end=\"1767\">\n<p class=\"\" data-start=\"1689\" data-end=\"1767\"><strong data-start=\"1689\" data-end=\"1715\">Almacenamiento Interno<\/strong>: 256GB, expandible mediante microSD (seg\u00fan modelo).<\/p>\n<\/li>\n<li class=\"\" data-start=\"1768\" data-end=\"1842\">\n<p class=\"\" data-start=\"1770\" data-end=\"1842\"><strong data-start=\"1770\" data-end=\"1784\">Procesador<\/strong>: Potente chip de \u00faltima generaci\u00f3n para alto rendimiento.<\/p>\n<\/li>\n<\/ul>\n","protected":false},"featured_media":11935,"template":"","meta":{"om_disable_all_campaigns":false},"product_cat":[267,260,441],"product_tag":[],"class_list":{"0":"post-11934","1":"product","2":"type-product","3":"status-publish","4":"has-post-thumbnail","6":"product_cat-celulares","7":"product_cat-celulares-tablets","8":"product_cat-oppo","10":"first","11":"instock","12":"shipping-taxable","13":"purchasable","14":"product-type-simple"},"yoast_head":"<!-- This site is optimized with the Yoast SEO plugin v23.6 - https:\/\/yoast.com\/wordpress\/plugins\/seo\/ -->\n<title>CELULAR OPPO RENO 12F CPH2637 6.7&quot; DS 5G NFC 12\/256GB - Teleclub<\/title>\n<meta name=\"description\" content=\"El OPPO Reno 12F 5G combina potencia y estilo con su pantalla de 6.7&quot;, 12GB de RAM, 256GB de almacenamiento, conectividad 5G y NFC. Rendimiento premium.\" \/>\n<meta name=\"robots\" content=\"index, follow, max-snippet:-1, max-image-preview:large, max-video-preview:-1\" \/>\n<link rel=\"canonical\" href=\"https:\/\/www.teleclub.com.py\/index.php\/product\/celular-oppo-reno-12f-cph2637-6-7-ds-5g-nfc-12-256gb\/\" \/>\n<meta property=\"og:locale\" content=\"es_ES\" \/>\n<meta property=\"og:type\" content=\"article\" \/>\n<meta property=\"og:title\" content=\"CELULAR OPPO RENO 12F CPH2637 6.7&quot; DS 5G NFC 12\/256GB - Teleclub\" \/>\n<meta property=\"og:description\" content=\"El OPPO Reno 12F 5G combina potencia y estilo con su pantalla de 6.7&quot;, 12GB de RAM, 256GB de almacenamiento, conectividad 5G y NFC. Rendimiento premium.\" \/>\n<meta property=\"og:url\" content=\"https:\/\/www.teleclub.com.py\/index.php\/product\/celular-oppo-reno-12f-cph2637-6-7-ds-5g-nfc-12-256gb\/\" \/>\n<meta property=\"og:site_name\" content=\"Teleclub\" \/>\n<meta property=\"article:publisher\" content=\"https:\/\/www.facebook.com\/teleclubpy\" \/>\n<meta property=\"og:image\" content=\"https:\/\/www.teleclub.com.py\/wp-content\/uploads\/2025\/04\/OPPO-RENO.webp\" \/>\n\t<meta property=\"og:image:width\" content=\"800\" \/>\n\t<meta property=\"og:image:height\" content=\"800\" \/>\n\t<meta property=\"og:image:type\" content=\"image\/webp\" \/>\n<meta name=\"twitter:card\" content=\"summary_large_image\" \/>\n<meta name=\"twitter:label1\" content=\"Tiempo de lectura\" \/>\n\t<meta name=\"twitter:data1\" content=\"1 minuto\" \/>\n<script type=\"application\/ld+json\" class=\"yoast-schema-graph\">{\"@context\":\"https:\/\/schema.org\",\"@graph\":[{\"@type\":\"WebPage\",\"@id\":\"https:\/\/www.teleclub.com.py\/index.php\/product\/celular-oppo-reno-12f-cph2637-6-7-ds-5g-nfc-12-256gb\/\",\"url\":\"https:\/\/www.teleclub.com.py\/index.php\/product\/celular-oppo-reno-12f-cph2637-6-7-ds-5g-nfc-12-256gb\/\",\"name\":\"CELULAR OPPO RENO 12F CPH2637 6.7\\\" DS 5G NFC 12\/256GB - Teleclub\",\"isPartOf\":{\"@id\":\"https:\/\/www.teleclub.com.py\/#website\"},\"primaryImageOfPage\":{\"@id\":\"https:\/\/www.teleclub.com.py\/index.php\/product\/celular-oppo-reno-12f-cph2637-6-7-ds-5g-nfc-12-256gb\/#primaryimage\"},\"image\":{\"@id\":\"https:\/\/www.teleclub.com.py\/index.php\/product\/celular-oppo-reno-12f-cph2637-6-7-ds-5g-nfc-12-256gb\/#primaryimage\"},\"thumbnailUrl\":\"https:\/\/www.teleclub.com.py\/wp-content\/uploads\/2025\/04\/OPPO-RENO.webp\",\"datePublished\":\"2025-04-23T19:02:19+00:00\",\"dateModified\":\"2025-04-23T19:02:19+00:00\",\"description\":\"El OPPO Reno 12F 5G combina potencia y estilo con su pantalla de 6.7\\\", 12GB de RAM, 256GB de almacenamiento, conectividad 5G y NFC. Rendimiento premium.\",\"breadcrumb\":{\"@id\":\"https:\/\/www.teleclub.com.py\/index.php\/product\/celular-oppo-reno-12f-cph2637-6-7-ds-5g-nfc-12-256gb\/#breadcrumb\"},\"inLanguage\":\"es\",\"potentialAction\":[{\"@type\":\"ReadAction\",\"target\":[\"https:\/\/www.teleclub.com.py\/index.php\/product\/celular-oppo-reno-12f-cph2637-6-7-ds-5g-nfc-12-256gb\/\"]}]},{\"@type\":\"ImageObject\",\"inLanguage\":\"es\",\"@id\":\"https:\/\/www.teleclub.com.py\/index.php\/product\/celular-oppo-reno-12f-cph2637-6-7-ds-5g-nfc-12-256gb\/#primaryimage\",\"url\":\"https:\/\/www.teleclub.com.py\/wp-content\/uploads\/2025\/04\/OPPO-RENO.webp\",\"contentUrl\":\"https:\/\/www.teleclub.com.py\/wp-content\/uploads\/2025\/04\/OPPO-RENO.webp\",\"width\":800,\"height\":800},{\"@type\":\"BreadcrumbList\",\"@id\":\"https:\/\/www.teleclub.com.py\/index.php\/product\/celular-oppo-reno-12f-cph2637-6-7-ds-5g-nfc-12-256gb\/#breadcrumb\",\"itemListElement\":[{\"@type\":\"ListItem\",\"position\":1,\"name\":\"Portada\",\"item\":\"https:\/\/www.teleclub.com.py\/\"},{\"@type\":\"ListItem\",\"position\":2,\"name\":\"Shop\",\"item\":\"https:\/\/www.teleclub.com.py\/index.php\/shop-2\/\"},{\"@type\":\"ListItem\",\"position\":3,\"name\":\"CELULAR OPPO RENO 12F CPH2637 6.7&#8243; DS 5G NFC 12\/256GB\"}]},{\"@type\":\"WebSite\",\"@id\":\"https:\/\/www.teleclub.com.py\/#website\",\"url\":\"https:\/\/www.teleclub.com.py\/\",\"name\":\"Teleclub\",\"description\":\"Tu tienda online\",\"publisher\":{\"@id\":\"https:\/\/www.teleclub.com.py\/#organization\"},\"potentialAction\":[{\"@type\":\"SearchAction\",\"target\":{\"@type\":\"EntryPoint\",\"urlTemplate\":\"https:\/\/www.teleclub.com.py\/?s={search_term_string}\"},\"query-input\":{\"@type\":\"PropertyValueSpecification\",\"valueRequired\":true,\"valueName\":\"search_term_string\"}}],\"inLanguage\":\"es\"},{\"@type\":\"Organization\",\"@id\":\"https:\/\/www.teleclub.com.py\/#organization\",\"name\":\"Teleclub\",\"url\":\"https:\/\/www.teleclub.com.py\/\",\"logo\":{\"@type\":\"ImageObject\",\"inLanguage\":\"es\",\"@id\":\"https:\/\/www.teleclub.com.py\/#\/schema\/logo\/image\/\",\"url\":\"https:\/\/www.teleclub.com.py\/wp-content\/uploads\/2024\/09\/1611317346760_TeleClub_logo_FondoBlanco-2.jpg\",\"contentUrl\":\"https:\/\/www.teleclub.com.py\/wp-content\/uploads\/2024\/09\/1611317346760_TeleClub_logo_FondoBlanco-2.jpg\",\"width\":1600,\"height\":1600,\"caption\":\"Teleclub\"},\"image\":{\"@id\":\"https:\/\/www.teleclub.com.py\/#\/schema\/logo\/image\/\"},\"sameAs\":[\"https:\/\/www.facebook.com\/teleclubpy\",\"https:\/\/www.instagram.com\/teleclubpy\"]}]}<\/script>\n<!-- \/ Yoast SEO plugin. -->","yoast_head_json":{"title":"CELULAR OPPO RENO 12F CPH2637 6.7\" DS 5G NFC 12\/256GB - Teleclub","description":"El OPPO Reno 12F 5G combina potencia y estilo con su pantalla de 6.7\", 12GB de RAM, 256GB de almacenamiento, conectividad 5G y NFC. Rendimiento premium.","robots":{"index":"index","follow":"follow","max-snippet":"max-snippet:-1","max-image-preview":"max-image-preview:large","max-video-preview":"max-video-preview:-1"},"canonical":"https:\/\/www.teleclub.com.py\/index.php\/product\/celular-oppo-reno-12f-cph2637-6-7-ds-5g-nfc-12-256gb\/","og_locale":"es_ES","og_type":"article","og_title":"CELULAR OPPO RENO 12F CPH2637 6.7\" DS 5G NFC 12\/256GB - Teleclub","og_description":"El OPPO Reno 12F 5G combina potencia y estilo con su pantalla de 6.7\", 12GB de RAM, 256GB de almacenamiento, conectividad 5G y NFC. Rendimiento premium.","og_url":"https:\/\/www.teleclub.com.py\/index.php\/product\/celular-oppo-reno-12f-cph2637-6-7-ds-5g-nfc-12-256gb\/","og_site_name":"Teleclub","article_publisher":"https:\/\/www.facebook.com\/teleclubpy","og_image":[{"width":800,"height":800,"url":"https:\/\/www.teleclub.com.py\/wp-content\/uploads\/2025\/04\/OPPO-RENO.webp","type":"image\/webp"}],"twitter_card":"summary_large_image","twitter_misc":{"Tiempo de lectura":"1 minuto"},"schema":{"@context":"https:\/\/schema.org","@graph":[{"@type":"WebPage","@id":"https:\/\/www.teleclub.com.py\/index.php\/product\/celular-oppo-reno-12f-cph2637-6-7-ds-5g-nfc-12-256gb\/","url":"https:\/\/www.teleclub.com.py\/index.php\/product\/celular-oppo-reno-12f-cph2637-6-7-ds-5g-nfc-12-256gb\/","name":"CELULAR OPPO RENO 12F CPH2637 6.7\" DS 5G NFC 12\/256GB - Teleclub","isPartOf":{"@id":"https:\/\/www.teleclub.com.py\/#website"},"primaryImageOfPage":{"@id":"https:\/\/www.teleclub.com.py\/index.php\/product\/celular-oppo-reno-12f-cph2637-6-7-ds-5g-nfc-12-256gb\/#primaryimage"},"image":{"@id":"https:\/\/www.teleclub.com.py\/index.php\/product\/celular-oppo-reno-12f-cph2637-6-7-ds-5g-nfc-12-256gb\/#primaryimage"},"thumbnailUrl":"https:\/\/www.teleclub.com.py\/wp-content\/uploads\/2025\/04\/OPPO-RENO.webp","datePublished":"2025-04-23T19:02:19+00:00","dateModified":"2025-04-23T19:02:19+00:00","description":"El OPPO Reno 12F 5G combina potencia y estilo con su pantalla de 6.7\", 12GB de RAM, 256GB de almacenamiento, conectividad 5G y NFC. Rendimiento premium.","breadcrumb":{"@id":"https:\/\/www.teleclub.com.py\/index.php\/product\/celular-oppo-reno-12f-cph2637-6-7-ds-5g-nfc-12-256gb\/#breadcrumb"},"inLanguage":"es","potentialAction":[{"@type":"ReadAction","target":["https:\/\/www.teleclub.com.py\/index.php\/product\/celular-oppo-reno-12f-cph2637-6-7-ds-5g-nfc-12-256gb\/"]}]},{"@type":"ImageObject","inLanguage":"es","@id":"https:\/\/www.teleclub.com.py\/index.php\/product\/celular-oppo-reno-12f-cph2637-6-7-ds-5g-nfc-12-256gb\/#primaryimage","url":"https:\/\/www.teleclub.com.py\/wp-content\/uploads\/2025\/04\/OPPO-RENO.webp","contentUrl":"https:\/\/www.teleclub.com.py\/wp-content\/uploads\/2025\/04\/OPPO-RENO.webp","width":800,"height":800},{"@type":"BreadcrumbList","@id":"https:\/\/www.teleclub.com.py\/index.php\/product\/celular-oppo-reno-12f-cph2637-6-7-ds-5g-nfc-12-256gb\/#breadcrumb","itemListElement":[{"@type":"ListItem","position":1,"name":"Portada","item":"https:\/\/www.teleclub.com.py\/"},{"@type":"ListItem","position":2,"name":"Shop","item":"https:\/\/www.teleclub.com.py\/index.php\/shop-2\/"},{"@type":"ListItem","position":3,"name":"CELULAR OPPO RENO 12F CPH2637 6.7&#8243; DS 5G NFC 12\/256GB"}]},{"@type":"WebSite","@id":"https:\/\/www.teleclub.com.py\/#website","url":"https:\/\/www.teleclub.com.py\/","name":"Teleclub","description":"Tu tienda online","publisher":{"@id":"https:\/\/www.teleclub.com.py\/#organization"},"potentialAction":[{"@type":"SearchAction","target":{"@type":"EntryPoint","urlTemplate":"https:\/\/www.teleclub.com.py\/?s={search_term_string}"},"query-input":{"@type":"PropertyValueSpecification","valueRequired":true,"valueName":"search_term_string"}}],"inLanguage":"es"},{"@type":"Organization","@id":"https:\/\/www.teleclub.com.py\/#organization","name":"Teleclub","url":"https:\/\/www.teleclub.com.py\/","logo":{"@type":"ImageObject","inLanguage":"es","@id":"https:\/\/www.teleclub.com.py\/#\/schema\/logo\/image\/","url":"https:\/\/www.teleclub.com.py\/wp-content\/uploads\/2024\/09\/1611317346760_TeleClub_logo_FondoBlanco-2.jpg","contentUrl":"https:\/\/www.teleclub.com.py\/wp-content\/uploads\/2024\/09\/1611317346760_TeleClub_logo_FondoBlanco-2.jpg","width":1600,"height":1600,"caption":"Teleclub"},"image":{"@id":"https:\/\/www.teleclub.com.py\/#\/schema\/logo\/image\/"},"sameAs":["https:\/\/www.facebook.com\/teleclubpy","https:\/\/www.instagram.com\/teleclubpy"]}]}},"_links":{"self":[{"href":"https:\/\/www.teleclub.com.py\/index.php\/wp-json\/wp\/v2\/product\/11934","targetHints":{"allow":["GET"]}}],"collection":[{"href":"https:\/\/www.teleclub.com.py\/index.php\/wp-json\/wp\/v2\/product"}],"about":[{"href":"https:\/\/www.teleclub.com.py\/index.php\/wp-json\/wp\/v2\/types\/product"}],"wp:featuredmedia":[{"embeddable":true,"href":"https:\/\/www.teleclub.com.py\/index.php\/wp-json\/wp\/v2\/media\/11935"}],"wp:attachment":[{"href":"https:\/\/www.teleclub.com.py\/index.php\/wp-json\/wp\/v2\/media?parent=11934"}],"wp:term":[{"taxonomy":"product_cat","embeddable":true,"href":"https:\/\/www.teleclub.com.py\/index.php\/wp-json\/wp\/v2\/product_cat?post=11934"},{"taxonomy":"product_tag","embeddable":true,"href":"https:\/\/www.teleclub.com.py\/index.php\/wp-json\/wp\/v2\/product_tag?post=11934"}],"curies":[{"name":"wp","href":"https:\/\/api.w.org\/{rel}","templated":true}]}}