{"id":6884,"date":"2024-08-15T02:36:52","date_gmt":"2024-08-15T00:36:52","guid":{"rendered":"https:\/\/www.teleclub.com.py\/?page_id=6884"},"modified":"2024-08-15T02:36:52","modified_gmt":"2024-08-15T00:36:52","slug":"quienes-somos","status":"publish","type":"page","link":"https:\/\/www.teleclub.com.py\/index.php\/quienes-somos\/","title":{"rendered":"Quienes Somos"},"content":{"rendered":"<p><strong>Shopping TELECLUB: \u00a1Conectando Tiendas y Oportunidades!<\/strong><br \/>\nSomos una p\u00e1gina multitienda online donde puedes encontrar las mejores ofertas con el<br \/>\nplan de pago que m\u00e1s te convenga, sin moverte de casa. Como empresa joven, estamos<br \/>\ncomprometidos con la transparencia y el enfoque en los beneficios para nuestros<br \/>\nclientes, garantizando una experiencia de compra c\u00f3moda, r\u00e1pida, segura y f\u00e1cil.<\/p>\n<p><strong>Nuestro Objetivo<\/strong><br \/>\nFacilitar la venta y consumo de productos para comercios, usuarios y entidades aliadas a<br \/>\ntrav\u00e9s de convenios estrat\u00e9gicos con cooperativas, financieras y bancos, ofreciendo<br \/>\ndescuentos y promociones exclusivas para sus clientes.<\/p>\n<p><strong>Facilidades de Pago<\/strong><br \/>\nOfrecemos diversas opciones de financiamiento y m\u00e9todos de pago, incluyendo tarjeta<br \/>\nde cr\u00e9dito, d\u00e9bito, efectivo y transferencia bancaria.<\/p>\n<p><strong>Un Shopping virtual<\/strong><br \/>\nEncuentra una variedad de productos y servicios en un solo lugar, con ofertas peri\u00f3dicas<br \/>\ny las \u00faltimas novedades del mercado.<\/p>\n<p><strong>Seguimiento de Compras Online<\/strong><br \/>\nRealiza un seguimiento de tus compras, visualiza tu historial y cancela \u00f3rdenes con<br \/>\nfacilidad. Compra ilimitadamente productos disponibles.<\/p>\n<p><strong>Carrito \u00danico<\/strong><br \/>\nCompra productos de diferentes tiendas en un solo proceso, eligiendo la modalidad de<br \/>\npago que prefieras, con total transparencia.<\/p>\n<p><strong>Seguridad<\/strong><br \/>\nTus datos y transacciones est\u00e1n protegidos por nuestro sistema de pago seguro de<br \/>\nBANCARD.<\/p>\n<p><strong>Informaci\u00f3n en Tiempo Real<\/strong><br \/>\nNuestras ofertas se actualizan en tiempo real con las tiendas aliadas.<\/p>\n<p><strong>Atenci\u00f3n al Cliente<\/strong><br \/>\nEstamos aqu\u00ed para ayudarte ante cualquier duda, reclamo o sugerencia.<\/p>\n","protected":false},"excerpt":{"rendered":"<p>Shopping TELECLUB: \u00a1Conectando Tiendas y Oportunidades! Somos una p\u00e1gina multitienda online donde puedes encontrar las mejores ofertas con el plan de pago que m\u00e1s te convenga, sin moverte de casa.<\/p>\n","protected":false},"author":1,"featured_media":0,"parent":0,"menu_order":0,"comment_status":"closed","ping_status":"closed","template":"","meta":{"om_disable_all_campaigns":false,"footnotes":""},"class_list":["post-6884","page","type-page","status-publish","hentry"],"yoast_head":"<!-- This site is optimized with the Yoast SEO plugin v23.6 - https:\/\/yoast.com\/wordpress\/plugins\/seo\/ -->\n<title>Quienes Somos - Teleclub<\/title>\n<meta name=\"robots\" content=\"index, follow, max-snippet:-1, max-image-preview:large, max-video-preview:-1\" \/>\n<link rel=\"canonical\" href=\"https:\/\/www.teleclub.com.py\/index.php\/quienes-somos\/\" \/>\n<meta property=\"og:locale\" content=\"es_ES\" \/>\n<meta property=\"og:type\" content=\"article\" \/>\n<meta property=\"og:title\" content=\"Quienes Somos - Teleclub\" \/>\n<meta property=\"og:description\" content=\"Shopping TELECLUB: \u00a1Conectando Tiendas y Oportunidades! Somos una p\u00e1gina multitienda online donde puedes encontrar las mejores ofertas con el plan de pago que m\u00e1s te convenga, sin moverte de casa.\" \/>\n<meta property=\"og:url\" content=\"https:\/\/www.teleclub.com.py\/index.php\/quienes-somos\/\" \/>\n<meta property=\"og:site_name\" content=\"Teleclub\" \/>\n<meta property=\"article:publisher\" content=\"https:\/\/www.facebook.com\/teleclubpy\" \/>\n<meta name=\"twitter:card\" content=\"summary_large_image\" \/>\n<meta name=\"twitter:label1\" content=\"Tiempo de lectura\" \/>\n\t<meta name=\"twitter:data1\" content=\"1 minuto\" \/>\n<script type=\"application\/ld+json\" class=\"yoast-schema-graph\">{\"@context\":\"https:\/\/schema.org\",\"@graph\":[{\"@type\":\"WebPage\",\"@id\":\"https:\/\/www.teleclub.com.py\/index.php\/quienes-somos\/\",\"url\":\"https:\/\/www.teleclub.com.py\/index.php\/quienes-somos\/\",\"name\":\"Quienes Somos - Teleclub\",\"isPartOf\":{\"@id\":\"https:\/\/www.teleclub.com.py\/#website\"},\"datePublished\":\"2024-08-15T00:36:52+00:00\",\"dateModified\":\"2024-08-15T00:36:52+00:00\",\"breadcrumb\":{\"@id\":\"https:\/\/www.teleclub.com.py\/index.php\/quienes-somos\/#breadcrumb\"},\"inLanguage\":\"es\",\"potentialAction\":[{\"@type\":\"ReadAction\",\"target\":[\"https:\/\/www.teleclub.com.py\/index.php\/quienes-somos\/\"]}]},{\"@type\":\"BreadcrumbList\",\"@id\":\"https:\/\/www.teleclub.com.py\/index.php\/quienes-somos\/#breadcrumb\",\"itemListElement\":[{\"@type\":\"ListItem\",\"position\":1,\"name\":\"Portada\",\"item\":\"https:\/\/www.teleclub.com.py\/\"},{\"@type\":\"ListItem\",\"position\":2,\"name\":\"Quienes Somos\"}]},{\"@type\":\"WebSite\",\"@id\":\"https:\/\/www.teleclub.com.py\/#website\",\"url\":\"https:\/\/www.teleclub.com.py\/\",\"name\":\"Teleclub\",\"description\":\"Tu tienda online\",\"publisher\":{\"@id\":\"https:\/\/www.teleclub.com.py\/#organization\"},\"potentialAction\":[{\"@type\":\"SearchAction\",\"target\":{\"@type\":\"EntryPoint\",\"urlTemplate\":\"https:\/\/www.teleclub.com.py\/?s={search_term_string}\"},\"query-input\":{\"@type\":\"PropertyValueSpecification\",\"valueRequired\":true,\"valueName\":\"search_term_string\"}}],\"inLanguage\":\"es\"},{\"@type\":\"Organization\",\"@id\":\"https:\/\/www.teleclub.com.py\/#organization\",\"name\":\"Teleclub\",\"url\":\"https:\/\/www.teleclub.com.py\/\",\"logo\":{\"@type\":\"ImageObject\",\"inLanguage\":\"es\",\"@id\":\"https:\/\/www.teleclub.com.py\/#\/schema\/logo\/image\/\",\"url\":\"https:\/\/www.teleclub.com.py\/wp-content\/uploads\/2024\/09\/1611317346760_TeleClub_logo_FondoBlanco-2.jpg\",\"contentUrl\":\"https:\/\/www.teleclub.com.py\/wp-content\/uploads\/2024\/09\/1611317346760_TeleClub_logo_FondoBlanco-2.jpg\",\"width\":1600,\"height\":1600,\"caption\":\"Teleclub\"},\"image\":{\"@id\":\"https:\/\/www.teleclub.com.py\/#\/schema\/logo\/image\/\"},\"sameAs\":[\"https:\/\/www.facebook.com\/teleclubpy\",\"https:\/\/www.instagram.com\/teleclubpy\"]}]}<\/script>\n<!-- \/ Yoast SEO plugin. -->","yoast_head_json":{"title":"Quienes Somos - Teleclub","robots":{"index":"index","follow":"follow","max-snippet":"max-snippet:-1","max-image-preview":"max-image-preview:large","max-video-preview":"max-video-preview:-1"},"canonical":"https:\/\/www.teleclub.com.py\/index.php\/quienes-somos\/","og_locale":"es_ES","og_type":"article","og_title":"Quienes Somos - Teleclub","og_description":"Shopping TELECLUB: \u00a1Conectando Tiendas y Oportunidades! Somos una p\u00e1gina multitienda online donde puedes encontrar las mejores ofertas con el plan de pago que m\u00e1s te convenga, sin moverte de casa.","og_url":"https:\/\/www.teleclub.com.py\/index.php\/quienes-somos\/","og_site_name":"Teleclub","article_publisher":"https:\/\/www.facebook.com\/teleclubpy","twitter_card":"summary_large_image","twitter_misc":{"Tiempo de lectura":"1 minuto"},"schema":{"@context":"https:\/\/schema.org","@graph":[{"@type":"WebPage","@id":"https:\/\/www.teleclub.com.py\/index.php\/quienes-somos\/","url":"https:\/\/www.teleclub.com.py\/index.php\/quienes-somos\/","name":"Quienes Somos - Teleclub","isPartOf":{"@id":"https:\/\/www.teleclub.com.py\/#website"},"datePublished":"2024-08-15T00:36:52+00:00","dateModified":"2024-08-15T00:36:52+00:00","breadcrumb":{"@id":"https:\/\/www.teleclub.com.py\/index.php\/quienes-somos\/#breadcrumb"},"inLanguage":"es","potentialAction":[{"@type":"ReadAction","target":["https:\/\/www.teleclub.com.py\/index.php\/quienes-somos\/"]}]},{"@type":"BreadcrumbList","@id":"https:\/\/www.teleclub.com.py\/index.php\/quienes-somos\/#breadcrumb","itemListElement":[{"@type":"ListItem","position":1,"name":"Portada","item":"https:\/\/www.teleclub.com.py\/"},{"@type":"ListItem","position":2,"name":"Quienes Somos"}]},{"@type":"WebSite","@id":"https:\/\/www.teleclub.com.py\/#website","url":"https:\/\/www.teleclub.com.py\/","name":"Teleclub","description":"Tu tienda online","publisher":{"@id":"https:\/\/www.teleclub.com.py\/#organization"},"potentialAction":[{"@type":"SearchAction","target":{"@type":"EntryPoint","urlTemplate":"https:\/\/www.teleclub.com.py\/?s={search_term_string}"},"query-input":{"@type":"PropertyValueSpecification","valueRequired":true,"valueName":"search_term_string"}}],"inLanguage":"es"},{"@type":"Organization","@id":"https:\/\/www.teleclub.com.py\/#organization","name":"Teleclub","url":"https:\/\/www.teleclub.com.py\/","logo":{"@type":"ImageObject","inLanguage":"es","@id":"https:\/\/www.teleclub.com.py\/#\/schema\/logo\/image\/","url":"https:\/\/www.teleclub.com.py\/wp-content\/uploads\/2024\/09\/1611317346760_TeleClub_logo_FondoBlanco-2.jpg","contentUrl":"https:\/\/www.teleclub.com.py\/wp-content\/uploads\/2024\/09\/1611317346760_TeleClub_logo_FondoBlanco-2.jpg","width":1600,"height":1600,"caption":"Teleclub"},"image":{"@id":"https:\/\/www.teleclub.com.py\/#\/schema\/logo\/image\/"},"sameAs":["https:\/\/www.facebook.com\/teleclubpy","https:\/\/www.instagram.com\/teleclubpy"]}]}},"_links":{"self":[{"href":"https:\/\/www.teleclub.com.py\/index.php\/wp-json\/wp\/v2\/pages\/6884","targetHints":{"allow":["GET"]}}],"collection":[{"href":"https:\/\/www.teleclub.com.py\/index.php\/wp-json\/wp\/v2\/pages"}],"about":[{"href":"https:\/\/www.teleclub.com.py\/index.php\/wp-json\/wp\/v2\/types\/page"}],"author":[{"embeddable":true,"href":"https:\/\/www.teleclub.com.py\/index.php\/wp-json\/wp\/v2\/users\/1"}],"replies":[{"embeddable":true,"href":"https:\/\/www.teleclub.com.py\/index.php\/wp-json\/wp\/v2\/comments?post=6884"}],"version-history":[{"count":1,"href":"https:\/\/www.teleclub.com.py\/index.php\/wp-json\/wp\/v2\/pages\/6884\/revisions"}],"predecessor-version":[{"id":6885,"href":"https:\/\/www.teleclub.com.py\/index.php\/wp-json\/wp\/v2\/pages\/6884\/revisions\/6885"}],"wp:attachment":[{"href":"https:\/\/www.teleclub.com.py\/index.php\/wp-json\/wp\/v2\/media?parent=6884"}],"curies":[{"name":"wp","href":"https:\/\/api.w.org\/{rel}","templated":true}]}}